{"id":3376,"date":"2026-02-28T01:12:53","date_gmt":"2026-02-28T04:12:53","guid":{"rendered":"https:\/\/bibliotecajuridicavirtual.cl\/?post_type=product&#038;p=3376"},"modified":"2026-02-28T01:13:41","modified_gmt":"2026-02-28T04:13:41","slug":"competencia-adicional-en-sede-familiar-ano-abril-2024-204-pag-autor-carlos-garrido-chacana","status":"publish","type":"product","link":"https:\/\/bibliotecajuridicavirtual.cl\/index.php\/product\/competencia-adicional-en-sede-familiar-ano-abril-2024-204-pag-autor-carlos-garrido-chacana\/","title":{"rendered":"Competencia Adicional en Sede Familiar . A\u00f1o Abril 2024\/ 204 P\u00e1g. Autor Carlos Garrido Chacana"},"content":{"rendered":"<p>El texto que hoy presentamos condensa una serie de an\u00e1lisis sobre los m\u00e1s diversos aspectos de la compensaci\u00f3n econ\u00f3mica, aspectos que han sido cuidadosamente sistematizados, correjidos, completados y actualizados para esta obra, de forma tal, de proporcionar al lector una visi\u00f3n m\u00e1s o menos estructural de la realidad actual de tales materias.<br \/>\nEntre otras cuestiones de inter\u00e9s, el trabajo que hoy presentamos ha sido enriquecido y corregido con la opini\u00f3n especializada de importantes autores de la doctrina nacional y por un sinn\u00famero de interesantes fallos de nuestros tribunales superiores de justicia, ello sin considerar la multiplicidad de formularios sobre las m\u00e1s diversas solicitudes vinculadas al derecho en an\u00e1lisis, para as\u00ed facilitar a los abogados su gesti\u00f3n en la tramitaci\u00f3n de las distintas causas vinculadas a la materia.<br \/>\nAl igual que en las obras que le anteceden, en esta el autor busc\u00f3 llegar al lector no s\u00f3lo por medio del an\u00e1lisis normativo del Derecho, sino tambi\u00e9n por medio del traspaso de sus experiencias en la tramitaci\u00f3n y litigaci\u00f3n en tribunales.<br \/>\nLo anterior, de cierto modo evidencia un aire pr\u00e1ctico en la mayor\u00eda de los temas de la obra para de esta forma obtener un an\u00e1lisis \u00fatil de la especialidad, tanto para la ense\u00f1anza como para la pr\u00e1ctica jur\u00eddica.<br \/>\nPor lo dicho y otras consideraciones de lata exposici\u00f3n, es que verdaderamente creemos, que el trabajo expuesto por el autor al interior de las p\u00e1ginas de esta obtra ser\u00e1 de gran utilidad, tanto para la ense\u00f1anza del actual Derecho de Familia, pero especialmente para el ejercicio profesional de abogados, como el ministerial de jueces y dem\u00e1s funcionarios del orden judicial.<\/p>\n","protected":false},"excerpt":{"rendered":"<p>El texto que hoy presentamos condensa una serie de an\u00e1lisis sobre los m\u00e1s diversos aspectos de la compensaci\u00f3n econ\u00f3mica, aspectos que han sido cuidadosamente sistematizados, correjidos, completados y actualizados para esta obra, de forma tal, de proporcionar al lector una visi\u00f3n m\u00e1s o menos estructural de la realidad actual de tales materias. Entre otras cuestiones de inter\u00e9s, el trabajo que hoy presentamos ha sido enriquecido y corregido con la opini\u00f3n especializada de importantes autores de la doctrina nacional y por un sinn\u00famero de interesantes fallos de nuestros tribunales superiores de justicia, ello sin considerar la multiplicidad de formularios sobre las m\u00e1s diversas solicitudes vinculadas al derecho en an\u00e1lisis, para as\u00ed facilitar a los abogados su gesti\u00f3n en la tramitaci\u00f3n de las distintas causas vinculadas a la materia. Al igual que en las obras que le anteceden, en esta el autor busc\u00f3 llegar al lector no s\u00f3lo por medio del an\u00e1lisis normativo del Derecho, sino tambi\u00e9n por medio del traspaso de sus experiencias en la tramitaci\u00f3n y litigaci\u00f3n en tribunales. Lo anterior, de cierto modo evidencia un aire pr\u00e1ctico en la mayor\u00eda de los temas de la obra para de esta forma obtener un an\u00e1lisis \u00fatil de la especialidad, tanto para la ense\u00f1anza como para la pr\u00e1ctica jur\u00eddica. Por lo dicho y otras consideraciones de lata exposici\u00f3n, es que verdaderamente creemos, que el trabajo expuesto por el autor al interior de las p\u00e1ginas de esta obtra ser\u00e1 de gran utilidad, tanto para la ense\u00f1anza del actual Derecho de Familia, pero especialmente para el ejercicio profesional de abogados, como el ministerial de jueces y dem\u00e1s funcionarios del orden judicial.<\/p>\n","protected":false},"featured_media":3416,"comment_status":"open","ping_status":"closed","template":"","meta":{"inline_featured_image":false,"_joinchat":[]},"product_brand":[],"product_cat":[29],"product_tag":[],"class_list":{"0":"post-3376","1":"product","2":"type-product","3":"status-publish","4":"has-post-thumbnail","6":"product_cat-familia-y-del-menor","7":"product_shipping_class-a-convenir","9":"first","10":"instock","11":"shipping-taxable","12":"purchasable","13":"product-type-simple"},"_links":{"self":[{"href":"https:\/\/bibliotecajuridicavirtual.cl\/index.php\/wp-json\/wp\/v2\/product\/3376","targetHints":{"allow":["GET"]}}],"collection":[{"href":"https:\/\/bibliotecajuridicavirtual.cl\/index.php\/wp-json\/wp\/v2\/product"}],"about":[{"href":"https:\/\/bibliotecajuridicavirtual.cl\/index.php\/wp-json\/wp\/v2\/types\/product"}],"replies":[{"embeddable":true,"href":"https:\/\/bibliotecajuridicavirtual.cl\/index.php\/wp-json\/wp\/v2\/comments?post=3376"}],"wp:featuredmedia":[{"embeddable":true,"href":"https:\/\/bibliotecajuridicavirtual.cl\/index.php\/wp-json\/wp\/v2\/media\/3416"}],"wp:attachment":[{"href":"https:\/\/bibliotecajuridicavirtual.cl\/index.php\/wp-json\/wp\/v2\/media?parent=3376"}],"wp:term":[{"taxonomy":"product_brand","embeddable":true,"href":"https:\/\/bibliotecajuridicavirtual.cl\/index.php\/wp-json\/wp\/v2\/product_brand?post=3376"},{"taxonomy":"product_cat","embeddable":true,"href":"https:\/\/bibliotecajuridicavirtual.cl\/index.php\/wp-json\/wp\/v2\/product_cat?post=3376"},{"taxonomy":"product_tag","embeddable":true,"href":"https:\/\/bibliotecajuridicavirtual.cl\/index.php\/wp-json\/wp\/v2\/product_tag?post=3376"}],"curies":[{"name":"wp","href":"https:\/\/api.w.org\/{rel}","templated":true}]}}