{"id":3418,"date":"2026-02-28T01:13:43","date_gmt":"2026-02-28T04:13:43","guid":{"rendered":"https:\/\/bibliotecajuridicavirtual.cl\/?post_type=product&#038;p=3418"},"modified":"2026-02-28T01:14:09","modified_gmt":"2026-02-28T04:14:09","slug":"tratado-de-compliance-1era-edicion-ii-tomos-ano-octubre-2018-1-152-pag-autor-raul-r-saccani-y-gustavo-l-morales-oliver","status":"publish","type":"product","link":"https:\/\/bibliotecajuridicavirtual.cl\/index.php\/product\/tratado-de-compliance-1era-edicion-ii-tomos-ano-octubre-2018-1-152-pag-autor-raul-r-saccani-y-gustavo-l-morales-oliver\/","title":{"rendered":"Tratado de Compliance &#8211; 1era Edicion &#8211; II Tomos. A\u00f1o Octubre 2018 \/ 1.152 P\u00e1g. Autor  Ra\u00fal R. Saccani y Gustavo L. Morales Oliver"},"content":{"rendered":"<p>Esta obra, la m\u00e1s completa sobre compliance en habla hispana, compendia en dos tomos los principales aspectos pr\u00e1cticos y normativos de compliance a nivel local e internacional. Trata en forma multidisciplinaria temas clave como la implementaci\u00f3n de programas de integridad; los aspectos fundamentales de compliance, \u00e9tica y corrupci\u00f3n; compliance en el sector privado y en el sector p\u00fablico; la administraci\u00f3n de riesgos de compliance; investigaciones internas; el manejo de crisis de compliance; la visi\u00f3n de las c\u00e1maras de comercio y los bancos multilaterales; el an\u00e1lisis de la dogm\u00e1tica legal y la normativa destacada de compliance de m\u00faltiples pa\u00edses de Am\u00e9rica, Europa y Asia. Bajo la direcci\u00f3n de Ra\u00fal Saccani y Gustavo Morales Oliver, m\u00e1s de 50 destacados profesionales de primer nivel internacional incluyendo asesores externos e in-house, acad\u00e9micos, periodistas, exfuncionarios p\u00fablicos, l\u00edderes de ONG globales y c\u00e1maras empresariales han contribuido para el<br \/>\ndesarrollo de esta obra \u00fanica que resulta de consulta permanente para los profesionales de compliance que busquen tanto un enfoque dogm\u00e1tico como pr\u00e1ctico.<\/p>\n","protected":false},"excerpt":{"rendered":"<p>Esta obra, la m\u00e1s completa sobre compliance en habla hispana, compendia en dos tomos los principales aspectos pr\u00e1cticos y normativos de compliance a nivel local e internacional. Trata en forma multidisciplinaria temas clave como la implementaci\u00f3n de programas de integridad; los aspectos fundamentales de compliance, \u00e9tica y corrupci\u00f3n; compliance en el sector privado y en el sector p\u00fablico; la administraci\u00f3n de riesgos de compliance; investigaciones internas; el manejo de crisis de compliance; la visi\u00f3n de las c\u00e1maras de comercio y los bancos multilaterales; el an\u00e1lisis de la dogm\u00e1tica legal y la normativa destacada de compliance de m\u00faltiples pa\u00edses de Am\u00e9rica, Europa y Asia. Bajo la direcci\u00f3n de Ra\u00fal Saccani y Gustavo Morales Oliver, m\u00e1s de 50 destacados profesionales de primer nivel internacional incluyendo asesores externos e in-house, acad\u00e9micos, periodistas, exfuncionarios p\u00fablicos, l\u00edderes de ONG globales y c\u00e1maras empresariales han contribuido para el desarrollo de esta obra \u00fanica que resulta de consulta permanente para los profesionales de compliance que busquen tanto un enfoque dogm\u00e1tico como pr\u00e1ctico.<\/p>\n","protected":false},"featured_media":3458,"comment_status":"open","ping_status":"closed","template":"","meta":{"inline_featured_image":false,"_joinchat":[]},"product_brand":[],"product_cat":[26,42],"product_tag":[],"class_list":{"0":"post-3418","1":"product","2":"type-product","3":"status-publish","4":"has-post-thumbnail","6":"product_cat-derecho","7":"product_cat-thomson-reuters","8":"product_shipping_class-a-convenir","10":"first","11":"instock","12":"shipping-taxable","13":"purchasable","14":"product-type-simple"},"_links":{"self":[{"href":"https:\/\/bibliotecajuridicavirtual.cl\/index.php\/wp-json\/wp\/v2\/product\/3418","targetHints":{"allow":["GET"]}}],"collection":[{"href":"https:\/\/bibliotecajuridicavirtual.cl\/index.php\/wp-json\/wp\/v2\/product"}],"about":[{"href":"https:\/\/bibliotecajuridicavirtual.cl\/index.php\/wp-json\/wp\/v2\/types\/product"}],"replies":[{"embeddable":true,"href":"https:\/\/bibliotecajuridicavirtual.cl\/index.php\/wp-json\/wp\/v2\/comments?post=3418"}],"wp:featuredmedia":[{"embeddable":true,"href":"https:\/\/bibliotecajuridicavirtual.cl\/index.php\/wp-json\/wp\/v2\/media\/3458"}],"wp:attachment":[{"href":"https:\/\/bibliotecajuridicavirtual.cl\/index.php\/wp-json\/wp\/v2\/media?parent=3418"}],"wp:term":[{"taxonomy":"product_brand","embeddable":true,"href":"https:\/\/bibliotecajuridicavirtual.cl\/index.php\/wp-json\/wp\/v2\/product_brand?post=3418"},{"taxonomy":"product_cat","embeddable":true,"href":"https:\/\/bibliotecajuridicavirtual.cl\/index.php\/wp-json\/wp\/v2\/product_cat?post=3418"},{"taxonomy":"product_tag","embeddable":true,"href":"https:\/\/bibliotecajuridicavirtual.cl\/index.php\/wp-json\/wp\/v2\/product_tag?post=3418"}],"curies":[{"name":"wp","href":"https:\/\/api.w.org\/{rel}","templated":true}]}}