{"id":3425,"date":"2026-02-28T01:13:43","date_gmt":"2026-02-28T04:13:43","guid":{"rendered":"https:\/\/bibliotecajuridicavirtual.cl\/?post_type=product&#038;p=3425"},"modified":"2026-02-28T01:14:16","modified_gmt":"2026-02-28T04:14:16","slug":"codigo-del-trabajo-de-chile-4ta-edicion-con-apendice-legislativo-indices-tematico-y-analitico-ano-2024-600-pag-autor-alfredo-sierra-herrero","status":"publish","type":"product","link":"https:\/\/bibliotecajuridicavirtual.cl\/index.php\/product\/codigo-del-trabajo-de-chile-4ta-edicion-con-apendice-legislativo-indices-tematico-y-analitico-ano-2024-600-pag-autor-alfredo-sierra-herrero\/","title":{"rendered":"C\u00f3digo del Trabajo de Chile 4ta Edici\u00f3n con ap\u00e9ndice legislativo. \u00cdndices tem\u00e1tico y anal\u00edtico. A\u00f1o 2024\/ 600 P\u00e1g. Autor Alfredo Sierra Herrero"},"content":{"rendered":"<p>C\u00f3digo del Trabajo de Chile<\/p>\n<p>4\u00aa Edici\u00f3n con ap\u00e9ndice legislativo.<\/p>\n<p>\u00cdndices tem\u00e1tico y anal\u00edtico<\/p>\n<p>Texto a dos colores indicando los \u00faltimos cambios legislativos<\/p>\n<p>Actualizado a enero 2024<\/p>\n<p>Incluye:<br \/>\nLey N\u00ba 16.744, sobre accidentes del trabajo y enfermedades profesionales<br \/>\nLey N\u00ba 19.728, sobre seguro de desempleo<br \/>\nDecreto con Fuerza de Ley N\u00ba 44 sobre subsidios de incapacidad laboral<br \/>\nLey N\u00ba 17.322, sobre cobranza de cotizaciones provisionales<br \/>\nLey N\u00ba 21.561, que reduce la jornada de trabajo a 40 horas semanales<br \/>\nLey N\u00ba 21.643, que introduce modificaciones en materias de acoso sexual y laboral<\/p>\n<p>\u00cdndice<br \/>\nD.F.L. N\u00ba 1. PUBLICADO 16-01-2003. MINISTERIO DEL TRABAJO Y PREVISI\u00d3N SOCIAL; SUBSECRETARIA DEL TRABAJO. FIJA EL TEXTO REFUNDIDO, COORDINADO Y SISTEMATIZADO DEL C\u00d3DIGO DEL TRABAJO\u00a0\u00a0 \u00a0\u00a0\u00a0 \u00a013<br \/>\nT\u00cdTULO PRELIMINAR\u00a0\u00a0 \u00a0\u00a0\u00a0 \u00a013<br \/>\nLIBRO I<br \/>\nDEL CONTRATO INDIVIDUAL DE TRABAJO Y DE LA CAPACITACI\u00d3N LABORAL<br \/>\nT\u00cdTULO I. DEL CONTRATO INDIVIDUAL DE TRABAJO (art\u00edculos 7 a 12)\u00a0\u00a0 \u00a0\u00a0\u00a0 \u00a020<br \/>\nCap\u00edtulo I. NORMAS GENERALES\u00a0\u00a0 \u00a0\u00a0\u00a0 \u00a020<br \/>\nCap\u00edtulo II. DE LA CAPACIDAD PARA CONTRATAR Y OTRAS NORMAS RELATIVAS A LA PROTECCI\u00d3N DEL TRABAJO DE NI\u00d1OS, NI\u00d1AS Y ADOLESCENTES (art\u00edculos 13 a 18 quinquies)\u00a0\u00a0 \u00a0\u00a0\u00a0 \u00a025<br \/>\nCap\u00edtulo III. DE LA NACIONALIDAD DE LOS TRABAJADORES (art\u00edculos 19 a 20)\u00a0\u00a0 \u00a0\u00a0\u00a0 \u00a032<br \/>\nCap\u00edtulo IV. DE LA JORNADA DE TRABAJO (art\u00edculo 21)\u00a0\u00a0 \u00a0\u00a0\u00a0 \u00a033<br \/>\nP\u00e1rrafo 1\u00ba Jornada ordinaria de trabajo (art\u00edculos 22 a 29)\u00a0\u00a0 \u00a0\u00a0\u00a0 \u00a033<br \/>\nP\u00e1rrafo 2\u00ba Horas extraordinarias (art\u00edculos 30 a 33)\u00a0\u00a0 \u00a0\u00a0\u00a0 \u00a045<br \/>\nP\u00e1rrafo 3\u00ba Descanso dentro de la jornada (art\u00edculos 34 a 34 bis)\u00a0\u00a0 \u00a0\u00a0\u00a0 \u00a048<br \/>\nP\u00e1rrafo 4\u00ba Descanso semanal (art\u00edculos 35 a 40)\u00a0\u00a0 \u00a0\u00a0\u00a0 \u00a050<br \/>\nP\u00e1rrafo 5\u00ba Jornada parcial (art\u00edculos 40 bis a 40 bis E)\u00a0\u00a0 \u00a0\u00a0\u00a0 \u00a058<br \/>\nCap\u00edtulo V. DE LAS REMUNERACIONES (art\u00edculos 41 a 54)\u00a0\u00a0 \u00a0\u00a0\u00a0 \u00a062<br \/>\nCap\u00edtulo VI. DE LA PROTECCI\u00d3N A LAS REMUNERACIONES (art\u00edculos 54 a 65)\u00a0\u00a0 \u00a0\u00a0\u00a0 \u00a067<br \/>\nCap\u00edtulo VII. DEL FERIADO ANUAL Y DE LOS PERMISOS (art\u00edculos 66 a 76)\u00a0\u00a0 \u00a0\u00a0\u00a0 \u00a075<br \/>\nT\u00cdTULO II. DE LOS CONTRATOS ESPECIALES (art\u00edculo 77)\u00a0\u00a0 \u00a0\u00a0\u00a0 \u00a084<br \/>\nCap\u00edtulo I. DEL CONTRATO DE APRENDIZAJE (art\u00edculos 78 a 86)\u00a0\u00a0 \u00a0\u00a0\u00a0 \u00a084<br \/>\nCap\u00edtulo II. DEL CONTRATO DE TRABAJADORES AGR\u00cdCOLAS\u00a0\u00a0 \u00a0\u00a0\u00a0 \u00a085<br \/>\nP\u00e1rrafo 1\u00ba Normas generales (art\u00edculos 87 a 92 bis)\u00a0\u00a0 \u00a0\u00a0\u00a0 \u00a085<br \/>\nP\u00e1rrafo 2\u00ba Normas especiales para los trabajadores agr\u00edcolas de temporada (art\u00edculos 93 a 95 bis)\u00a0\u00a0 \u00a0\u00a0\u00a0 \u00a089<br \/>\nCap\u00edtulo III. DEL CONTRATO DE LOS TRABAJADORES EMBARCADOS O GENTE DE MAR Y DE LOS TRABAJADORES PORTUARIOS EVENTUALES\u00a0\u00a0 \u00a0\u00a0\u00a0 \u00a091<br \/>\nP\u00e1rrafo 1\u00ba Del contrato de embarco de los oficiales y tripulantes de las Naves de la Marina Mercante Nacional (art\u00edculos 96 a 132)\u00a0\u00a0 \u00a0\u00a0\u00a0 \u00a091<br \/>\nP\u00e1rrafo 2\u00ba Del contrato de los trabajadores portuarios eventuales (art\u00edculos 133 a 145)\u00a0\u00a0 \u00a0\u00a0\u00a0 \u00a0103<br \/>\nCap\u00edtulo IV. DEL CONTRATO DE LOS TRABAJADORES DE ARTES Y ESPECT\u00c1CULOS (art\u00edculos 145 a 145 L)\u00a0\u00a0 \u00a0\u00a0\u00a0 \u00a0109<br \/>\nCap\u00edtulo V. DEL CONTRATO DE TRABAJADORES DE CASA PARTICULAR (art\u00edculos 146 a 152 bis)\u00a0\u00a0 \u00a0\u00a0\u00a0 \u00a0112<br \/>\nCap\u00edtulo VI. DEL CONTRATO DE LOS Y LAS DEPORTISTAS PROFESIONALES Y TRABAJADORES Y TRABAJADORAS QUE DESEMPE\u00d1AN ACTIVIDADES CONEXAS (art\u00edculos 152 bis A a 152 bis L)\u00a0\u00a0 \u00a0\u00a0\u00a0 \u00a0118<br \/>\nCap\u00edtulo VII. DEL CONTRATO DE TRIPULANTES DE VUELO Y DE TRIPULANTES DE CABINA DE AERONAVES COMERCIALES DE PASAJEROS Y CARGA (art\u00edculos 152 ter a 152 ter M)\u00a0\u00a0 \u00a0\u00a0\u00a0 \u00a0123<br \/>\nCap\u00edtulo VIII. DEL CONTRATO DE LOS TELEOPERADORES (art\u00edculos 152 qu\u00e1ter a 152 qu\u00e1ter F)\u00a0\u00a0 \u00a0\u00a0\u00a0 \u00a0132<br \/>\nCap\u00edtulo IX. DEL TRABAJO A DISTANCIA Y TELETRABAJO (art\u00edculos 152 qu\u00e1ter G a 152 qu\u00e1ter O ter)\u00a0\u00a0 \u00a0\u00a0\u00a0 \u00a0134<br \/>\nCap\u00edtulo X. Del trabajo mediante plataformas digitales de servicios (art\u00edculos 152 qu\u00e1ter P a 152 quinquies I)\u00a0\u00a0 \u00a0\u00a0\u00a0 \u00a0142<br \/>\nT\u00cdTULO III. DEL REGLAMENTO INTERNO Y LA INCLUSI\u00d3N LABORAL DE PERSONAS CON DISCAPACIDAD\u00a0\u00a0 \u00a0\u00a0\u00a0 \u00a0154<br \/>\nCap\u00edtulo I. DEL REGLAMENTO INTERNO (art\u00edculos 153 a 157)\u00a0\u00a0 \u00a0\u00a0\u00a0 \u00a0154<br \/>\nCap\u00edtulo II. DE LA INCLUSI\u00d3N LABORAL DE PERSONAS CON DISCAPACIDAD (art\u00edculos 157 bis a 157 ter)\u00a0\u00a0 \u00a0\u00a0\u00a0 \u00a0159<br \/>\nT\u00cdTULO IV. DEL SERVICIO MILITAR OBLIGATORIO (art\u00edculo 158)\u00a0\u00a0 \u00a0\u00a0\u00a0 \u00a0162<br \/>\nT\u00cdTULO V. DE LA TERMINACI\u00d3N DEL CONTRATO DE TRABAJO Y ESTABILIDAD EN EL EMPLEO (art\u00edculos 159 a 178)\u00a0\u00a0 \u00a0\u00a0\u00a0 \u00a0162<br \/>\nT\u00cdTULO VI. DE LA CAPACITACI\u00d3N OCUPACIONAL (art\u00edculos 179 a 183 bis)\u00a0\u00a0 \u00a0\u00a0\u00a0 \u00a0184<br \/>\nT\u00cdTULO VII. DEL TRABAJO EN R\u00c9GIMEN DE SUBCONTRATACI\u00d3N Y DEL TRABAJO EN EMPRESAS DE SERVICIOS TRANSITORIOS\u00a0\u00a0 \u00a0\u00a0\u00a0 \u00a0186<br \/>\nP\u00e1rrafo 1\u00ba Del trabajo en r\u00e9gimen de subcontrataci\u00f3n (art\u00edculos 183 A a 183 E)\u00a0\u00a0 \u00a0\u00a0\u00a0 \u00a0186<br \/>\nP\u00e1rrafo 2\u00ba De las empresas de servicios transitorios, del contrato de puesta a disposici\u00f3n de trabajadores y del contrato de trabajo de servicios transitorios (art\u00edculos 183 F a 183 AE)\u00a0\u00a0 \u00a0\u00a0\u00a0 \u00a0189<\/p>\n<p>LIBRO II<br \/>\nDE LA PROTECCI\u00d3N A LOS TRABAJADORES<br \/>\nT\u00cdTULO I. NORMAS GENERALES (art\u00edculos 184 a 193)\u00a0\u00a0 \u00a0\u00a0\u00a0 \u00a0201<br \/>\nT\u00cdTULO II. DE LA PROTECCI\u00d3N A LA MATERNIDAD Y LA PATERNIDAD Y A LA CONCILIACI\u00d3N DE LA VIDA PERSONAL, FAMILIAR Y LABORAL (art\u00edculos 194 a 208)\u00a0\u00a0 \u00a0\u00a0\u00a0 \u00a0205<br \/>\nT\u00cdTULO III. DEL SEGURO SOCIAL CONTRA RIESGOS DE ACCIDENTES DEL TRABAJO Y ENFERMEDADES PROFESIONALES (art\u00edculos 209 a 211)\u00a0\u00a0 \u00a0\u00a0\u00a0 \u00a0222<br \/>\nT\u00cdTULO IV. DE LA INVESTIGACI\u00d3N Y SANCI\u00d3N DEL ACOSO SEXUAL\u00a0\u00a0 \u00a0\u00a0\u00a0 \u00a0223<br \/>\nT\u00cdTULO IV. DE LA PREVENCI\u00d3N, INVESTIGACI\u00d3N Y SANCI\u00d3N DEL ACOSO SEXUAL, LABORAL Y LA VIOLENCIA EN EL TRABAJO (art\u00edculos 211 A a 211 E)\u00a0\u00a0 \u00a0\u00a0\u00a0 \u00a0224<br \/>\nP\u00e1rrafo 1\u00ba De la prevenci\u00f3n del acoso sexual, laboral y la violencia en el trabajo\u00a0\u00a0 \u00a0\u00a0\u00a0 \u00a0224<br \/>\nP\u00e1rrafo 2\u00ba De la investigaci\u00f3n y sanci\u00f3n del acoso sexual, laboral y la violencia en el trabajo\u00a0\u00a0 \u00a0\u00a0\u00a0 \u00a0226<br \/>\nT\u00cdTULO V. DE LA PROTECCI\u00d3N DE LOS TRABAJADORES DE CARGA Y DESCARGA DE MANIPULACI\u00d3N MANUAL (art\u00edculos 211 F a 211 J)\u00a0\u00a0 \u00a0\u00a0\u00a0 \u00a0228<br \/>\nLIBRO III. DE LAS ORGANIZACIONES SINDICALES<br \/>\nT\u00cdTULO I. DE LAS ORGANIZACIONES SINDICALES\u00a0\u00a0 \u00a0\u00a0\u00a0 \u00a0230<br \/>\nCap\u00edtulo I. DISPOSICIONES GENERALES (art\u00edculos 212 a 220)\u00a0\u00a0 \u00a0\u00a0\u00a0 \u00a0230<br \/>\nCap\u00edtulo II. DE LA CONSTITUCI\u00d3N DE LOS SINDICATOS (art\u00edculos 221 a 230)\u00a0\u00a0 \u00a0\u00a0\u00a0 \u00a0234<br \/>\nCap\u00edtulo III. DE LOS ESTATUTOS (art\u00edculos 231 a 233 bis)\u00a0\u00a0 \u00a0\u00a0\u00a0 \u00a0239<br \/>\nCap\u00edtulo IV. DEL DIRECTORIO (art\u00edculos 234 a 252)\u00a0\u00a0 \u00a0\u00a0\u00a0 \u00a0241<br \/>\nCap\u00edtulo V. DE LAS ASAMBLEAS (art\u00edculo 255)\u00a0\u00a0 \u00a0\u00a0\u00a0 \u00a0248<br \/>\nCap\u00edtulo VI. DEL PATRIMONIO SINDICAL (art\u00edculos 256 a 263)\u00a0\u00a0 \u00a0\u00a0\u00a0 \u00a0249<br \/>\nCap\u00edtulo VII. DE LAS FEDERACIONES Y CONFEDERACIONES (art\u00edculos 266 a 274)\u00a0\u00a0 \u00a0\u00a0\u00a0 \u00a0253<br \/>\nCap\u00edtulo VIII. DE LAS CENTRALES SINDICALES (art\u00edculos 276 a 288)\u00a0\u00a0 \u00a0\u00a0\u00a0 \u00a0256<br \/>\nCap\u00edtulo IX. DE LAS PR\u00c1CTICAS ANTISINDICALES Y DE SU SANCI\u00d3N (art\u00edculos 289 a 294 bis)\u00a0\u00a0 \u00a0\u00a0\u00a0 \u00a0261<br \/>\nCap\u00edtulo X. DE LA DISOLUCI\u00d3N DE LAS ORGANIZACIONES SINDICALES (art\u00edculos 295 a 298)\u00a0\u00a0 \u00a0\u00a0\u00a0 \u00a0267<br \/>\nCap\u00edtulo XI. DE LA FISCALIZACI\u00d3N DE LAS ORGANIZACIONES SINDICALES Y DE LAS SANCIONES (derogado)\u00a0\u00a0 \u00a0\u00a0\u00a0 \u00a0268<br \/>\nT\u00cdTULO II. DEL DELEGADO DEL PERSONAL (derogado)\u00a0\u00a0 \u00a0\u00a0\u00a0 \u00a0269<br \/>\nLIBRO IV<br \/>\nDE LA NEGOCIACI\u00d3N COLECTIVA<br \/>\nT\u00cdTULO I. NORMAS GENERALES (art\u00edculos 304 a 314)\u00a0\u00a0 \u00a0\u00a0\u00a0 \u00a0270<br \/>\nT\u00cdTULO II. DERECHO A INFORMACI\u00d3N DE LAS ORGANIZACIONES SINDICALES (art\u00edculos 315 a 319)\u00a0\u00a0 \u00a0\u00a0\u00a0 \u00a0274<br \/>\nT\u00cdTULO III. DE LOS INSTRUMENTOS COLECTIVOS Y DE LA TITULARIDAD SINDICAL (art\u00edculos 320 a 326)\u00a0\u00a0 \u00a0\u00a0\u00a0 \u00a0277<br \/>\nT\u00cdTULO IV. EL PROCEDIMIENTO DE NEGOCIACI\u00d3N COLECTIVA REGLADA\u00a0\u00a0 \u00a0\u00a0\u00a0 \u00a0280<br \/>\nCap\u00edtulo I. REGLAS GENERALES (art\u00edculos 327 a 331)\u00a0\u00a0 \u00a0\u00a0\u00a0 \u00a0280<br \/>\nCap\u00edtulo II. OPORTUNIDAD PARA PRESENTAR EL PROYECTO Y PLAZO DE LA NEGOCIACI\u00d3N (art\u00edculos 332 a 334)\u00a0\u00a0 \u00a0\u00a0\u00a0 \u00a0282<br \/>\nCap\u00edtulo III. DE LA RESPUESTA DEL EMPLEADOR (art\u00edculos 335 a 338)\u00a0\u00a0 \u00a0\u00a0\u00a0 \u00a0283<br \/>\nCap\u00edtulo IV. IMPUGNACIONES Y RECLAMACIONES (art\u00edculos 339 a 340)\u00a0\u00a0 \u00a0\u00a0\u00a0 \u00a0284<br \/>\nCap\u00edtulo V. PER\u00cdODO DE NEGOCIACI\u00d3N (art\u00edculos 341 a 344)\u00a0\u00a0 \u00a0\u00a0\u00a0 \u00a0286<br \/>\nCap\u00edtulo VI. DERECHO A HUELGA (art\u00edculos 345 a 358)\u00a0\u00a0 \u00a0\u00a0\u00a0 \u00a0287<br \/>\nCap\u00edtulo VII. LIMITACIONES AL EJERCICIO DEL DERECHO A HUELGA (art\u00edculos 359 a 363)\u00a0\u00a0 \u00a0\u00a0\u00a0 \u00a0294<br \/>\nT\u00cdTULO V. REGLAS ESPECIALES PARA LA NEGOCIACI\u00d3N COLECTIVA DE LOS TRABAJADORES AFILIADOS A SINDICATOS INTEREMPRESA, Y DE LA NEGOCIACI\u00d3N COLECTIVA DE LOS TRABAJADORES EVENTUALES, DE TEMPORADA Y DE OBRA O FAENA TRANSITORIA\u00a0\u00a0 \u00a0\u00a0\u00a0 \u00a0298<br \/>\nCap\u00edtulo I. DE LA NEGOCIACI\u00d3N COLECTIVA DEL SINDICATO INTEREMPRESA Y DE LOS TRABAJADORES AFILIADOS A SINDICATOS INTEREMPRESA (art\u00edculo 364)\u00a0\u00a0 \u00a0\u00a0\u00a0 \u00a0298<br \/>\nCap\u00edtulo II. DE LA NEGOCIACI\u00d3N COLECTIVA DE LOS TRABAJADORES EVENTUALES, DE TEMPORADA Y DE OBRA O FAENA TRANSITORIA (art\u00edculos 365 a 373)\u00a0\u00a0 \u00a0\u00a0\u00a0 \u00a0299<br \/>\nT\u00cdTULO VI. DE LOS PACTOS SOBRE CONDICIONES ESPECIALES DE TRABAJO (art\u00edculos 374 a 377)\u00a0\u00a0 \u00a0\u00a0\u00a0 \u00a0302<br \/>\nT\u00cdTULO VII. DE LA MEDIACI\u00d3N, LA MEDIACI\u00d3N LABORAL DE CONFLICTOS COLECTIVOS Y EL ARBITRAJE\u00a0\u00a0 \u00a0\u00a0\u00a0 \u00a0305<br \/>\nCap\u00edtulo I. DE LA MEDIACI\u00d3N (art\u00edculos 377 bis a 380)\u00a0\u00a0 \u00a0\u00a0\u00a0 \u00a0305<br \/>\nCap\u00edtulo II. DE LA MEDIACI\u00d3N LABORAL DE CONFLICTOS COLECTIVOS (art\u00edculos 381 a 384)\u00a0\u00a0 \u00a0\u00a0\u00a0 \u00a0306<br \/>\nCap\u00edtulo III. DEL ARBITRAJE (art\u00edculos 385 a 398)\u00a0\u00a0 \u00a0\u00a0\u00a0 \u00a0307<br \/>\nT\u00cdTULO VIII. DE LOS PROCEDIMIENTOS JUDICIALES EN LA NEGOCIACI\u00d3N COLECTIVA (art\u00edculos 399 a 402)\u00a0\u00a0 \u00a0\u00a0\u00a0 \u00a0311<br \/>\nT\u00cdTULO IX. DE LAS PR\u00c1CTICAS DESLEALES Y OTRAS INFRACCIONES EN LA NEGOCIACI\u00d3N COLECTIVA Y SU SANCI\u00d3N (art\u00edculos 403 a 407)\u00a0\u00a0 \u00a0\u00a0\u00a0 \u00a0313<br \/>\nT\u00cdTULO X. DE LA PRESENTACI\u00d3N EFECTUADA POR FEDERACIONES Y CONFEDERACIONES (art\u00edculos 408 a 411)\u00a0\u00a0 \u00a0\u00a0\u00a0 \u00a0316<br \/>\nLIBRO V<br \/>\nDE LA JURISDICCI\u00d3N LABORAL<br \/>\nT\u00cdTULO I. DE LOS JUZGADOS DE LETRAS DEL TRABAJO Y DE COBRANZA LABORAL Y PREVISIONAL Y DEL PROCEDIMIENTO\u00a0\u00a0 \u00a0\u00a0\u00a0 \u00a0319<br \/>\nCap\u00edtulo I. DE LOS JUZGADOS DE LETRAS DEL TRABAJO Y DE LOS JUZGADOS DE COBRANZA LABORAL Y PREVISIONAL (art\u00edculos 415 a 424)\u00a0\u00a0 \u00a0\u00a0\u00a0 \u00a0319<br \/>\nCap\u00edtulo II. DE LOS PRINCIPIOS FORMATIVOS DEL PROCESO Y DEL PROCEDIMIENTO EN JUICIO DEL TRABAJO\u00a0\u00a0 \u00a0\u00a0\u00a0 \u00a0325<br \/>\nP\u00e1rrafo 1\u00ba De los principios formativos del proceso (art\u00edculos 425 a 431)\u00a0\u00a0 \u00a0\u00a0\u00a0 \u00a0325<br \/>\nP\u00e1rrafo 2\u00ba Reglas comunes (art\u00edculos 432 a 445)\u00a0\u00a0 \u00a0\u00a0\u00a0 \u00a0329<br \/>\nP\u00e1rrafo 3\u00ba Del procedimiento de aplicaci\u00f3n general (art\u00edculos 446 a 462)\u00a0\u00a0 \u00a0\u00a0\u00a0 \u00a0336<br \/>\nP\u00e1rrafo 4\u00ba Del cumplimiento de la sentencia y de la ejecuci\u00f3n de los t\u00edtulos ejecutivos laborales (art\u00edculos 463 a 473)\u00a0\u00a0 \u00a0\u00a0\u00a0 \u00a0348<br \/>\nP\u00e1rrafo 5\u00ba De los recursos (art\u00edculos 474 a 484)\u00a0\u00a0 \u00a0\u00a0\u00a0 \u00a0352<br \/>\nP\u00e1rrafo 6\u00ba Del Procedimiento de Tutela Laboral (art\u00edculos 485 a 495)\u00a0\u00a0 \u00a0\u00a0\u00a0 \u00a0358<br \/>\nP\u00e1rrafo 7\u00ba Del procedimiento monitorio (art\u00edculos 496 a 502)\u00a0\u00a0 \u00a0\u00a0\u00a0 \u00a0364<br \/>\nT\u00cdTULO II. DEL PROCEDIMIENTO DE RECLAMACI\u00d3N DE MULTAS Y DEM\u00c1S RESOLUCIONES ADMINISTRATIVAS (art\u00edculos 503 a 504)\u00a0\u00a0 \u00a0\u00a0\u00a0 \u00a0367<br \/>\nT\u00cdTULO FINAL. DE LA FISCALIZACI\u00d3N, DE LAS SANCIONES Y DE LA PRESCRIPCI\u00d3N (art\u00edculos 505 a 519)\u00a0\u00a0 \u00a0\u00a0\u00a0 \u00a0368<br \/>\nART\u00cdCULOS TRANSITORIOS\u00a0\u00a0 \u00a0\u00a0\u00a0 \u00a0380<br \/>\nAP\u00c9NDICE LEGISLATIVO<br \/>\nLEY N\u00ba 16.744. ESTABLECE NORMAS SOBRE ACCIDENTES DEL TRABAJO Y ENFERMEDADES PROFESIONALES\u00a0\u00a0 \u00a0\u00a0\u00a0 \u00a0391<br \/>\nLEY N\u00ba 19.728. PUBLICADA 14-05-2001. MINISTERIO DEL TRABAJO Y PREVISI\u00d3N SOCIAL; SUBSECRETARIA DEL TRABAJO ESTABLECE UN SEGURO DE DESEMPLEO\u00a0\u00a0 \u00a0\u00a0\u00a0 \u00a0435<br \/>\nDECRETO CON FUERZA DE LEY N\u00ba 44. FIJA NORMAS COMUNES PARA SUBSIDIOS POR INCAPACIDAD LABORAL DE LOS TRABAJADORES DEPENDIENTES DEL SECTOR PRIVADO\u00a0\u00a0 \u00a0\u00a0\u00a0 \u00a0495<br \/>\nLEY N\u00ba 17.322. NORMAS PARA LA COBRANZA JUDICIAL DE COTIZACIONES, APORTES Y MULTAS DE LAS INSTITUCIONES DE SEGURIDAD SOCIAL\u00a0\u00a0 \u00a0\u00a0\u00a0 \u00a0505<br \/>\nLEY N\u00ba 21.561. MODIFICA EL C\u00d3DIGO DEL TRABAJO CON EL OBJETO DE REDUCIR LA JORNADA LABORAL\u00a0\u00a0 \u00a0\u00a0\u00a0 \u00a0531<br \/>\nLEY N\u00ba 21.643. MODIFICA EL C\u00d3DIGO DEL TRABAJO Y OTROS CUERPOS LEGALES, EN MATERIA DE PREVENCI\u00d3N, INVESTIGACI\u00d3N Y SANCI\u00d3N DEL ACOSO LABORAL, SEXUAL O DE VIOLENCIA EN EL TRABAJO\u00a0\u00a0 \u00a0\u00a0\u00a0 \u00a0543<\/p>\n<p>\u00cdNDICES ANAL\u00cdTICOS DEL C\u00d3DIGO DEL TRABAJO\u00a0\u00a0 \u00a0\u00a0\u00a0 \u00a0559<br \/>\nVOCES GENERALES\u00a0\u00a0 \u00a0\u00a0\u00a0 \u00a0561<\/p>\n","protected":false},"excerpt":{"rendered":"<p>C\u00f3digo del Trabajo de Chile 4\u00aa Edici\u00f3n con ap\u00e9ndice legislativo. \u00cdndices tem\u00e1tico y anal\u00edtico Texto a dos colores indicando los \u00faltimos cambios legislativos Actualizado a enero 2024 Incluye: Ley N\u00ba 16.744, sobre accidentes del trabajo y enfermedades profesionales Ley N\u00ba 19.728, sobre seguro de desempleo Decreto con Fuerza de Ley N\u00ba 44 sobre subsidios de incapacidad laboral Ley N\u00ba 17.322, sobre cobranza de cotizaciones provisionales Ley N\u00ba 21.561, que reduce la jornada de trabajo a 40 horas semanales Ley N\u00ba 21.643, que introduce modificaciones en materias de acoso sexual y laboral \u00cdndice D.F.L. N\u00ba 1. PUBLICADO 16-01-2003. MINISTERIO DEL TRABAJO Y PREVISI\u00d3N SOCIAL; SUBSECRETARIA DEL TRABAJO. FIJA EL TEXTO REFUNDIDO, COORDINADO Y SISTEMATIZADO DEL C\u00d3DIGO DEL TRABAJO\u00a0\u00a0 \u00a0\u00a0\u00a0 \u00a013 T\u00cdTULO PRELIMINAR\u00a0\u00a0 \u00a0\u00a0\u00a0 \u00a013 LIBRO I DEL CONTRATO INDIVIDUAL DE TRABAJO Y DE LA CAPACITACI\u00d3N LABORAL T\u00cdTULO I. DEL CONTRATO INDIVIDUAL DE TRABAJO (art\u00edculos 7 a 12)\u00a0\u00a0 \u00a0\u00a0\u00a0 \u00a020 Cap\u00edtulo I. NORMAS GENERALES\u00a0\u00a0 \u00a0\u00a0\u00a0 \u00a020 Cap\u00edtulo II. DE LA CAPACIDAD PARA CONTRATAR Y OTRAS NORMAS RELATIVAS A LA PROTECCI\u00d3N DEL TRABAJO DE NI\u00d1OS, NI\u00d1AS Y ADOLESCENTES (art\u00edculos 13 a 18 quinquies)\u00a0\u00a0 \u00a0\u00a0\u00a0 \u00a025 Cap\u00edtulo III. DE LA NACIONALIDAD DE LOS TRABAJADORES (art\u00edculos 19 a 20)\u00a0\u00a0 \u00a0\u00a0\u00a0 \u00a032 Cap\u00edtulo IV. DE LA JORNADA DE TRABAJO (art\u00edculo 21)\u00a0\u00a0 \u00a0\u00a0\u00a0 \u00a033 P\u00e1rrafo 1\u00ba Jornada ordinaria de trabajo (art\u00edculos 22 a 29)\u00a0\u00a0 \u00a0\u00a0\u00a0 \u00a033 P\u00e1rrafo 2\u00ba Horas extraordinarias (art\u00edculos 30 a 33)\u00a0\u00a0 \u00a0\u00a0\u00a0 \u00a045 P\u00e1rrafo 3\u00ba Descanso dentro de la jornada (art\u00edculos 34 a 34 bis)\u00a0\u00a0 \u00a0\u00a0\u00a0 \u00a048 P\u00e1rrafo 4\u00ba Descanso semanal (art\u00edculos 35 a 40)\u00a0\u00a0 \u00a0\u00a0\u00a0 \u00a050 P\u00e1rrafo 5\u00ba Jornada parcial (art\u00edculos 40 bis a 40 bis E)\u00a0\u00a0 \u00a0\u00a0\u00a0 \u00a058 Cap\u00edtulo V. DE LAS REMUNERACIONES (art\u00edculos 41 a 54)\u00a0\u00a0 \u00a0\u00a0\u00a0 \u00a062 Cap\u00edtulo VI. DE LA PROTECCI\u00d3N A LAS REMUNERACIONES (art\u00edculos 54 a 65)\u00a0\u00a0 \u00a0\u00a0\u00a0 \u00a067 Cap\u00edtulo VII. DEL FERIADO ANUAL Y DE LOS PERMISOS (art\u00edculos 66 a 76)\u00a0\u00a0 \u00a0\u00a0\u00a0 \u00a075 T\u00cdTULO II. DE LOS CONTRATOS ESPECIALES (art\u00edculo 77)\u00a0\u00a0 \u00a0\u00a0\u00a0 \u00a084 Cap\u00edtulo I. DEL CONTRATO DE APRENDIZAJE (art\u00edculos 78 a 86)\u00a0\u00a0 \u00a0\u00a0\u00a0 \u00a084 Cap\u00edtulo II. DEL CONTRATO DE TRABAJADORES AGR\u00cdCOLAS\u00a0\u00a0 \u00a0\u00a0\u00a0 \u00a085 P\u00e1rrafo 1\u00ba Normas generales (art\u00edculos 87 a 92 bis)\u00a0\u00a0 \u00a0\u00a0\u00a0 \u00a085 P\u00e1rrafo 2\u00ba Normas especiales para los trabajadores agr\u00edcolas de temporada (art\u00edculos 93 a 95 bis)\u00a0\u00a0 \u00a0\u00a0\u00a0 \u00a089 Cap\u00edtulo III. DEL CONTRATO DE LOS TRABAJADORES EMBARCADOS O GENTE DE MAR Y DE LOS TRABAJADORES PORTUARIOS EVENTUALES\u00a0\u00a0 \u00a0\u00a0\u00a0 \u00a091 P\u00e1rrafo 1\u00ba Del contrato de embarco de los oficiales y tripulantes de las Naves de la Marina Mercante Nacional (art\u00edculos 96 a 132)\u00a0\u00a0 \u00a0\u00a0\u00a0 \u00a091 P\u00e1rrafo 2\u00ba Del contrato de los trabajadores portuarios eventuales (art\u00edculos 133 a 145)\u00a0\u00a0 \u00a0\u00a0\u00a0 \u00a0103 Cap\u00edtulo IV. DEL CONTRATO DE LOS TRABAJADORES DE ARTES Y ESPECT\u00c1CULOS (art\u00edculos 145 a 145 L)\u00a0\u00a0 \u00a0\u00a0\u00a0 \u00a0109 Cap\u00edtulo V. DEL CONTRATO DE TRABAJADORES DE CASA PARTICULAR (art\u00edculos 146 a 152 bis)\u00a0\u00a0 \u00a0\u00a0\u00a0 \u00a0112 Cap\u00edtulo VI. DEL CONTRATO DE LOS Y LAS DEPORTISTAS PROFESIONALES Y TRABAJADORES Y TRABAJADORAS QUE DESEMPE\u00d1AN ACTIVIDADES CONEXAS (art\u00edculos 152 bis A a 152 bis L)\u00a0\u00a0 \u00a0\u00a0\u00a0 \u00a0118 Cap\u00edtulo VII. DEL CONTRATO DE TRIPULANTES DE VUELO Y DE TRIPULANTES DE CABINA DE AERONAVES COMERCIALES DE PASAJEROS Y CARGA (art\u00edculos 152 ter a 152 ter M)\u00a0\u00a0 \u00a0\u00a0\u00a0 \u00a0123 Cap\u00edtulo VIII. DEL CONTRATO DE LOS TELEOPERADORES (art\u00edculos 152 qu\u00e1ter a 152 qu\u00e1ter F)\u00a0\u00a0 \u00a0\u00a0\u00a0 \u00a0132 Cap\u00edtulo IX. DEL TRABAJO A DISTANCIA Y TELETRABAJO (art\u00edculos 152 qu\u00e1ter G a 152 qu\u00e1ter O ter)\u00a0\u00a0 \u00a0\u00a0\u00a0 \u00a0134 Cap\u00edtulo X. Del trabajo mediante plataformas digitales de servicios (art\u00edculos 152 qu\u00e1ter P a 152 quinquies I)\u00a0\u00a0 \u00a0\u00a0\u00a0 \u00a0142 T\u00cdTULO III. DEL REGLAMENTO INTERNO Y LA INCLUSI\u00d3N LABORAL DE PERSONAS CON DISCAPACIDAD\u00a0\u00a0 \u00a0\u00a0\u00a0 \u00a0154 Cap\u00edtulo I. DEL REGLAMENTO INTERNO (art\u00edculos 153 a 157)\u00a0\u00a0 \u00a0\u00a0\u00a0 \u00a0154 Cap\u00edtulo II. DE LA INCLUSI\u00d3N LABORAL DE PERSONAS CON DISCAPACIDAD (art\u00edculos 157 bis a 157 ter)\u00a0\u00a0 \u00a0\u00a0\u00a0 \u00a0159 T\u00cdTULO IV. DEL SERVICIO MILITAR OBLIGATORIO (art\u00edculo 158)\u00a0\u00a0 \u00a0\u00a0\u00a0 \u00a0162 T\u00cdTULO V. DE LA TERMINACI\u00d3N DEL CONTRATO DE TRABAJO Y ESTABILIDAD EN EL EMPLEO (art\u00edculos 159 a 178)\u00a0\u00a0 \u00a0\u00a0\u00a0 \u00a0162 T\u00cdTULO VI. DE LA CAPACITACI\u00d3N OCUPACIONAL (art\u00edculos 179 a 183 bis)\u00a0\u00a0 \u00a0\u00a0\u00a0 \u00a0184 T\u00cdTULO VII. DEL TRABAJO EN R\u00c9GIMEN DE SUBCONTRATACI\u00d3N Y DEL TRABAJO EN EMPRESAS DE SERVICIOS TRANSITORIOS\u00a0\u00a0 \u00a0\u00a0\u00a0 \u00a0186 P\u00e1rrafo 1\u00ba Del trabajo en r\u00e9gimen de subcontrataci\u00f3n (art\u00edculos 183 A a 183 E)\u00a0\u00a0 \u00a0\u00a0\u00a0 \u00a0186 P\u00e1rrafo 2\u00ba De las empresas de servicios transitorios, del contrato de puesta a disposici\u00f3n de trabajadores y del contrato de trabajo de servicios transitorios (art\u00edculos 183 F a 183 AE)\u00a0\u00a0 \u00a0\u00a0\u00a0 \u00a0189 LIBRO II DE LA PROTECCI\u00d3N A LOS TRABAJADORES T\u00cdTULO I. NORMAS GENERALES (art\u00edculos 184 a 193)\u00a0\u00a0 \u00a0\u00a0\u00a0 \u00a0201 T\u00cdTULO II. DE LA PROTECCI\u00d3N A LA MATERNIDAD Y LA PATERNIDAD Y A LA CONCILIACI\u00d3N DE LA VIDA PERSONAL, FAMILIAR Y LABORAL (art\u00edculos 194 a 208)\u00a0\u00a0 \u00a0\u00a0\u00a0 \u00a0205 T\u00cdTULO III. DEL SEGURO SOCIAL CONTRA RIESGOS DE ACCIDENTES DEL TRABAJO Y ENFERMEDADES PROFESIONALES (art\u00edculos 209 a 211)\u00a0\u00a0 \u00a0\u00a0\u00a0 \u00a0222 T\u00cdTULO IV. DE LA INVESTIGACI\u00d3N Y SANCI\u00d3N DEL ACOSO SEXUAL\u00a0\u00a0 \u00a0\u00a0\u00a0 \u00a0223 T\u00cdTULO IV. DE LA PREVENCI\u00d3N, INVESTIGACI\u00d3N Y SANCI\u00d3N DEL ACOSO SEXUAL, LABORAL Y LA VIOLENCIA EN EL TRABAJO (art\u00edculos 211 A a 211 E)\u00a0\u00a0 \u00a0\u00a0\u00a0 \u00a0224 P\u00e1rrafo 1\u00ba De la prevenci\u00f3n del acoso sexual, laboral y la violencia en el trabajo\u00a0\u00a0 \u00a0\u00a0\u00a0 \u00a0224 P\u00e1rrafo 2\u00ba De la investigaci\u00f3n y sanci\u00f3n del acoso sexual, laboral y la violencia en el trabajo\u00a0\u00a0 \u00a0\u00a0\u00a0 \u00a0226 T\u00cdTULO V. DE LA PROTECCI\u00d3N DE LOS TRABAJADORES DE CARGA Y DESCARGA DE MANIPULACI\u00d3N MANUAL (art\u00edculos 211 F a 211 J)\u00a0\u00a0 \u00a0\u00a0\u00a0 \u00a0228 LIBRO III. DE LAS ORGANIZACIONES SINDICALES T\u00cdTULO I. DE LAS ORGANIZACIONES SINDICALES\u00a0\u00a0 \u00a0\u00a0\u00a0 \u00a0230 Cap\u00edtulo I. DISPOSICIONES GENERALES (art\u00edculos 212 a 220)\u00a0\u00a0 \u00a0\u00a0\u00a0 \u00a0230 Cap\u00edtulo II. DE LA CONSTITUCI\u00d3N DE LOS SINDICATOS (art\u00edculos 221 a 230)\u00a0\u00a0 \u00a0\u00a0\u00a0 \u00a0234 Cap\u00edtulo III. DE LOS ESTATUTOS (art\u00edculos 231 a 233 bis)\u00a0\u00a0 \u00a0\u00a0\u00a0 \u00a0239 Cap\u00edtulo IV. DEL DIRECTORIO (art\u00edculos 234 a 252)\u00a0\u00a0 \u00a0\u00a0\u00a0 \u00a0241 Cap\u00edtulo V. DE LAS ASAMBLEAS (art\u00edculo 255)\u00a0\u00a0 \u00a0\u00a0\u00a0 \u00a0248 Cap\u00edtulo VI. DEL PATRIMONIO SINDICAL (art\u00edculos 256 a 263)\u00a0\u00a0 \u00a0\u00a0\u00a0 \u00a0249 Cap\u00edtulo VII. DE LAS FEDERACIONES Y CONFEDERACIONES (art\u00edculos 266 a 274)\u00a0\u00a0 \u00a0\u00a0\u00a0 \u00a0253 Cap\u00edtulo VIII. DE LAS CENTRALES SINDICALES (art\u00edculos 276 a 288)\u00a0\u00a0 \u00a0\u00a0\u00a0 \u00a0256 Cap\u00edtulo IX. DE LAS PR\u00c1CTICAS ANTISINDICALES Y DE<\/p>\n","protected":false},"featured_media":3465,"comment_status":"open","ping_status":"closed","template":"","meta":{"inline_featured_image":false,"_joinchat":[]},"product_brand":[],"product_cat":[41],"product_tag":[],"class_list":{"0":"post-3425","1":"product","2":"type-product","3":"status-publish","4":"has-post-thumbnail","6":"product_cat-laboral","7":"product_shipping_class-a-convenir","9":"first","10":"instock","11":"shipping-taxable","12":"purchasable","13":"product-type-simple"},"_links":{"self":[{"href":"https:\/\/bibliotecajuridicavirtual.cl\/index.php\/wp-json\/wp\/v2\/product\/3425","targetHints":{"allow":["GET"]}}],"collection":[{"href":"https:\/\/bibliotecajuridicavirtual.cl\/index.php\/wp-json\/wp\/v2\/product"}],"about":[{"href":"https:\/\/bibliotecajuridicavirtual.cl\/index.php\/wp-json\/wp\/v2\/types\/product"}],"replies":[{"embeddable":true,"href":"https:\/\/bibliotecajuridicavirtual.cl\/index.php\/wp-json\/wp\/v2\/comments?post=3425"}],"wp:featuredmedia":[{"embeddable":true,"href":"https:\/\/bibliotecajuridicavirtual.cl\/index.php\/wp-json\/wp\/v2\/media\/3465"}],"wp:attachment":[{"href":"https:\/\/bibliotecajuridicavirtual.cl\/index.php\/wp-json\/wp\/v2\/media?parent=3425"}],"wp:term":[{"taxonomy":"product_brand","embeddable":true,"href":"https:\/\/bibliotecajuridicavirtual.cl\/index.php\/wp-json\/wp\/v2\/product_brand?post=3425"},{"taxonomy":"product_cat","embeddable":true,"href":"https:\/\/bibliotecajuridicavirtual.cl\/index.php\/wp-json\/wp\/v2\/product_cat?post=3425"},{"taxonomy":"product_tag","embeddable":true,"href":"https:\/\/bibliotecajuridicavirtual.cl\/index.php\/wp-json\/wp\/v2\/product_tag?post=3425"}],"curies":[{"name":"wp","href":"https:\/\/api.w.org\/{rel}","templated":true}]}}