{"id":3431,"date":"2026-02-28T01:13:43","date_gmt":"2026-02-28T04:13:43","guid":{"rendered":"https:\/\/bibliotecajuridicavirtual.cl\/?post_type=product&#038;p=3431"},"modified":"2026-02-28T01:14:39","modified_gmt":"2026-02-28T04:14:39","slug":"solidaridad-familiar-en-el-derecho-sucesorio-chileno-ano-2024-186-pag-autor-valeria-tobar-olivari","status":"publish","type":"product","link":"https:\/\/bibliotecajuridicavirtual.cl\/index.php\/product\/solidaridad-familiar-en-el-derecho-sucesorio-chileno-ano-2024-186-pag-autor-valeria-tobar-olivari\/","title":{"rendered":"Solidaridad Familiar en el Derecho Sucesorio Chileno. A\u00f1o 2024\/ 186 P\u00e1g. Autor  Valeria Tobar Olivari"},"content":{"rendered":"<p style=\"font-weight: 400;\"><b><strong>REVISI\u00d3N Y REFORMA DE LAS INDIGNIDADES PARA SUCEDER Y DESHEREDAMIENTO COMO INCENTIVO AL CUMPLIMIENTO DEL PRINCIPIO DE SOLIDARIDAD FAMILIAR<\/strong><\/b><\/p>\n<p style=\"font-weight: 400;\">En el presente libro, en primer lugar, se efect\u00faa una revisi\u00f3n del r\u00e9gimen sucesorio actual y de los requisitos subjetivos para suceder, los que nos dan un contexto previo al an\u00e1lisis de las causales de exclusi\u00f3n de un heredero por indignidad y desheredamiento.<\/p>\n<p style=\"font-weight: 400;\">Luego, se analiza el principio de solidaridad familiar, principio poco tratado y explicado en detalle por nuestra doctrina y jurisprudencia nacional, proponiendo una categorizaci\u00f3n de las obligaciones que derivan de este principio. Asimismo, se revisa el concepto de abandono al trato familiar y sus requisitos, proveniente principalmente del derecho comparado.<\/p>\n<p style=\"font-weight: 400;\">Posteriormente, se efect\u00faa un an\u00e1lisis en detalle de las causales de indignidad y desheredamiento nacionales vigentes, en particular, de las causales de indignidad de los art\u00edculos 968 numerales 2\u00b0 y 3\u00b0, 970 y 971 inciso 1\u00b0, as\u00ed como las causales de desheredamiento del art\u00edculo 1208 numerales 1\u00b0 y 2\u00b0, todos de nuestro C\u00f3digo Civil; tambi\u00e9n se revisan los proyectos de ley en tr\u00e1mite, las soluciones dadas por la doctrina nacional y el tratamiento de la legislaci\u00f3n comparada sobre la materia revisada. Finalmente, se plantean ideas para una reforma a las normas de derecho sucesorio, a fin de fortalecer, a trav\u00e9s de las indignidades y desheredamiento, el cumplimiento del principio de solidaridad familiar, desde el incentivo a cumplir con los deberes mencionados y derivados de este principio.<\/p>\n<p style=\"font-weight: 400;\">\n<p style=\"font-weight: 400;\"><b><strong>CAP\u00cdTULO I<\/strong><\/b><br \/>\n<b><strong>R\u00c9GIMEN SUCESORIO CHILENO<\/strong><\/b><\/p>\n<ol>\n<li style=\"font-weight: 400;\">Principios del derecho sucesorio<\/li>\n<\/ol>\n<p style=\"font-weight: 400;\">1.1. Principio de continuidad o continuaci\u00f3n de la personalidad jur\u00eddica del causante<br \/>\n1.2. Principio de la unidad del patrimonio<br \/>\n1.3. Principio de igualdad<br \/>\n1.4. Principio de protecci\u00f3n a la familia<\/p>\n<ol start=\"2\">\n<li style=\"font-weight: 400;\">Asignaciones forzosas y estado actual de la discusi\u00f3n<\/li>\n<\/ol>\n<p style=\"font-weight: 400;\">2.1. Fundamento de las asignaciones forzosas<br \/>\n2.2. Necesidad de mantenci\u00f3n de las asignaciones forzosas en la actualidad<\/p>\n<ol start=\"3\">\n<li style=\"font-weight: 400;\">Fundamento de las reglas de la sucesi\u00f3n intestada<\/li>\n<li style=\"font-weight: 400;\">Conclusiones<\/li>\n<\/ol>\n<p style=\"font-weight: 400;\"><b><strong>CAP\u00cdTULO II<\/strong><\/b><br \/>\n<b><strong>REQUISITOS SUBJETIVOS PARA SUCEDER<\/strong><\/b><\/p>\n<ol>\n<li style=\"font-weight: 400;\">Capacidad para suceder<\/li>\n<\/ol>\n<p style=\"font-weight: 400;\">1.1 Concepto y caracter\u00edsticas<br \/>\n1.2 Causales<br \/>\n1.2.1 Incapacidades absolutas o totales<br \/>\n1.2.2 Incapacidades relativas o particulares<\/p>\n<ol start=\"2\">\n<li style=\"font-weight: 400;\">Indignidad para suceder<\/li>\n<\/ol>\n<p style=\"font-weight: 400;\">2.1 Concepto y caracter\u00edsticas<br \/>\n2.2 Naturaleza jur\u00eddica y fundamento<\/p>\n<ol start=\"3\">\n<li style=\"font-weight: 400;\">Desheredamiento o exheredaci\u00f3n\n<p>3.1 Concepto y caracter\u00edsticas<br \/>\n3.2 Naturaleza jur\u00eddica y fundamento<\/li>\n<li style=\"font-weight: 400;\">Conclusiones<\/li>\n<\/ol>\n<p style=\"font-weight: 400;\"><b><strong>CAP\u00cdTULO III<\/strong><\/b><br \/>\n<b><strong>SOLIDARIDAD FAMILIAR<\/strong><\/b><\/p>\n<ol>\n<li style=\"font-weight: 400;\">Principio de la solidaridad familiar<\/li>\n<li style=\"font-weight: 400;\">Obligaciones derivadas del principio de solidaridad familiar. clasificaci\u00f3n<\/li>\n<li style=\"font-weight: 400;\">Conclusiones<\/li>\n<\/ol>\n<p style=\"font-weight: 400;\"><b><strong>CAP\u00cdTULO IV<\/strong><\/b><br \/>\n<b><strong>ABANDONO DEL TRATO FAMILIAR<\/strong><\/b><\/p>\n<ol>\n<li style=\"font-weight: 400;\">Concepto<\/li>\n<\/ol>\n<p style=\"font-weight: 400;\">1.1 Ausencia de contacto entre legitimario y testador<br \/>\n1.2 Ausencia duradera<br \/>\n1.3 Sea imputable exclusivamente al legitimario<\/p>\n<ol start=\"2\">\n<li style=\"font-weight: 400;\">Conclusiones<\/li>\n<\/ol>\n<p style=\"font-weight: 400;\"><b><strong>CAP\u00cdTULO V<\/strong><\/b><br \/>\n<b><strong>SOLUCI\u00d3N A LA PROBLEM\u00c1TICA CONFORME A LA NORMATIVA NACIONAL VIGENTE Y DERECHO COMPARADO<\/strong><\/b><\/p>\n<ol>\n<li style=\"font-weight: 400;\">Soluciones en nuestro ordenamiento jur\u00eddico nacional<\/li>\n<\/ol>\n<p style=\"font-weight: 400;\">1.1. Causales de indignidad<br \/>\n1.1.1. Causal art\u00edculo 968 n\u00b02 del C\u00f3digo Civil<br \/>\n1.1.2 Causal art\u00edculo 968 n\u00b03 del C\u00f3digo Civil<br \/>\n1.1.3 Causal art\u00edculo 970 del C\u00f3digo Civil<br \/>\n1.1.4 Causal art\u00edculo 971 inciso 1\u00b0 del C\u00f3digo Civil<br \/>\n1.2 Causales de desheredamiento<br \/>\n1.2.1 Causal del art\u00edculo 1208 n\u00b01 del C\u00f3digo Civil<br \/>\n1.2.2 Causal art\u00edculo 1208 n\u00b02 del C\u00f3digo Civil<\/p>\n<ol start=\"2\">\n<li style=\"font-weight: 400;\">Soluciones en los proyectos de ley en tr\u00e1mite<\/li>\n<li style=\"font-weight: 400;\">Propuesta dada por la doctrina: libertad de testar moderada<\/li>\n<li style=\"font-weight: 400;\">Propuesta: reformas a las causales de indignidad y\/o desheredamiento<\/li>\n<li style=\"font-weight: 400;\">Tratamiento en la legislaci\u00f3n comparada\n<p>5.1 Principio de solidaridad familiar<br \/>\n5.2 Abandono al trato familiar<\/li>\n<li style=\"font-weight: 400;\">Conclusiones<\/li>\n<\/ol>\n<p style=\"font-weight: 400;\"><b><strong>CAP\u00cdTULO VI<\/strong><\/b><br \/>\n<b><strong>OPINI\u00d3N Y PROPUESTA<\/strong><\/b><\/p>\n<ol>\n<li style=\"font-weight: 400;\">Cuestiones preliminares<br \/>\n2. Exclusi\u00f3n por incumplimiento de los deberes derivados del principio de solidaridad familiar<br \/>\n3. Abandono al trato familiar<\/li>\n<\/ol>\n","protected":false},"excerpt":{"rendered":"<p>REVISI\u00d3N Y REFORMA DE LAS INDIGNIDADES PARA SUCEDER Y DESHEREDAMIENTO COMO INCENTIVO AL CUMPLIMIENTO DEL PRINCIPIO DE SOLIDARIDAD FAMILIAR En el presente libro, en primer lugar, se efect\u00faa una revisi\u00f3n del r\u00e9gimen sucesorio actual y de los requisitos subjetivos para suceder, los que nos dan un contexto previo al an\u00e1lisis de las causales de exclusi\u00f3n de un heredero por indignidad y desheredamiento. Luego, se analiza el principio de solidaridad familiar, principio poco tratado y explicado en detalle por nuestra doctrina y jurisprudencia nacional, proponiendo una categorizaci\u00f3n de las obligaciones que derivan de este principio. Asimismo, se revisa el concepto de abandono al trato familiar y sus requisitos, proveniente principalmente del derecho comparado. Posteriormente, se efect\u00faa un an\u00e1lisis en detalle de las causales de indignidad y desheredamiento nacionales vigentes, en particular, de las causales de indignidad de los art\u00edculos 968 numerales 2\u00b0 y 3\u00b0, 970 y 971 inciso 1\u00b0, as\u00ed como las causales de desheredamiento del art\u00edculo 1208 numerales 1\u00b0 y 2\u00b0, todos de nuestro C\u00f3digo Civil; tambi\u00e9n se revisan los proyectos de ley en tr\u00e1mite, las soluciones dadas por la doctrina nacional y el tratamiento de la legislaci\u00f3n comparada sobre la materia revisada. Finalmente, se plantean ideas para una reforma a las normas de derecho sucesorio, a fin de fortalecer, a trav\u00e9s de las indignidades y desheredamiento, el cumplimiento del principio de solidaridad familiar, desde el incentivo a cumplir con los deberes mencionados y derivados de este principio. CAP\u00cdTULO I R\u00c9GIMEN SUCESORIO CHILENO Principios del derecho sucesorio 1.1. Principio de continuidad o continuaci\u00f3n de la personalidad jur\u00eddica del causante 1.2. Principio de la unidad del patrimonio 1.3. Principio de igualdad 1.4. Principio de protecci\u00f3n a la familia Asignaciones forzosas y estado actual de la discusi\u00f3n 2.1. Fundamento de las asignaciones forzosas 2.2. Necesidad de mantenci\u00f3n de las asignaciones forzosas en la actualidad Fundamento de las reglas de la sucesi\u00f3n intestada Conclusiones CAP\u00cdTULO II REQUISITOS SUBJETIVOS PARA SUCEDER Capacidad para suceder 1.1 Concepto y caracter\u00edsticas 1.2 Causales 1.2.1 Incapacidades absolutas o totales 1.2.2 Incapacidades relativas o particulares Indignidad para suceder 2.1 Concepto y caracter\u00edsticas 2.2 Naturaleza jur\u00eddica y fundamento Desheredamiento o exheredaci\u00f3n 3.1 Concepto y caracter\u00edsticas 3.2 Naturaleza jur\u00eddica y fundamento Conclusiones CAP\u00cdTULO III SOLIDARIDAD FAMILIAR Principio de la solidaridad familiar Obligaciones derivadas del principio de solidaridad familiar. clasificaci\u00f3n Conclusiones CAP\u00cdTULO IV ABANDONO DEL TRATO FAMILIAR Concepto 1.1 Ausencia de contacto entre legitimario y testador 1.2 Ausencia duradera 1.3 Sea imputable exclusivamente al legitimario Conclusiones CAP\u00cdTULO V SOLUCI\u00d3N A LA PROBLEM\u00c1TICA CONFORME A LA NORMATIVA NACIONAL VIGENTE Y DERECHO COMPARADO Soluciones en nuestro ordenamiento jur\u00eddico nacional 1.1. Causales de indignidad 1.1.1. Causal art\u00edculo 968 n\u00b02 del C\u00f3digo Civil 1.1.2 Causal art\u00edculo 968 n\u00b03 del C\u00f3digo Civil 1.1.3 Causal art\u00edculo 970 del C\u00f3digo Civil 1.1.4 Causal art\u00edculo 971 inciso 1\u00b0 del C\u00f3digo Civil 1.2 Causales de desheredamiento 1.2.1 Causal del art\u00edculo 1208 n\u00b01 del C\u00f3digo Civil 1.2.2 Causal art\u00edculo 1208 n\u00b02 del C\u00f3digo Civil Soluciones en los proyectos de ley en tr\u00e1mite Propuesta dada por la doctrina: libertad de testar moderada Propuesta: reformas a las causales de indignidad y\/o desheredamiento Tratamiento en la legislaci\u00f3n comparada 5.1 Principio de solidaridad familiar 5.2 Abandono al trato familiar Conclusiones CAP\u00cdTULO VI OPINI\u00d3N Y PROPUESTA Cuestiones preliminares 2. Exclusi\u00f3n por incumplimiento de los deberes derivados del principio de solidaridad familiar 3. Abandono al trato familiar<\/p>\n","protected":false},"featured_media":3485,"comment_status":"open","ping_status":"closed","template":"","meta":{"inline_featured_image":false,"_joinchat":[]},"product_brand":[],"product_cat":[27,58],"product_tag":[],"class_list":{"0":"post-3431","1":"product","2":"type-product","3":"status-publish","4":"has-post-thumbnail","6":"product_cat-civil","7":"product_cat-editorial-rubicon","8":"product_shipping_class-a-convenir","10":"first","11":"instock","12":"shipping-taxable","13":"purchasable","14":"product-type-simple"},"_links":{"self":[{"href":"https:\/\/bibliotecajuridicavirtual.cl\/index.php\/wp-json\/wp\/v2\/product\/3431","targetHints":{"allow":["GET"]}}],"collection":[{"href":"https:\/\/bibliotecajuridicavirtual.cl\/index.php\/wp-json\/wp\/v2\/product"}],"about":[{"href":"https:\/\/bibliotecajuridicavirtual.cl\/index.php\/wp-json\/wp\/v2\/types\/product"}],"replies":[{"embeddable":true,"href":"https:\/\/bibliotecajuridicavirtual.cl\/index.php\/wp-json\/wp\/v2\/comments?post=3431"}],"wp:featuredmedia":[{"embeddable":true,"href":"https:\/\/bibliotecajuridicavirtual.cl\/index.php\/wp-json\/wp\/v2\/media\/3485"}],"wp:attachment":[{"href":"https:\/\/bibliotecajuridicavirtual.cl\/index.php\/wp-json\/wp\/v2\/media?parent=3431"}],"wp:term":[{"taxonomy":"product_brand","embeddable":true,"href":"https:\/\/bibliotecajuridicavirtual.cl\/index.php\/wp-json\/wp\/v2\/product_brand?post=3431"},{"taxonomy":"product_cat","embeddable":true,"href":"https:\/\/bibliotecajuridicavirtual.cl\/index.php\/wp-json\/wp\/v2\/product_cat?post=3431"},{"taxonomy":"product_tag","embeddable":true,"href":"https:\/\/bibliotecajuridicavirtual.cl\/index.php\/wp-json\/wp\/v2\/product_tag?post=3431"}],"curies":[{"name":"wp","href":"https:\/\/api.w.org\/{rel}","templated":true}]}}