{"id":3446,"date":"2026-02-28T01:14:06","date_gmt":"2026-02-28T04:14:06","guid":{"rendered":"https:\/\/bibliotecajuridicavirtual.cl\/?post_type=product&#038;p=3446"},"modified":"2026-02-28T01:14:57","modified_gmt":"2026-02-28T04:14:57","slug":"lecciones-de-derecho-romano-2da-edicion-ano-2024-240-pag-autor-angela-cattan-atala","status":"publish","type":"product","link":"https:\/\/bibliotecajuridicavirtual.cl\/index.php\/product\/lecciones-de-derecho-romano-2da-edicion-ano-2024-240-pag-autor-angela-cattan-atala\/","title":{"rendered":"Lecciones de Derecho Romano, 2da Edici\u00f3n. A\u00f1o 2024 \/ 240 P\u00e1g. Autor \u00c1ngela Cattan Atala"},"content":{"rendered":"<p style=\"font-weight: 400;\">Esta obra est\u00e1 estructurada en torno a los temas que desde hace mucho constituyen la ense\u00f1anza elemental del derecho romano. Con una divisi\u00f3n en siete cap\u00edtulos, se avanza desde la historia externa (cap. 1) hasta el proceso romano (cap. 3), a lo largo de un camino que atraviesa el examen de las fuentes del Derecho (cap. 2), el Derecho de personas y familia (cap. 4), Derecho sucesorio (cap. 5), derechos reales (cap. 6) y obligaciones (cap. 7). Como lo explica la misma autora, se trata de un texto orientado a estudiantes que deben enfrentar, por regla general, una asignatura de un semestre de duraci\u00f3n, lo que explica que las materias tratadas lo est\u00e9n en sus aspectos fundamentales y sean preteridas algunas cuestiones que, de contarse con m\u00e1s tiempo, podr\u00edan ser tambi\u00e9n de inter\u00e9s. Pero esto no es un defecto de la obra, sino su principal virtud, esto es, la de servir de gu\u00eda para la comprensi\u00f3n de instituciones que, en una primera aproximaci\u00f3n, se muestran como particularmente dif\u00edciles. Y aqu\u00ed radica uno de los mayores m\u00e9ritos de la obra: la claridad de la exposici\u00f3n.<\/p>\n<p style=\"font-weight: 400;\">Es previsible que los estudiantes que se apoyen en estas lecciones accedan al conocimiento del derecho romano a trav\u00e9s de un lenguaje sencillo e iluminador; de ser as\u00ed, el desaf\u00edo de aprender las nociones fundamentales de la asignatura estar\u00e1 a la mano, en particular si los estudiantes, es decir, los destinatarios de estas lecciones, utilizan los anexos que la autora ha preparado en forma de apoyos. No cabe duda que la disecci\u00f3n de los t\u00e9rminos de una compraventa o de un departamento, o bien de la experiencia contada por Aulo Gelio proveer\u00e1n a los lectores de elementos de juicio que contribuir\u00e1n a afianzar a\u00fan m\u00e1s aquellas nociones. Ni que decir de los beneficios de la lectura de Cicer\u00f3n, que siempre supondr\u00e1 un poderoso est\u00edmulo a la inteligencia de quienes ven en su propia formaci\u00f3n en derecho uno de los m\u00e1s grandes desaf\u00edos que se pod\u00eda proponer<\/p>\n<p style=\"font-weight: 400;\">\n<p style=\"font-weight: 400;\"><b><strong>CAP\u00cdTULO 1<\/strong><\/b><br \/>\n<b><strong>HISTORIA EXTERNA<\/strong><\/b><\/p>\n<ol>\n<li style=\"font-weight: 400;\">\u00c9poca antigua y monarqu\u00eda<br \/>\n2. La Rep\u00fablica<br \/>\n3. Los Triunviratos<br \/>\n4. El Imperio<br \/>\n5. La vida social y cultural<\/li>\n<\/ol>\n<p style=\"font-weight: 400;\"><b><strong>CAP\u00cdTULO 2<\/strong><\/b><br \/>\n<b><strong>LAS FUENTES DEL DERECHO<\/strong><\/b><\/p>\n<ol>\n<li style=\"font-weight: 400;\">La costumbre jur\u00eddica<br \/>\n2. La ley<br \/>\n3. El plebiscito<br \/>\n4. El edicto del pretor<br \/>\n5. La jurisprudencia<br \/>\n6. Senadoconsultos<br \/>\n7. Las constituciones imperiales<br \/>\n8. El corpus iuris civilis<\/li>\n<\/ol>\n<p style=\"font-weight: 400;\"><b><strong>CAP\u00cdTULO 3<\/strong><\/b><br \/>\n<b><strong>PROCESOS Y PROCEDIMIENTOS EN ROMA<\/strong><\/b><\/p>\n<ol>\n<li style=\"font-weight: 400;\">Conceptos b\u00e1sicos y clasificaciones<\/li>\n<li style=\"font-weight: 400;\">Acciones de la ley. Per\u00edodo arcaico (453 A.C.)<br \/>\n2.1. Caracter\u00edsticas comunes de las acciones de la ley<br \/>\n2.2. Legis Actio per Sacramentum (Acci\u00f3n de la ley por apuesta sacramental)<br \/>\n2.3. Legis Actio per Iudicis Arbitrive Postulationem (Acci\u00f3n de la ley por petici\u00f3n de juez o \u00e1rbitro)<br \/>\n2.4. Legis Actio per Condictionem (Acci\u00f3n de la ley por denuncia)<br \/>\n2.5. Legis Actio per Manus Iniectionem (Acci\u00f3n de la ley por imposici\u00f3n de la mano)<br \/>\n2.6. Legis Actio per Pignoris Capionem (Acci\u00f3n de la ley por toma de prenda)<\/li>\n<li style=\"font-weight: 400;\">Procedimiento formulario<br \/>\n3.1. Procedimiento declarativo<br \/>\n3.2. Etapa In Iure<br \/>\n3.3. Efectos de la Litis Contestatio<br \/>\n3.4. Etapa Apud Iudicem<br \/>\n3.5. Estudio de casos<br \/>\n3.6. La F\u00f3rmula<br \/>\n3.7. Partes principales de la F\u00f3rmula<br \/>\n3.8. Partes secundarias de la F\u00f3rmula<br \/>\n3.9. Estudio de casos<\/li>\n<li style=\"font-weight: 400;\">Juicio ejecutivo<br \/>\n4.1. Etapa In Iure<br \/>\n4.2. Efecto de la subasta p\u00fablica<\/li>\n<li style=\"font-weight: 400;\">Clasificaci\u00f3n de las acciones<br \/>\n5.1. Acciones reales &#8211; acciones personales<br \/>\n5.2. Acciones civiles &#8211; acciones pretorias<br \/>\n5.3. Acciones reipersecutorias &#8211; acciones penales &#8211; acciones mixtas<br \/>\n5.4. Acciones de derecho estricto &#8211; acciones de buena fe<br \/>\n5.5. Acciones privadas &#8211; Acciones populares<br \/>\n5.6. Estudio de Casos<\/li>\n<li style=\"font-weight: 400;\">M\u00e9todos para impugnar la sentencia<\/li>\n<li style=\"font-weight: 400;\">Procedimientos basados en el imperio del pretor<br \/>\n7.1. Las estipulaciones pretorias<br \/>\n7.2. Restitutio In Integrum<br \/>\n7.2.1. Las causas de la concesi\u00f3n de la Restitutio In Integrum<br \/>\n7.3. Missio In Possessionem. (Puesto en posesi\u00f3n. Embargo)<br \/>\n7.4. Interdictos<br \/>\n7.4.1. Procedimiento Ex Interdicto<br \/>\n7.4.2. Los Interdictos Posesorios<\/li>\n<li style=\"font-weight: 400;\">Caracter\u00edsticas del procedimiento extraordinario<\/li>\n<\/ol>\n<p style=\"font-weight: 400;\"><b><strong>CAP\u00cdTULO 4<\/strong><\/b><br \/>\n<b><strong>LAS PERSONAS Y FAMILIA<\/strong><\/b><\/p>\n<ol>\n<li style=\"font-weight: 400;\">Status o estados<\/li>\n<li style=\"font-weight: 400;\">Parentesco<br \/>\n2.1. Agnaticio<br \/>\n2.2. Gentilidad<br \/>\n2.3. Consangu\u00edneo<br \/>\n2.4. Por afinidad<\/li>\n<li style=\"font-weight: 400;\">La patria potestad<br \/>\n3.1. Peculio castrense<br \/>\n3.2. Peculio cuasi-castrense<br \/>\n3.3. Peculios adventicios<br \/>\n3.4. Formas para estar bajo Patria Potestad<br \/>\n3.5. Formas de poner t\u00e9rmino a la Patria Potestad<\/li>\n<li style=\"font-weight: 400;\">Situaci\u00f3n jur\u00eddica de las personas dependientes<br \/>\n4.1. Desde el punto de vista penal<br \/>\n4.2. En materia civil<\/li>\n<li style=\"font-weight: 400;\">Matrimonio<br \/>\n5.1. Caracter\u00edsticas del matrimonio<br \/>\n5.2. Requisitos para contraer matrimonio<br \/>\n5.3. Impedimentos para contraer matrimonio<br \/>\n5.4. Ceremonias de la Manus<br \/>\n5.5. Consecuencias de la Manus<\/li>\n<li style=\"font-weight: 400;\">La dote<br \/>\n6.1. Concepto<br \/>\n6.2. Constituci\u00f3n de la dote<br \/>\n6.3. Situaci\u00f3n de bienes dotales durante matrimonio<br \/>\n6.4. \u00bfQu\u00e9 suced\u00eda al t\u00e9rmino del matrimonio?<\/li>\n<li style=\"font-weight: 400;\">Las guardas o cuidados<br \/>\n7.1. Instituci\u00f3n de la tutela<br \/>\n7.2. Tutela de los imp\u00faberes<br \/>\n7.3. Derechos y obligaciones del tutor<\/li>\n<li style=\"font-weight: 400;\">Actuaci\u00f3n del tutor<\/li>\n<li style=\"font-weight: 400;\">Acciones que emanan de la tutela<br \/>\n9.1. Acciones penales<br \/>\n9.1.1. Accusatio suspecti tutori<br \/>\n9.1.2. Actio rationibus distrahendis<br \/>\n9.2. Acciones civiles<br \/>\n9.2.1. Actio tutela directa<br \/>\n9.2.2. Actio tutela contraria<\/li>\n<li style=\"font-weight: 400;\">La tutela de las mujeres<\/li>\n<li style=\"font-weight: 400;\">Curatela de los menores de 25 a\u00f1os<\/li>\n<li style=\"font-weight: 400;\">Curatela del loco o furioso<\/li>\n<li style=\"font-weight: 400;\">Curatela del pr\u00f3digo<\/li>\n<\/ol>\n<p style=\"font-weight: 400;\"><b><strong>CAP\u00cdTULO 5<\/strong><\/b><br \/>\n<b><strong>DERECHO SUCESORIO<\/strong><\/b><\/p>\n<ol>\n<li style=\"font-weight: 400;\">La sucesi\u00f3n intestada o abintestato en el derecho civil<br \/>\n1.1. Heredes Sui<br \/>\n1.2. Agnado m\u00e1s pr\u00f3ximo<br \/>\n1.3. Gentiles<\/li>\n<li style=\"font-weight: 400;\">Sucesi\u00f3n intestada en el derecho pretorio o bonorum possessio sine tabula<br \/>\n2.1. Unde liberi (de los hijos)<br \/>\n2.2. Unde legitimi (de los leg\u00edtimos)<br \/>\n2.3. Unde Cognati (de los cognados)<br \/>\n2.4. Unde vir et uxor (del hombre y la mujer)<br \/>\n2.5. Estudio de Casos<br \/>\n2.6. Senadosconsultos<br \/>\n2.6.1. Senadoconsulto Tertuliano<br \/>\n2.6.2. Senadoconsulto Orficiano<br \/>\n2.7. Los nuevos \u00f3rdenes de Justiniano<\/li>\n<li style=\"font-weight: 400;\">La sucesi\u00f3n testada del derecho civil<br \/>\n3.1. Concepto de Testamento<br \/>\n3.2. Formas de Testamento<br \/>\n3.2.1. \u00c9poca Arcaica<br \/>\n3.2.2. \u00c9poca Cl\u00e1sica<br \/>\n3.3. La Instituci\u00f3n de Heredero<br \/>\n3.4. \u00bfQui\u00e9n puede otorgar testamento?<br \/>\n3.5. \u00bfQui\u00e9nes pueden ser herederos?<\/li>\n<li style=\"font-weight: 400;\">Legados<br \/>\n4.1. Concepto<br \/>\n4.2. Tipos de Legados en el Derecho Cl\u00e1sico<br \/>\n4.2.1. Legado per vindicationem<br \/>\n4.2.2. Legado per damnationem<br \/>\n4.2.3. Legado per sinendi modo (\u201cque permite\u201d)<br \/>\n4.2.4. Legado per praeceptionem (\u201cpor anticipaci\u00f3n\u201d)<br \/>\n4.3. \u00bfD\u00f3nde se otorgan los legados?<br \/>\n4.4. Limitaciones a la facultad del legado<br \/>\n4.5. \u00bfCu\u00e1ndo el legatario puede reclamar su legado<\/li>\n<li style=\"font-weight: 400;\">Fideicomiso<br \/>\n5.1. Concepto<br \/>\n5.2. \u00bfD\u00f3nde se puede disponer?<br \/>\n5.3. Fideicomiso universal<\/li>\n<li style=\"font-weight: 400;\">Sucesi\u00f3n contra testamento<\/li>\n<li style=\"font-weight: 400;\">Sucesi\u00f3n forzosa formal de acuerdo al derecho civil<\/li>\n<li style=\"font-weight: 400;\">Bonorum possessio contra tabula<\/li>\n<li style=\"font-weight: 400;\">Adquisici\u00f3n de la herencia<br \/>\n9.1. Herederos necesarios<br \/>\n9.2. Herederos voluntarios<\/li>\n<\/ol>\n<p style=\"font-weight: 400;\"><b><strong>CAP\u00cdTULO 6<\/strong><\/b><br \/>\n<b><strong>DERECHOS REALES<\/strong><\/b><\/p>\n<ol>\n<li style=\"font-weight: 400;\">Concepto de cosa y de bien<\/li>\n<li style=\"font-weight: 400;\">Clasificaci\u00f3n de las cosas<br \/>\n2.1. Las cosas de Derecho Divino o Res Divini Iuri.<br \/>\n2.2. Las cosas de Derecho Humano<\/li>\n<li style=\"font-weight: 400;\">El dominio<br \/>\n3.1. Atributos del Dominio<br \/>\n3.1.1. Uti<br \/>\n3.1.2. Frui<br \/>\n3.1.3. Habere<br \/>\n3.1.4. Possidere<\/li>\n<li style=\"font-weight: 400;\">Los tipos de dominio o propiedad que existieron en el derecho romano<br \/>\n4.1 Propiedad Civil<br \/>\n4.1.1. Si el demandado restituye, tiene ciertos derechos<br \/>\n4.1.2. El demandante tiene derecho<br \/>\n4.2. Propiedad Pretoriana &#8211; Bonitaria \u2013 Publiciana<br \/>\n4.3. Propiedad Provincial<br \/>\n4.4. Propiedad Peregrina<\/li>\n<li style=\"font-weight: 400;\">La posesi\u00f3n<br \/>\n5.1. Posesi\u00f3n Civil<br \/>\n5.1.1. Elementos<br \/>\n5.2. Posesi\u00f3n Interdictal<br \/>\n5.2.1. Interdicto Retinendae<br \/>\n5.2.2. Interdicto Recuperandae<br \/>\n5.3. Poseedor Natural<\/li>\n<li style=\"font-weight: 400;\">Modos de adquirir el dominio<br \/>\n6.1. Justas adquisiciones posesorias<br \/>\n6.1.1. La Ocupaci\u00f3n<br \/>\n6.1.2. La Accesi\u00f3n<br \/>\n6.1.3. La Especificaci\u00f3n<br \/>\n6.1.4. La Tradici\u00f3n<br \/>\n6.1.5. La adquisici\u00f3n del Tesoro<br \/>\n6.1.6. La Mezcla<br \/>\n6.1.7. Adquisici\u00f3n de los frutos<br \/>\n6.1.8. La Usucapi\u00f3n<br \/>\n6.2. Actos formales de atribuci\u00f3n<br \/>\n6.2.1. Mancipatio<br \/>\n6.2.2. Legado Vindicatorio<br \/>\n6.2.3. In iure cesio<br \/>\n6.2.4. La Adiudicatio<\/li>\n<li style=\"font-weight: 400;\">Usufructo<\/li>\n<\/ol>\n<p style=\"font-weight: 400;\">7.1. Constituci\u00f3n del derecho de usufructo<br \/>\n7.2. Vindicatio usufructo<br \/>\n7.3. T\u00e9rmino del usufructo<\/p>\n<ol start=\"8\">\n<li style=\"font-weight: 400;\">Servidumbres<br \/>\n8.1. Caracter\u00edsticas<br \/>\n8.2. Acciones<br \/>\n8.3. Clasificaci\u00f3n de la servidumbre<\/li>\n<\/ol>\n<p style=\"font-weight: 400;\"><b><strong>CAP\u00cdTULO 7<\/strong><\/b><br \/>\n<b><strong>OBLIGACIONES<\/strong><\/b><\/p>\n<ol>\n<li style=\"font-weight: 400;\">Concepto<\/li>\n<li style=\"font-weight: 400;\">Clasificaci\u00f3n<br \/>\n2.1. De acuerdo al objeto de la obligaci\u00f3n<br \/>\n2.2. Atendiendo a la acci\u00f3n<br \/>\n2.3. Del punto de vista del sujeto<br \/>\n2.3.1. Fuentes de la solidaridad<\/li>\n<li style=\"font-weight: 400;\">Introducci\u00f3n a las fuentes de las obligaciones<br \/>\n3.1. Conceptos<\/li>\n<li style=\"font-weight: 400;\">Las fuentes de las obligaciones<br \/>\n4.1. Contratos<br \/>\n4.1.1 Contratos Verbales<br \/>\n4.1.2. Contratos Reales<br \/>\na) Mutuo<br \/>\nb) Dep\u00f3sito<br \/>\nc) El comodato<br \/>\nd) La prenda<br \/>\n4.1.3. Contratos consensuales<br \/>\na) Compra-venta<br \/>\nObligaciones del vendedor<br \/>\nObligaci\u00f3n del comprado<br \/>\nb) La sociedad<br \/>\nc) El mandato<br \/>\nd) Arrendamiento o locaci\u00f3n<br \/>\n4.1.4. Contratos literales<br \/>\n4.1.5. Contratos innominado<br \/>\n4.2. Cuasi-contrat<br \/>\n4.3. Delitos privados<br \/>\nFurtum<br \/>\nDa\u00f1o<br \/>\n4.4. Cuasi-delitos<\/li>\n<li style=\"font-weight: 400;\">Extinci\u00f3n de las obligaciones<br \/>\n5.1. El pago<br \/>\n5.2. Compensaci\u00f3n<br \/>\n5.3. La novaci\u00f3n<\/li>\n<li style=\"font-weight: 400;\">Garant\u00edas de las obligaciones<\/li>\n<\/ol>\n<p style=\"font-weight: 400;\">Casos Pr\u00e1cticos<br \/>\nDerecho de Familia, Sucesorio y Reales<\/p>\n<p><b><strong>Anexos<\/strong><\/b><\/p>\n<ol>\n<li style=\"font-weight: 400;\">Ejemplo de compraventa de un esclavo<br \/>\n2. Ejemplo de un testamento<br \/>\n3. Noches \u00e1ticas, Aulo Gelio<br \/>\n4. Primera Catilinaria, Marco Tulio Cicer\u00f3n<br \/>\n5. Ley de las XII tablas<br \/>\n6. Edicto de Caracalla<br \/>\n7. Regulae Juris<br \/>\n8. Lex Aquilia<br \/>\n9. Ley de Citas<br \/>\n10. Senados Consultos<br \/>\n11. Edicto de Caracalla<\/li>\n<\/ol>\n<p style=\"font-weight: 400;\">\n","protected":false},"excerpt":{"rendered":"<p>Esta obra est\u00e1 estructurada en torno a los temas que desde hace mucho constituyen la ense\u00f1anza elemental del derecho romano. Con una divisi\u00f3n en siete cap\u00edtulos, se avanza desde la historia externa (cap. 1) hasta el proceso romano (cap. 3), a lo largo de un camino que atraviesa el examen de las fuentes del Derecho (cap. 2), el Derecho de personas y familia (cap. 4), Derecho sucesorio (cap. 5), derechos reales (cap. 6) y obligaciones (cap. 7). Como lo explica la misma autora, se trata de un texto orientado a estudiantes que deben enfrentar, por regla general, una asignatura de un semestre de duraci\u00f3n, lo que explica que las materias tratadas lo est\u00e9n en sus aspectos fundamentales y sean preteridas algunas cuestiones que, de contarse con m\u00e1s tiempo, podr\u00edan ser tambi\u00e9n de inter\u00e9s. Pero esto no es un defecto de la obra, sino su principal virtud, esto es, la de servir de gu\u00eda para la comprensi\u00f3n de instituciones que, en una primera aproximaci\u00f3n, se muestran como particularmente dif\u00edciles. Y aqu\u00ed radica uno de los mayores m\u00e9ritos de la obra: la claridad de la exposici\u00f3n. Es previsible que los estudiantes que se apoyen en estas lecciones accedan al conocimiento del derecho romano a trav\u00e9s de un lenguaje sencillo e iluminador; de ser as\u00ed, el desaf\u00edo de aprender las nociones fundamentales de la asignatura estar\u00e1 a la mano, en particular si los estudiantes, es decir, los destinatarios de estas lecciones, utilizan los anexos que la autora ha preparado en forma de apoyos. No cabe duda que la disecci\u00f3n de los t\u00e9rminos de una compraventa o de un departamento, o bien de la experiencia contada por Aulo Gelio proveer\u00e1n a los lectores de elementos de juicio que contribuir\u00e1n a afianzar a\u00fan m\u00e1s aquellas nociones. Ni que decir de los beneficios de la lectura de Cicer\u00f3n, que siempre supondr\u00e1 un poderoso est\u00edmulo a la inteligencia de quienes ven en su propia formaci\u00f3n en derecho uno de los m\u00e1s grandes desaf\u00edos que se pod\u00eda proponer CAP\u00cdTULO 1 HISTORIA EXTERNA \u00c9poca antigua y monarqu\u00eda 2. La Rep\u00fablica 3. Los Triunviratos 4. El Imperio 5. La vida social y cultural CAP\u00cdTULO 2 LAS FUENTES DEL DERECHO La costumbre jur\u00eddica 2. La ley 3. El plebiscito 4. El edicto del pretor 5. La jurisprudencia 6. Senadoconsultos 7. Las constituciones imperiales 8. El corpus iuris civilis CAP\u00cdTULO 3 PROCESOS Y PROCEDIMIENTOS EN ROMA Conceptos b\u00e1sicos y clasificaciones Acciones de la ley. Per\u00edodo arcaico (453 A.C.) 2.1. Caracter\u00edsticas comunes de las acciones de la ley 2.2. Legis Actio per Sacramentum (Acci\u00f3n de la ley por apuesta sacramental) 2.3. Legis Actio per Iudicis Arbitrive Postulationem (Acci\u00f3n de la ley por petici\u00f3n de juez o \u00e1rbitro) 2.4. Legis Actio per Condictionem (Acci\u00f3n de la ley por denuncia) 2.5. Legis Actio per Manus Iniectionem (Acci\u00f3n de la ley por imposici\u00f3n de la mano) 2.6. Legis Actio per Pignoris Capionem (Acci\u00f3n de la ley por toma de prenda) Procedimiento formulario 3.1. Procedimiento declarativo 3.2. Etapa In Iure 3.3. Efectos de la Litis Contestatio 3.4. Etapa Apud Iudicem 3.5. Estudio de casos 3.6. La F\u00f3rmula 3.7. Partes principales de la F\u00f3rmula 3.8. Partes secundarias de la F\u00f3rmula 3.9. Estudio de casos Juicio ejecutivo 4.1. Etapa In Iure 4.2. Efecto de la subasta p\u00fablica Clasificaci\u00f3n de las acciones 5.1. Acciones reales &#8211; acciones personales 5.2. Acciones civiles &#8211; acciones pretorias 5.3. Acciones reipersecutorias &#8211; acciones penales &#8211; acciones mixtas 5.4. Acciones de derecho estricto &#8211; acciones de buena fe 5.5. Acciones privadas &#8211; Acciones populares 5.6. Estudio de Casos M\u00e9todos para impugnar la sentencia Procedimientos basados en el imperio del pretor 7.1. Las estipulaciones pretorias 7.2. Restitutio In Integrum 7.2.1. Las causas de la concesi\u00f3n de la Restitutio In Integrum 7.3. Missio In Possessionem. (Puesto en posesi\u00f3n. Embargo) 7.4. Interdictos 7.4.1. Procedimiento Ex Interdicto 7.4.2. Los Interdictos Posesorios Caracter\u00edsticas del procedimiento extraordinario CAP\u00cdTULO 4 LAS PERSONAS Y FAMILIA Status o estados Parentesco 2.1. Agnaticio 2.2. Gentilidad 2.3. Consangu\u00edneo 2.4. Por afinidad La patria potestad 3.1. Peculio castrense 3.2. Peculio cuasi-castrense 3.3. Peculios adventicios 3.4. Formas para estar bajo Patria Potestad 3.5. Formas de poner t\u00e9rmino a la Patria Potestad Situaci\u00f3n jur\u00eddica de las personas dependientes 4.1. Desde el punto de vista penal 4.2. En materia civil Matrimonio 5.1. Caracter\u00edsticas del matrimonio 5.2. Requisitos para contraer matrimonio 5.3. Impedimentos para contraer matrimonio 5.4. Ceremonias de la Manus 5.5. Consecuencias de la Manus La dote 6.1. Concepto 6.2. Constituci\u00f3n de la dote 6.3. Situaci\u00f3n de bienes dotales durante matrimonio 6.4. \u00bfQu\u00e9 suced\u00eda al t\u00e9rmino del matrimonio? Las guardas o cuidados 7.1. Instituci\u00f3n de la tutela 7.2. Tutela de los imp\u00faberes 7.3. Derechos y obligaciones del tutor Actuaci\u00f3n del tutor Acciones que emanan de la tutela 9.1. Acciones penales 9.1.1. Accusatio suspecti tutori 9.1.2. Actio rationibus distrahendis 9.2. Acciones civiles 9.2.1. Actio tutela directa 9.2.2. Actio tutela contraria La tutela de las mujeres Curatela de los menores de 25 a\u00f1os Curatela del loco o furioso Curatela del pr\u00f3digo CAP\u00cdTULO 5 DERECHO SUCESORIO La sucesi\u00f3n intestada o abintestato en el derecho civil 1.1. Heredes Sui 1.2. Agnado m\u00e1s pr\u00f3ximo 1.3. Gentiles Sucesi\u00f3n intestada en el derecho pretorio o bonorum possessio sine tabula 2.1. Unde liberi (de los hijos) 2.2. Unde legitimi (de los leg\u00edtimos) 2.3. Unde Cognati (de los cognados) 2.4. Unde vir et uxor (del hombre y la mujer) 2.5. Estudio de Casos 2.6. Senadosconsultos 2.6.1. Senadoconsulto Tertuliano 2.6.2. Senadoconsulto Orficiano 2.7. Los nuevos \u00f3rdenes de Justiniano La sucesi\u00f3n testada del derecho civil 3.1. Concepto de Testamento 3.2. Formas de Testamento 3.2.1. \u00c9poca Arcaica 3.2.2. \u00c9poca Cl\u00e1sica 3.3. La Instituci\u00f3n de Heredero 3.4. \u00bfQui\u00e9n puede otorgar testamento? 3.5. \u00bfQui\u00e9nes pueden ser herederos? Legados 4.1. Concepto 4.2. Tipos de Legados en el Derecho Cl\u00e1sico 4.2.1. Legado per vindicationem 4.2.2. Legado per damnationem 4.2.3. Legado per sinendi modo (\u201cque permite\u201d) 4.2.4. Legado per praeceptionem (\u201cpor anticipaci\u00f3n\u201d) 4.3. \u00bfD\u00f3nde se otorgan los legados? 4.4. Limitaciones a la facultad del legado 4.5. \u00bfCu\u00e1ndo el legatario puede reclamar su legado Fideicomiso 5.1. Concepto 5.2. \u00bfD\u00f3nde se puede disponer? 5.3. Fideicomiso universal Sucesi\u00f3n contra<\/p>\n","protected":false},"featured_media":3496,"comment_status":"open","ping_status":"closed","template":"","meta":{"inline_featured_image":false,"_joinchat":[]},"product_brand":[],"product_cat":[44],"product_tag":[],"class_list":{"0":"post-3446","1":"product","2":"type-product","3":"status-publish","4":"has-post-thumbnail","6":"product_cat-filosofia-del-derecho-y-introduccion","7":"product_shipping_class-a-convenir","9":"first","10":"instock","11":"shipping-taxable","12":"purchasable","13":"product-type-simple"},"_links":{"self":[{"href":"https:\/\/bibliotecajuridicavirtual.cl\/index.php\/wp-json\/wp\/v2\/product\/3446","targetHints":{"allow":["GET"]}}],"collection":[{"href":"https:\/\/bibliotecajuridicavirtual.cl\/index.php\/wp-json\/wp\/v2\/product"}],"about":[{"href":"https:\/\/bibliotecajuridicavirtual.cl\/index.php\/wp-json\/wp\/v2\/types\/product"}],"replies":[{"embeddable":true,"href":"https:\/\/bibliotecajuridicavirtual.cl\/index.php\/wp-json\/wp\/v2\/comments?post=3446"}],"wp:featuredmedia":[{"embeddable":true,"href":"https:\/\/bibliotecajuridicavirtual.cl\/index.php\/wp-json\/wp\/v2\/media\/3496"}],"wp:attachment":[{"href":"https:\/\/bibliotecajuridicavirtual.cl\/index.php\/wp-json\/wp\/v2\/media?parent=3446"}],"wp:term":[{"taxonomy":"product_brand","embeddable":true,"href":"https:\/\/bibliotecajuridicavirtual.cl\/index.php\/wp-json\/wp\/v2\/product_brand?post=3446"},{"taxonomy":"product_cat","embeddable":true,"href":"https:\/\/bibliotecajuridicavirtual.cl\/index.php\/wp-json\/wp\/v2\/product_cat?post=3446"},{"taxonomy":"product_tag","embeddable":true,"href":"https:\/\/bibliotecajuridicavirtual.cl\/index.php\/wp-json\/wp\/v2\/product_tag?post=3446"}],"curies":[{"name":"wp","href":"https:\/\/api.w.org\/{rel}","templated":true}]}}