{"id":3471,"date":"2026-02-28T01:14:31","date_gmt":"2026-02-28T04:14:31","guid":{"rendered":"https:\/\/bibliotecajuridicavirtual.cl\/?post_type=product&#038;p=3471"},"modified":"2026-02-28T01:15:11","modified_gmt":"2026-02-28T04:15:11","slug":"introduccion-al-derecho-7ma-edicion-ano-2018-372-pag-autor-jorge-ivan-hubner-gallo","status":"publish","type":"product","link":"https:\/\/bibliotecajuridicavirtual.cl\/index.php\/product\/introduccion-al-derecho-7ma-edicion-ano-2018-372-pag-autor-jorge-ivan-hubner-gallo\/","title":{"rendered":"Introducci\u00f3n al Derecho- 7ma Edici\u00f3n . A\u00f1o 2018 \/372 P\u00e1g. Autor Jorge Ivan H\u00fcbner Gallo"},"content":{"rendered":"<p><strong>PRIMERA PARTE<\/strong><\/p>\n<p><strong>CAP\u00cdTULO PRIMERO<\/strong><br \/>\n<strong>EN EL UMBRAL DE UN MUNDO NUEVO<\/strong><\/p>\n<p>1. Avizorando el futuro<br \/>\n2. Caracteres del mundo del ma\u00f1ana<br \/>\n3. Misi\u00f3n del Derecho en la nueva civilizaci\u00f3n<\/p>\n<p><strong>CAP\u00cdTULO SEGUNDO<\/strong><br \/>\n<strong>LA UNIVERSIDAD Y LOS ESTUDIOS JUR\u00cdDICOS<\/strong><\/p>\n<p>4. La ense\u00f1anza superior en la Antguedad<br \/>\n5. Or\u00edgenes hist\u00f3ricos de las universidades<br \/>\n6. Las universidades en la \u00e9poca moderna y contempor\u00e1nea<br \/>\n7. La Universidad en Chile<br \/>\n8. Concepto y misi\u00f3n de la Universidad<br \/>\n9. Antecedentes hist\u00f3ricos de la ense\u00f1anza del Derecho en Chile<\/p>\n<p><strong>SEGUNDA PARTE<\/strong><br \/>\n<strong>EL CONOCIMIENTO DEL DERECHO<\/strong><\/p>\n<p><strong>CAP\u00cdTULO PRIMERO<\/strong><br \/>\n<strong>LA INTRODUCCI\u00d3N AL DERECHO<\/strong><\/p>\n<p>10. Importancia de una iniciaci\u00f3n al Derecho<br \/>\n11. Antecedentes hist\u00f3ricos de la asignatura<br \/>\n12. Evoluci\u00f3n de la asignatura en Chile<br \/>\n13. Caracteres del actual programa de Introducci\u00f3n al Derecho de la Universidad de Chile<\/p>\n<p><strong>CAP\u00cdTULO SEGUNDO<\/strong><br \/>\n<strong>CIENCIA, SOCIOLOG\u00cdA Y FILOSOF\u00cdA DEL DERECHO<\/strong><\/p>\n<p>13 bis. \u00c1ngulos de enfoque del Derecho<br \/>\n14. Concepto y elementos de la ciencia<br \/>\n15. Clasificaci\u00f3n de las ciencias<br \/>\n16. La ciencia del Derecho<br \/>\n17. Origen y formaci\u00f3n de la ciencia del Derecho<br \/>\n18. Ramas\u00a0 de la Ciencia Jur\u00eddica<br \/>\n19. Sociolog\u00eda en general y sociolog\u00eda jur\u00eddica<br \/>\n20. Filosof\u00eda General y Filosof\u00eda del Derecho<br \/>\n21. Las t\u00e9cnicas del Derecho<br \/>\n21 bis. La computaci\u00f3n y el Derecho<\/p>\n<p><strong>TERCERA PARTE<\/strong><br \/>\n<strong>EL HOMBRE, LA SOCIEDAD Y EL DERECHO<\/strong><\/p>\n<p><strong>CAP\u00cdTULO PRIMERO<\/strong><br \/>\n<strong>EL HOMBRE<\/strong><\/p>\n<p>22. Importancia de la idea del hombre<br \/>\n23. Vistazo hist\u00f3rico sobre el problema antropol\u00f3gico<br \/>\n24. Las tendencias actuales<br \/>\n25. Concepto de persona<\/p>\n<p><strong>CAP\u00cdTULO SEGUNDO<\/strong><br \/>\n<strong>LA SOCIEDAD Y EL DERECHO<\/strong><\/p>\n<p>26. La sociedad, consecuencia de la naturaleza humana<br \/>\n27. El Derecho, consecuencia de la sociedad<\/p>\n<p><strong>CAP\u00cdTULO TERCERO<\/strong><br \/>\n<strong>LOS DERECHOS HUMANOS<\/strong><\/p>\n<p>28. Antecedentes hist\u00f3ricos<br \/>\n29. Naturaleza, caracter\u00edstica y limitaciones de los derechos humanos<br \/>\n30. Principales derechos humanos<br \/>\n31. La Declaraci\u00f3n Universal de Derechos Humanos<\/p>\n<p><strong>DECLARACI\u00d3N UNIVERSAL DE DERECHOS HUMANOS<\/strong><\/p>\n<p>Pre\u00e1mbulo<br \/>\nLa Asamblea General. Proclama<\/p>\n<p><strong>CUARTA PARTE<\/strong><br \/>\n<strong>LA G\u00c9NESIS DEL DERECHO<\/strong><\/p>\n<p><strong>CAP\u00cdTULO \u00daNICO<\/strong><br \/>\n<strong>FUENTES Y FORMAS DE EXPRESI\u00d3N DEL DERECHO<\/strong><\/p>\n<p>32. Noci\u00f3n y clasificaci\u00f3n de las fuentes del Derecho<br \/>\n33. Formas de expresi\u00f3n del Derecho: la costumbre, la ley y la sentencia<br \/>\n34. Los tratados internacionales<br \/>\n35. Las opiniones de los tratadistas<br \/>\n36. Los principios generales del Derecho<br \/>\n37. El contrato, \u00bfes fuente formal del Derecho?<\/p>\n<p><strong>QUINTA PARTE<\/strong><br \/>\n<strong>LA TRAMA DEL DERECHO<\/strong><\/p>\n<p><strong>CAP\u00cdTULO \u00daNICO<\/strong><br \/>\n<strong>LA RELACI\u00d3N JUR\u00cdDICA, SU NATURALEZA Y SUS ELEMENTOS<\/strong><\/p>\n<p>38. La relaci\u00f3n jur\u00eddica. Concepto y elementos<br \/>\n38 bis. Los sujetos del Derecho<br \/>\n39. El hecho generador o condicionante de la relaci\u00f3n jur\u00eddica. Teor\u00eda de los actos jur\u00eddicos<br \/>\n40. El v\u00ednculo en la relaci\u00f3n jur\u00eddica<br \/>\n41. El objeto de la relaci\u00f3n jur\u00eddica<br \/>\n42. La norma jur\u00eddica que tutela la relaci\u00f3n<br \/>\n43. La consecuencia jur\u00eddica de la relaci\u00f3n. El cumplimiento o la sanci\u00f3n<br \/>\n44. La noci\u00f3n de situaci\u00f3n jur\u00eddica<br \/>\n45. Los derechos subjetivos<\/p>\n<p><strong>SEXTA PARTE<\/strong><br \/>\n<strong>NATURALEZA, ESTRUCTURA Y FINES DEL DERECHO<\/strong><\/p>\n<p><strong>CAP\u00cdTULO PRIMERO<\/strong><br \/>\n<strong>TEOR\u00cdA DE LA NORMA JUR\u00cdDICA<\/strong><\/p>\n<p>46. La normatividad como elemento esencial del Derecho<br \/>\n47. La norma y la regla<br \/>\n48. Ser y deber ser. Ley f\u00edsica y norma<br \/>\n49. Concepto y estructura formal de la norma &#8220;in genere&#8221;<br \/>\n50. El contenido de las normas<br \/>\n51. Las normas sociales<br \/>\n52. Las decisiones jur\u00eddicas<br \/>\n53. Elementos internos de la noma jur\u00eddica<br \/>\n54. El problema de la coactividad del Derecho<br \/>\n55. Estructura l\u00f3gica de la norma jur\u00eddica<\/p>\n<p><strong>CAP\u00cdTULO SEGUNDO<\/strong><br \/>\n<strong>LOS FINES DEL DERECHO<\/strong><\/p>\n<p>56. Los fines del Derecho<br \/>\n57. La Justicia<br \/>\n58. El Bien Com\u00fan<br \/>\n59. Las funciones del Derecho<\/p>\n<p><strong>CAP\u00cdTULO TERCERO<\/strong><br \/>\n<strong>CONCEPTO Y DEFINICI\u00d3N DEL DERECHO<\/strong><\/p>\n<p>60. El concepto del Derecho<br \/>\n61. La noci\u00f3n del Derecho a trav\u00e9s de la historia<br \/>\n62. El problema de la definici\u00f3n del Derecho<\/p>\n<p>CAP\u00cdTULO CUARTO<br \/>\nDERECHO, RELIGI\u00d3N, TRATO SOCIAL Y MORAL<\/p>\n<p>63. Normas jur\u00eddicas y otros sistemas normativos<br \/>\n64. El Derecho y la Religi\u00f3n<br \/>\n65. El derecho y los convencionalismos sociales<br \/>\n66. El Derecho y la Moral<br \/>\n67. Diferencias entre Derecho Positivo y moral<\/p>\n<p><strong>S\u00c9PTIMA PARTE<\/strong><br \/>\n<strong>EL FUNDAMENTO DEL DERECHO<\/strong><\/p>\n<p><strong>CAP\u00cdTULO \u00daNICO<\/strong><br \/>\n<strong>POSITIVISMO Y IUSNATURALISMO<\/strong><\/p>\n<p>68. El fundamento del Derecho<br \/>\n69. El positivismo ante el Derecho<br \/>\n70. El iusnaturalismo<br \/>\n71. El Derecho Natural a trav\u00e9s de la historia<br \/>\n72. Concepto del Derecho Natural<br \/>\n73. Contenido del Derecho Natural<br \/>\n74. Caracteres<br \/>\n75. Fundamento filos\u00f3fico del Derecho Natural<br \/>\n76. Existencia del Derecho Natural<br \/>\n77. Derecho Natural y Derecho Positivo<br \/>\n78. Objeciones contra el Derecho Natural<\/p>\n<p><strong>OCTAVA PARTE<\/strong><br \/>\n<strong>LA CONCRECI\u00d3N SOCIAL DEL DERECHO<\/strong><\/p>\n<p><strong>CAP\u00cdTULO \u00daNICO<\/strong><br \/>\n<strong>EL ORDENAMIENTO JUR\u00cdDICO<\/strong><\/p>\n<p>79. El ordenamiento jur\u00eddico<br \/>\n80. El Derecho Internacional P\u00fablico<br \/>\n81. El Derecho Internacional Privado<br \/>\n82. El Derecho Nacional. La teor\u00eda de la estructura escalonada del orden jur\u00eddico<br \/>\n83. El dualismo Derecho P\u00fablico y Derecho Privado<br \/>\n84. Concepto del Estado<br \/>\n85. El ordenamiento jur\u00eddico nacional. Principales ramas del Derecho P\u00fablico<br \/>\n86. Principales ramas del Derecho Privado<br \/>\n87. El ordenamiento jur\u00eddico de la Iglesia: El Derecho Can\u00f3nico<br \/>\n88. Las nuevas concreciones del ordenamiento jur\u00eddico<\/p>\n<p><strong>NOVENA PARTE<\/strong><br \/>\n<strong>LA VIDA DEL DERECHO<\/strong><\/p>\n<p><strong>CAP\u00cdTULO \u00daNICO<\/strong><br \/>\n<strong>LA APLICACI\u00d3N DEL DERECHO<\/strong><\/p>\n<p>89. La observancia del ordenamiento jur\u00eddico<br \/>\n90. Aplicaci\u00f3n del Derecho en el espacio<br \/>\n91. Aplicaci\u00f3n del Derecho en el tiempo<br \/>\n92. La interpretaci\u00f3n de la ley<br \/>\n93. La integraci\u00f3n de las lagunas legales<br \/>\n94. La transgresi\u00f3n del Derecho. Teor\u00eda de la sanci\u00f3n<br \/>\n95. Los abogados<br \/>\n96. La \u00e9tica profesional<br \/>\n97. Los Mandamientos del Abogado<\/p>\n","protected":false},"excerpt":{"rendered":"<p>PRIMERA PARTE CAP\u00cdTULO PRIMERO EN EL UMBRAL DE UN MUNDO NUEVO 1. Avizorando el futuro 2. Caracteres del mundo del ma\u00f1ana 3. Misi\u00f3n del Derecho en la nueva civilizaci\u00f3n CAP\u00cdTULO SEGUNDO LA UNIVERSIDAD Y LOS ESTUDIOS JUR\u00cdDICOS 4. La ense\u00f1anza superior en la Antguedad 5. Or\u00edgenes hist\u00f3ricos de las universidades 6. Las universidades en la \u00e9poca moderna y contempor\u00e1nea 7. La Universidad en Chile 8. Concepto y misi\u00f3n de la Universidad 9. Antecedentes hist\u00f3ricos de la ense\u00f1anza del Derecho en Chile SEGUNDA PARTE EL CONOCIMIENTO DEL DERECHO CAP\u00cdTULO PRIMERO LA INTRODUCCI\u00d3N AL DERECHO 10. Importancia de una iniciaci\u00f3n al Derecho 11. Antecedentes hist\u00f3ricos de la asignatura 12. Evoluci\u00f3n de la asignatura en Chile 13. Caracteres del actual programa de Introducci\u00f3n al Derecho de la Universidad de Chile CAP\u00cdTULO SEGUNDO CIENCIA, SOCIOLOG\u00cdA Y FILOSOF\u00cdA DEL DERECHO 13 bis. \u00c1ngulos de enfoque del Derecho 14. Concepto y elementos de la ciencia 15. Clasificaci\u00f3n de las ciencias 16. La ciencia del Derecho 17. Origen y formaci\u00f3n de la ciencia del Derecho 18. Ramas\u00a0 de la Ciencia Jur\u00eddica 19. Sociolog\u00eda en general y sociolog\u00eda jur\u00eddica 20. Filosof\u00eda General y Filosof\u00eda del Derecho 21. Las t\u00e9cnicas del Derecho 21 bis. La computaci\u00f3n y el Derecho TERCERA PARTE EL HOMBRE, LA SOCIEDAD Y EL DERECHO CAP\u00cdTULO PRIMERO EL HOMBRE 22. Importancia de la idea del hombre 23. Vistazo hist\u00f3rico sobre el problema antropol\u00f3gico 24. Las tendencias actuales 25. Concepto de persona CAP\u00cdTULO SEGUNDO LA SOCIEDAD Y EL DERECHO 26. La sociedad, consecuencia de la naturaleza humana 27. El Derecho, consecuencia de la sociedad CAP\u00cdTULO TERCERO LOS DERECHOS HUMANOS 28. Antecedentes hist\u00f3ricos 29. Naturaleza, caracter\u00edstica y limitaciones de los derechos humanos 30. Principales derechos humanos 31. La Declaraci\u00f3n Universal de Derechos Humanos DECLARACI\u00d3N UNIVERSAL DE DERECHOS HUMANOS Pre\u00e1mbulo La Asamblea General. Proclama CUARTA PARTE LA G\u00c9NESIS DEL DERECHO CAP\u00cdTULO \u00daNICO FUENTES Y FORMAS DE EXPRESI\u00d3N DEL DERECHO 32. Noci\u00f3n y clasificaci\u00f3n de las fuentes del Derecho 33. Formas de expresi\u00f3n del Derecho: la costumbre, la ley y la sentencia 34. Los tratados internacionales 35. Las opiniones de los tratadistas 36. Los principios generales del Derecho 37. El contrato, \u00bfes fuente formal del Derecho? QUINTA PARTE LA TRAMA DEL DERECHO CAP\u00cdTULO \u00daNICO LA RELACI\u00d3N JUR\u00cdDICA, SU NATURALEZA Y SUS ELEMENTOS 38. La relaci\u00f3n jur\u00eddica. Concepto y elementos 38 bis. Los sujetos del Derecho 39. El hecho generador o condicionante de la relaci\u00f3n jur\u00eddica. Teor\u00eda de los actos jur\u00eddicos 40. El v\u00ednculo en la relaci\u00f3n jur\u00eddica 41. El objeto de la relaci\u00f3n jur\u00eddica 42. La norma jur\u00eddica que tutela la relaci\u00f3n 43. La consecuencia jur\u00eddica de la relaci\u00f3n. El cumplimiento o la sanci\u00f3n 44. La noci\u00f3n de situaci\u00f3n jur\u00eddica 45. Los derechos subjetivos SEXTA PARTE NATURALEZA, ESTRUCTURA Y FINES DEL DERECHO CAP\u00cdTULO PRIMERO TEOR\u00cdA DE LA NORMA JUR\u00cdDICA 46. La normatividad como elemento esencial del Derecho 47. La norma y la regla 48. Ser y deber ser. Ley f\u00edsica y norma 49. Concepto y estructura formal de la norma &#8220;in genere&#8221; 50. El contenido de las normas 51. Las normas sociales 52. Las decisiones jur\u00eddicas 53. Elementos internos de la noma jur\u00eddica 54. El problema de la coactividad del Derecho 55. Estructura l\u00f3gica de la norma jur\u00eddica CAP\u00cdTULO SEGUNDO LOS FINES DEL DERECHO 56. Los fines del Derecho 57. La Justicia 58. El Bien Com\u00fan 59. Las funciones del Derecho CAP\u00cdTULO TERCERO CONCEPTO Y DEFINICI\u00d3N DEL DERECHO 60. El concepto del Derecho 61. La noci\u00f3n del Derecho a trav\u00e9s de la historia 62. El problema de la definici\u00f3n del Derecho CAP\u00cdTULO CUARTO DERECHO, RELIGI\u00d3N, TRATO SOCIAL Y MORAL 63. Normas jur\u00eddicas y otros sistemas normativos 64. El Derecho y la Religi\u00f3n 65. El derecho y los convencionalismos sociales 66. El Derecho y la Moral 67. Diferencias entre Derecho Positivo y moral S\u00c9PTIMA PARTE EL FUNDAMENTO DEL DERECHO CAP\u00cdTULO \u00daNICO POSITIVISMO Y IUSNATURALISMO 68. El fundamento del Derecho 69. El positivismo ante el Derecho 70. El iusnaturalismo 71. El Derecho Natural a trav\u00e9s de la historia 72. Concepto del Derecho Natural 73. Contenido del Derecho Natural 74. Caracteres 75. Fundamento filos\u00f3fico del Derecho Natural 76. Existencia del Derecho Natural 77. Derecho Natural y Derecho Positivo 78. Objeciones contra el Derecho Natural OCTAVA PARTE LA CONCRECI\u00d3N SOCIAL DEL DERECHO CAP\u00cdTULO \u00daNICO EL ORDENAMIENTO JUR\u00cdDICO 79. El ordenamiento jur\u00eddico 80. El Derecho Internacional P\u00fablico 81. El Derecho Internacional Privado 82. El Derecho Nacional. La teor\u00eda de la estructura escalonada del orden jur\u00eddico 83. El dualismo Derecho P\u00fablico y Derecho Privado 84. Concepto del Estado 85. El ordenamiento jur\u00eddico nacional. Principales ramas del Derecho P\u00fablico 86. Principales ramas del Derecho Privado 87. El ordenamiento jur\u00eddico de la Iglesia: El Derecho Can\u00f3nico 88. Las nuevas concreciones del ordenamiento jur\u00eddico NOVENA PARTE LA VIDA DEL DERECHO CAP\u00cdTULO \u00daNICO LA APLICACI\u00d3N DEL DERECHO 89. La observancia del ordenamiento jur\u00eddico 90. Aplicaci\u00f3n del Derecho en el espacio 91. Aplicaci\u00f3n del Derecho en el tiempo 92. La interpretaci\u00f3n de la ley 93. La integraci\u00f3n de las lagunas legales 94. La transgresi\u00f3n del Derecho. Teor\u00eda de la sanci\u00f3n 95. Los abogados 96. La \u00e9tica profesional 97. Los Mandamientos del Abogado<\/p>\n","protected":false},"featured_media":3507,"comment_status":"open","ping_status":"closed","template":"","meta":{"inline_featured_image":false,"_joinchat":[]},"product_brand":[],"product_cat":[40,44],"product_tag":[],"class_list":{"0":"post-3471","1":"product","2":"type-product","3":"status-publish","4":"has-post-thumbnail","6":"product_cat-ediciones-juridica-de-santiago","7":"product_cat-filosofia-del-derecho-y-introduccion","8":"product_shipping_class-a-convenir","10":"first","11":"instock","12":"shipping-taxable","13":"purchasable","14":"product-type-simple"},"_links":{"self":[{"href":"https:\/\/bibliotecajuridicavirtual.cl\/index.php\/wp-json\/wp\/v2\/product\/3471","targetHints":{"allow":["GET"]}}],"collection":[{"href":"https:\/\/bibliotecajuridicavirtual.cl\/index.php\/wp-json\/wp\/v2\/product"}],"about":[{"href":"https:\/\/bibliotecajuridicavirtual.cl\/index.php\/wp-json\/wp\/v2\/types\/product"}],"replies":[{"embeddable":true,"href":"https:\/\/bibliotecajuridicavirtual.cl\/index.php\/wp-json\/wp\/v2\/comments?post=3471"}],"wp:featuredmedia":[{"embeddable":true,"href":"https:\/\/bibliotecajuridicavirtual.cl\/index.php\/wp-json\/wp\/v2\/media\/3507"}],"wp:attachment":[{"href":"https:\/\/bibliotecajuridicavirtual.cl\/index.php\/wp-json\/wp\/v2\/media?parent=3471"}],"wp:term":[{"taxonomy":"product_brand","embeddable":true,"href":"https:\/\/bibliotecajuridicavirtual.cl\/index.php\/wp-json\/wp\/v2\/product_brand?post=3471"},{"taxonomy":"product_cat","embeddable":true,"href":"https:\/\/bibliotecajuridicavirtual.cl\/index.php\/wp-json\/wp\/v2\/product_cat?post=3471"},{"taxonomy":"product_tag","embeddable":true,"href":"https:\/\/bibliotecajuridicavirtual.cl\/index.php\/wp-json\/wp\/v2\/product_tag?post=3471"}],"curies":[{"name":"wp","href":"https:\/\/api.w.org\/{rel}","templated":true}]}}