{"id":3472,"date":"2026-02-28T01:14:31","date_gmt":"2026-02-28T04:14:31","guid":{"rendered":"https:\/\/bibliotecajuridicavirtual.cl\/?post_type=product&#038;p=3472"},"modified":"2026-02-28T01:15:17","modified_gmt":"2026-02-28T04:15:17","slug":"teoria-y-practica-del-derecho-internacional-publico-introduccion-y-fuentes-tomo-i-5ta-edicion-ano-2021-713-pag-autor-hugo-llanos-mansilla","status":"publish","type":"product","link":"https:\/\/bibliotecajuridicavirtual.cl\/index.php\/product\/teoria-y-practica-del-derecho-internacional-publico-introduccion-y-fuentes-tomo-i-5ta-edicion-ano-2021-713-pag-autor-hugo-llanos-mansilla\/","title":{"rendered":"Teor\u00eda y Pr\u00e1ctica del Derecho Internacional P\u00fablico &#8211; Introducci\u00f3n y Fuentes &#8211; Tomo I &#8211; 5ta Edici\u00f3n. A\u00f1o 2021 \/ 713 P\u00e1g. Autor Hugo Llanos Mansilla"},"content":{"rendered":"<p style=\"font-weight: 400;\">La presente obra innova en la forma tradicional de plantar la ense\u00f1anza del Derecho Internacional P\u00fablico, mediante la selecci\u00f3n de textos doctrinarios, legales y jurisprudenciales, como asimismo de ejemplos extra\u00eddos de la pr\u00e1ctica internacional y de nuestro pa\u00eds. Todos ellos apoyados por una extensa bibliograf\u00eda, numerosas citas y cuestionarios destinados a estudiar, reflexiva y cr\u00edticamente, las leccturas de la documentaci\u00f3n acompa\u00f1ada.<\/p>\n<p style=\"font-weight: 400;\">\n<p style=\"font-weight: 400;\">Este volumen desarrolla los conceptos y fundamentos del Derecho Internacional P\u00fablico y en an\u00e1lisis de diversas fuentes. Incluye, al efecto, la jurisprudencia de la Corte Internacional de Justicia, de la Corte Interamericana de Derechos humanos, de la Excma. Corte Suprema de Chile, as\u00ed como la de la Corte de Apelaciones de Santiago y del Tribunal Constitucional de Chile. Tambi\u00e9n se incluyen fallos de la Corte Europea de Derechos Humanos, de arbitrajes internacionales, as\u00ed como abundante jurisprudencia administrativa del Ministerio de Relaciones Exteriores de Chile.<\/p>\n<p style=\"font-weight: 400;\">\n<p style=\"font-weight: 400;\">La presente obra es parte integrante de 5 tomos separados de la obra general escrita por el autor, agrupados bajo el t\u00edtulo Teor\u00eda y Pr\u00e1ctica del Derecho Internacional P\u00fablico, y la conforman: el Tomo II, compuesto de dos vol\u00famenes, referente al Estado como Sujeto de Derecho Internacional; el tomo III, la Persona Humana ante el Derecho Internacional; el tomo IV, las relaciones entre el Derecho Internacional y el Derecho Interno; el Tomo V, el Derecho Internacional del Medio Ambiente.<\/p>\n<p style=\"font-weight: 400;\">\n<p style=\"font-weight: 400;\">Esta obra del autor obtuvo el Premio \u201cAndr\u00e9s Bello\u201d otorgado por el Consejo de Rectores de las Universidades Chilenas.<\/p>\n<p style=\"font-weight: 400;\">\n<p style=\"font-weight: 400;\">Esta quinta edici\u00f3n, en que el profesor Llanos Mansilla resume la experiencia adquirida como funcionario internacional y como docente en las distintas c\u00e1tedras impartidas, tanto en el extranjero como en Chile, constituir\u00e1 al igual que toda su obra. Un texto de consulta permanente para alumnos, docentes y especialistas en el \u00e1rea del derecho internacional y en el de las relaciones internacionales.<\/p>\n<p style=\"font-weight: 400;\">\n<p style=\"font-weight: 400;\">En este tomo se incluye, como Anexo, el texto de la Convenci\u00f3n de Viena sobre el Derecho de los Tratados de 1969.<\/p>\n<p style=\"font-weight: 400;\">\n<p style=\"font-weight: 400;\"><b><strong>CAP\u00cdTULO I<br \/>\nDERECHO INTERNACIONAL P\u00daBLICO: DEFINICI\u00d3N Y EVOLUCI\u00d3N HIST\u00d3RICA<\/strong><\/b><\/p>\n<p style=\"font-weight: 400;\"><b><strong>\u00a0<\/strong><\/b><\/p>\n<p style=\"font-weight: 400;\"><b><strong>CAP\u00cdTULO II<br \/>\nCONCEPTO DEL DERECHO INTERNACIONAL P\u00daBLICO<\/strong><\/b><\/p>\n<p style=\"font-weight: 400;\"><b><strong>\u00a0<\/strong><\/b><\/p>\n<p style=\"font-weight: 400;\"><b><strong>CAP\u00cdTULO III<br \/>\nFUNDAMENTOS DEL DERECHO INTERNACIONAL P\u00daBLICO<\/p>\n<p>CAP\u00cdTULO IV<br \/>\nFUENTES FORMALES DEL DERECHO INTERNACIONAL P\u00daBLICO<\/strong><\/b><\/p>\n<p style=\"font-weight: 400;\"><b><strong>\u00a0<\/strong><\/b><\/p>\n<ol>\n<li style=\"font-weight: 400;\">Tratados<\/li>\n<li style=\"font-weight: 400;\">Definici\u00f3n<\/li>\n<li style=\"font-weight: 400;\">Clasificaci\u00f3n de tratados<\/li>\n<li style=\"font-weight: 400;\">Estructura de un tratado solemne<\/li>\n<li style=\"font-weight: 400;\">Procedimiento para la conclusi\u00f3n de los tratados solemnes<br \/>\na) Negociaci\u00f3n<br \/>\nb) Firma<br \/>\nc) Ratificaci\u00f3n<\/li>\n<\/ol>\n<p style=\"font-weight: 400;\">\n<ol>\n<li style=\"font-weight: 400;\"><b><strong> SISTEMAS CONSTITUCIONALES DE RATIFICACI\u00d3N DE LOS TRATADOS\n<p><\/strong><\/b><\/li>\n<\/ol>\n<p style=\"font-weight: 400;\">&#8211;\u00a0\u00a0\u00a0\u00a0\u00a0\u00a0\u00a0\u00bfRatificaci\u00f3n o firma)<\/p>\n<ol>\n<li style=\"font-weight: 400;\">a)Tratados pactados en cumplimiento de una ley<\/li>\n<li style=\"font-weight: 400;\">b)Acuerdos internacionales pactados en virtud de un tratado en vigencia<br \/>\nProblema suscitado por la incorporaci\u00f3n de Chile como Estado Asociado al MERCOSUR<\/li>\n<li style=\"font-weight: 400;\">c)Tratados pactados en uso de las facultades del Presidente de la Rep\u00fablica<\/li>\n<\/ol>\n<p style=\"font-weight: 400;\">&#8211;\u00a0\u00a0\u00a0\u00a0\u00a0\u00a0\u00a0Fundamentos legales de los acuerdos simplificados<\/p>\n<p style=\"font-weight: 400;\">&#8211;\u00a0\u00a0\u00a0\u00a0\u00a0\u00a0\u00a0Ejemplo de acuerdo simplificado<\/p>\n<p style=\"font-weight: 400;\">Normas constitucionales sobre los tratados en Chile<\/p>\n<p style=\"font-weight: 400;\">Jerarqu\u00eda de los tratados sobre derechos humanos<\/p>\n<p style=\"font-weight: 400;\">Pr\u00e1ctica chilena<br \/>\nOtros fallos de la Excma. Corte Suprema<\/p>\n<p style=\"font-weight: 400;\">La Corte Suprema y la aplicaci\u00f3n del derecho internacional: un proceso esperanzador<\/p>\n<p style=\"font-weight: 400;\">Los tratados sobre derechos humanos en la jurisprudencia chilena<\/p>\n<p style=\"font-weight: 400;\">Casos en que el Tribunal Constitucional ha invocado tratados para fundar sentencias<\/p>\n<p style=\"font-weight: 400;\">La jurisprudencia emanada de los tribunales ordinarios<\/p>\n<p style=\"font-weight: 400;\">Jurisprudencia internacional<\/p>\n<ol>\n<li style=\"font-weight: 400;\">d)La adhesi\u00f3n<\/li>\n<li style=\"font-weight: 400;\">e)Canje o dep\u00f3sito de las ratificaciones<\/li>\n<li style=\"font-weight: 400;\">f)Registro<\/li>\n<\/ol>\n<p style=\"font-weight: 400;\">\n<ol start=\"5\">\n<li style=\"font-weight: 400;\">Entrada en vigencia de un tratado<\/li>\n<li style=\"font-weight: 400;\">a)Vigencia provisional del tratado<\/li>\n<li style=\"font-weight: 400;\">b)Entrada en vigencia de los tratados en el orden jur\u00eddico interno chileno<\/li>\n<li style=\"font-weight: 400;\">c)Promulgaci\u00f3n<\/li>\n<\/ol>\n<p style=\"font-weight: 400;\">\n<ol start=\"6\">\n<li style=\"font-weight: 400;\">Las Reservas<\/li>\n<li style=\"font-weight: 400;\">a)Oportunidad<\/li>\n<li style=\"font-weight: 400;\">b)Procedimiento<\/li>\n<li style=\"font-weight: 400;\">c)Aceptaci\u00f3n y rechazo de las reservas<\/li>\n<li style=\"font-weight: 400;\">d)Efectos jur\u00eddicos de la reserva y de las objeciones<\/li>\n<li style=\"font-weight: 400;\">e)Retiro de las reservas y sus objeciones<\/li>\n<\/ol>\n<p style=\"font-weight: 400;\">\n<ol start=\"7\">\n<li style=\"font-weight: 400;\">Aplicaci\u00f3n de los Tratados<\/li>\n<li style=\"font-weight: 400;\">a)Irretroactividad<\/li>\n<li style=\"font-weight: 400;\">b)\u00c1mbito territorial<\/li>\n<li style=\"font-weight: 400;\">c)Efectos del tratado<\/li>\n<li style=\"font-weight: 400;\">Entre las partes<\/li>\n<li style=\"font-weight: 400;\">Frente a terceros<\/li>\n<li style=\"font-weight: 400;\">d)La cl\u00e1usula de la naci\u00f3n m\u00e1s favorecida o trato general de la naci\u00f3n m\u00e1s favorecida<\/li>\n<\/ol>\n<p style=\"font-weight: 400;\">\n<ol start=\"8\">\n<li style=\"font-weight: 400;\">Interpretaci\u00f3n de los tratados<\/li>\n<\/ol>\n<p style=\"font-weight: 400;\">&#8211;\u00a0\u00a0\u00a0\u00a0\u00a0\u00a0\u00a0Obligatoriedad de las normas de interpretaci\u00f3n se\u00f1aladas por la Convenci\u00f3n de Viena, de 1969. Principios<br \/>\nInterpretaci\u00f3n internacional<\/p>\n<p style=\"font-weight: 400;\">&#8211;\u00a0\u00a0\u00a0\u00a0\u00a0\u00a0\u00a0Controversias relativas a los l\u00edmites de Chile<br \/>\n1. La demanda de Per\u00fa contra Chile ante la CIJ, de 16 de enero de 2008<\/p>\n<ol start=\"2\">\n<li style=\"font-weight: 400;\">La demanda de Bolivia contra Chile ante la CIJ, de 24 de abril de 2013<br \/>\nInterpretaci\u00f3n de loa Tratados por el Tribunal Constitucional<\/li>\n<\/ol>\n<p style=\"font-weight: 400;\">Interpretaci\u00f3n de los Tratados de Derechos Humanos<\/p>\n<p style=\"font-weight: 400;\">\n<ol start=\"9\">\n<li style=\"font-weight: 400;\">Aplicaci\u00f3n de tratados sucesivos concernientes a la misma materia<\/li>\n<\/ol>\n<p style=\"font-weight: 400;\">\n<ol start=\"10\">\n<li style=\"font-weight: 400;\">Revisi\u00f3n o enmienda de los tratados<\/li>\n<li style=\"font-weight: 400;\">Validez de los tratados<br \/>\na) Divisibilidad de las disposiciones de un tratado<br \/>\nb) Nulidad del tratado<br \/>\nc) Otra causa de nulidad de los tratados: ius cogens<\/li>\n<li style=\"font-weight: 400;\">Terminaci\u00f3n de los Tratados<\/li>\n<li style=\"font-weight: 400;\">a)Causas previstas en el mismo tratado<\/li>\n<li style=\"font-weight: 400;\">b)Mutuo consentimiento de todas las partes<\/li>\n<li style=\"font-weight: 400;\">c)Causales de terminaci\u00f3n contempladas en el Derecho Internacional general<\/li>\n<\/ol>\n<p style=\"font-weight: 400;\">\n<ol>\n<li style=\"font-weight: 400;\"><b><\/b><b><strong>LA COSTUMBRE INTERNACIONA<\/strong><\/b>L<\/li>\n<\/ol>\n<p style=\"font-weight: 400;\">\n<ol>\n<li style=\"font-weight: 400;\">La Pr\u00e1ctica<\/li>\n<\/ol>\n<p style=\"font-weight: 400;\">El caso del Asilo<\/p>\n<p style=\"font-weight: 400;\">\n<ol start=\"2\">\n<li style=\"font-weight: 400;\">La opino iuris<\/li>\n<\/ol>\n<p style=\"font-weight: 400;\">El caso Lotus<\/p>\n<p style=\"font-weight: 400;\">El caso de plataforma continental del Mar del Norte<\/p>\n<p style=\"font-weight: 400;\">\n<p style=\"font-weight: 400;\">Anexo. Comisi\u00f3n de Derecho Internacional<\/p>\n<p style=\"font-weight: 400;\">\n<p style=\"font-weight: 400;\"><b><strong>III.\u00a0\u00a0<\/strong><\/b><b><strong>LOS PRINCIPIOS GENERALES DE DERECHO<\/p>\n<p><\/strong><\/b><\/p>\n<ol>\n<li style=\"font-weight: 400;\">Principios generales de Derecho<\/li>\n<li style=\"font-weight: 400;\">Principios propios del Derecho interno<\/li>\n<li style=\"font-weight: 400;\">Jurisprudencia de la Corte Suprema<\/li>\n<\/ol>\n<p style=\"font-weight: 400;\">\n<ol>\n<li style=\"font-weight: 400;\"><b><\/b><b><strong>LAS DECISIONES JUDICIALES\n<p><\/strong><\/b><\/li>\n<\/ol>\n<p style=\"font-weight: 400;\">El caso de las Pesquer\u00edas entre Gran Breta\u00f1a y Noruega<\/p>\n<p style=\"font-weight: 400;\"><b><strong>\u00a0<\/strong><\/b><\/p>\n<ol>\n<li style=\"font-weight: 400;\"><b><strong>LA DOCTRINA<\/strong><\/b><\/li>\n<\/ol>\n<p style=\"font-weight: 400;\"><b><strong>\u00a0<\/strong><\/b><\/p>\n<ol>\n<li style=\"font-weight: 400;\"><b><strong>LA EQUIDAD: EX AEQUO ET BONO\n<p><\/strong><\/b><\/li>\n<\/ol>\n<p style=\"font-weight: 400;\"><b><strong>VII.\u00a0<\/strong><\/b><b><strong>LOS ACTOS UNILATERALES DE LOS ESTADOS<br \/>\n<\/strong><\/b><br \/>\n1. La notificaci\u00f3n<br \/>\n2. La promesa<br \/>\n3. El reconocimiento<br \/>\n4. La protesta<br \/>\n5. La aquiescencia<br \/>\n6. La renuncia<br \/>\nPrincipios rectores aplicables a las declaraciones unilaterales de los Estados capaces de crear obligaciones jur\u00eddicas<\/p>\n<p style=\"font-weight: 400;\"><b><strong>VIII.\u00a0\u00a0\u00a0\u00a0\u00a0\u00a0\u00a0\u00a0\u00a0\u00a0\u00a0\u00a0\u00a0\u00a0LA LEGISLACI\u00d3N INTERNACIONAL<\/strong><\/b><\/p>\n<p style=\"font-weight: 400;\"><b><strong><br \/>\n<\/strong><\/b>Anexo: Convenci\u00f3n de Viena sobre el Derecho de los Tratados<\/p>\n","protected":false},"excerpt":{"rendered":"<p>La presente obra innova en la forma tradicional de plantar la ense\u00f1anza del Derecho Internacional P\u00fablico, mediante la selecci\u00f3n de textos doctrinarios, legales y jurisprudenciales, como asimismo de ejemplos extra\u00eddos de la pr\u00e1ctica internacional y de nuestro pa\u00eds. Todos ellos apoyados por una extensa bibliograf\u00eda, numerosas citas y cuestionarios destinados a estudiar, reflexiva y cr\u00edticamente, las leccturas de la documentaci\u00f3n acompa\u00f1ada. Este volumen desarrolla los conceptos y fundamentos del Derecho Internacional P\u00fablico y en an\u00e1lisis de diversas fuentes. Incluye, al efecto, la jurisprudencia de la Corte Internacional de Justicia, de la Corte Interamericana de Derechos humanos, de la Excma. Corte Suprema de Chile, as\u00ed como la de la Corte de Apelaciones de Santiago y del Tribunal Constitucional de Chile. Tambi\u00e9n se incluyen fallos de la Corte Europea de Derechos Humanos, de arbitrajes internacionales, as\u00ed como abundante jurisprudencia administrativa del Ministerio de Relaciones Exteriores de Chile. La presente obra es parte integrante de 5 tomos separados de la obra general escrita por el autor, agrupados bajo el t\u00edtulo Teor\u00eda y Pr\u00e1ctica del Derecho Internacional P\u00fablico, y la conforman: el Tomo II, compuesto de dos vol\u00famenes, referente al Estado como Sujeto de Derecho Internacional; el tomo III, la Persona Humana ante el Derecho Internacional; el tomo IV, las relaciones entre el Derecho Internacional y el Derecho Interno; el Tomo V, el Derecho Internacional del Medio Ambiente. Esta obra del autor obtuvo el Premio \u201cAndr\u00e9s Bello\u201d otorgado por el Consejo de Rectores de las Universidades Chilenas. Esta quinta edici\u00f3n, en que el profesor Llanos Mansilla resume la experiencia adquirida como funcionario internacional y como docente en las distintas c\u00e1tedras impartidas, tanto en el extranjero como en Chile, constituir\u00e1 al igual que toda su obra. Un texto de consulta permanente para alumnos, docentes y especialistas en el \u00e1rea del derecho internacional y en el de las relaciones internacionales. En este tomo se incluye, como Anexo, el texto de la Convenci\u00f3n de Viena sobre el Derecho de los Tratados de 1969. CAP\u00cdTULO I DERECHO INTERNACIONAL P\u00daBLICO: DEFINICI\u00d3N Y EVOLUCI\u00d3N HIST\u00d3RICA \u00a0 CAP\u00cdTULO II CONCEPTO DEL DERECHO INTERNACIONAL P\u00daBLICO \u00a0 CAP\u00cdTULO III FUNDAMENTOS DEL DERECHO INTERNACIONAL P\u00daBLICO CAP\u00cdTULO IV FUENTES FORMALES DEL DERECHO INTERNACIONAL P\u00daBLICO \u00a0 Tratados Definici\u00f3n Clasificaci\u00f3n de tratados Estructura de un tratado solemne Procedimiento para la conclusi\u00f3n de los tratados solemnes a) Negociaci\u00f3n b) Firma c) Ratificaci\u00f3n SISTEMAS CONSTITUCIONALES DE RATIFICACI\u00d3N DE LOS TRATADOS &#8211;\u00a0\u00a0\u00a0\u00a0\u00a0\u00a0\u00a0\u00bfRatificaci\u00f3n o firma) a)Tratados pactados en cumplimiento de una ley b)Acuerdos internacionales pactados en virtud de un tratado en vigencia Problema suscitado por la incorporaci\u00f3n de Chile como Estado Asociado al MERCOSUR c)Tratados pactados en uso de las facultades del Presidente de la Rep\u00fablica &#8211;\u00a0\u00a0\u00a0\u00a0\u00a0\u00a0\u00a0Fundamentos legales de los acuerdos simplificados &#8211;\u00a0\u00a0\u00a0\u00a0\u00a0\u00a0\u00a0Ejemplo de acuerdo simplificado Normas constitucionales sobre los tratados en Chile Jerarqu\u00eda de los tratados sobre derechos humanos Pr\u00e1ctica chilena Otros fallos de la Excma. Corte Suprema La Corte Suprema y la aplicaci\u00f3n del derecho internacional: un proceso esperanzador Los tratados sobre derechos humanos en la jurisprudencia chilena Casos en que el Tribunal Constitucional ha invocado tratados para fundar sentencias La jurisprudencia emanada de los tribunales ordinarios Jurisprudencia internacional d)La adhesi\u00f3n e)Canje o dep\u00f3sito de las ratificaciones f)Registro Entrada en vigencia de un tratado a)Vigencia provisional del tratado b)Entrada en vigencia de los tratados en el orden jur\u00eddico interno chileno c)Promulgaci\u00f3n Las Reservas a)Oportunidad b)Procedimiento c)Aceptaci\u00f3n y rechazo de las reservas d)Efectos jur\u00eddicos de la reserva y de las objeciones e)Retiro de las reservas y sus objeciones Aplicaci\u00f3n de los Tratados a)Irretroactividad b)\u00c1mbito territorial c)Efectos del tratado Entre las partes Frente a terceros d)La cl\u00e1usula de la naci\u00f3n m\u00e1s favorecida o trato general de la naci\u00f3n m\u00e1s favorecida Interpretaci\u00f3n de los tratados &#8211;\u00a0\u00a0\u00a0\u00a0\u00a0\u00a0\u00a0Obligatoriedad de las normas de interpretaci\u00f3n se\u00f1aladas por la Convenci\u00f3n de Viena, de 1969. Principios Interpretaci\u00f3n internacional &#8211;\u00a0\u00a0\u00a0\u00a0\u00a0\u00a0\u00a0Controversias relativas a los l\u00edmites de Chile 1. La demanda de Per\u00fa contra Chile ante la CIJ, de 16 de enero de 2008 La demanda de Bolivia contra Chile ante la CIJ, de 24 de abril de 2013 Interpretaci\u00f3n de loa Tratados por el Tribunal Constitucional Interpretaci\u00f3n de los Tratados de Derechos Humanos Aplicaci\u00f3n de tratados sucesivos concernientes a la misma materia Revisi\u00f3n o enmienda de los tratados Validez de los tratados a) Divisibilidad de las disposiciones de un tratado b) Nulidad del tratado c) Otra causa de nulidad de los tratados: ius cogens Terminaci\u00f3n de los Tratados a)Causas previstas en el mismo tratado b)Mutuo consentimiento de todas las partes c)Causales de terminaci\u00f3n contempladas en el Derecho Internacional general LA COSTUMBRE INTERNACIONAL La Pr\u00e1ctica El caso del Asilo La opino iuris El caso Lotus El caso de plataforma continental del Mar del Norte Anexo. Comisi\u00f3n de Derecho Internacional III.\u00a0\u00a0LOS PRINCIPIOS GENERALES DE DERECHO Principios generales de Derecho Principios propios del Derecho interno Jurisprudencia de la Corte Suprema LAS DECISIONES JUDICIALES El caso de las Pesquer\u00edas entre Gran Breta\u00f1a y Noruega \u00a0 LA DOCTRINA \u00a0 LA EQUIDAD: EX AEQUO ET BONO VII.\u00a0LOS ACTOS UNILATERALES DE LOS ESTADOS 1. La notificaci\u00f3n 2. La promesa 3. El reconocimiento 4. La protesta 5. La aquiescencia 6. La renuncia Principios rectores aplicables a las declaraciones unilaterales de los Estados capaces de crear obligaciones jur\u00eddicas VIII.\u00a0\u00a0\u00a0\u00a0\u00a0\u00a0\u00a0\u00a0\u00a0\u00a0\u00a0\u00a0\u00a0\u00a0LA LEGISLACI\u00d3N INTERNACIONAL Anexo: Convenci\u00f3n de Viena sobre el Derecho de los Tratados<\/p>\n","protected":false},"featured_media":3508,"comment_status":"open","ping_status":"closed","template":"","meta":{"inline_featured_image":false,"_joinchat":[]},"product_brand":[],"product_cat":[43,40],"product_tag":[],"class_list":{"0":"post-3472","1":"product","2":"type-product","3":"status-publish","4":"has-post-thumbnail","6":"product_cat-derecho-internacional","7":"product_cat-ediciones-juridica-de-santiago","8":"product_shipping_class-a-convenir","10":"first","11":"instock","12":"shipping-taxable","13":"purchasable","14":"product-type-simple"},"_links":{"self":[{"href":"https:\/\/bibliotecajuridicavirtual.cl\/index.php\/wp-json\/wp\/v2\/product\/3472","targetHints":{"allow":["GET"]}}],"collection":[{"href":"https:\/\/bibliotecajuridicavirtual.cl\/index.php\/wp-json\/wp\/v2\/product"}],"about":[{"href":"https:\/\/bibliotecajuridicavirtual.cl\/index.php\/wp-json\/wp\/v2\/types\/product"}],"replies":[{"embeddable":true,"href":"https:\/\/bibliotecajuridicavirtual.cl\/index.php\/wp-json\/wp\/v2\/comments?post=3472"}],"wp:featuredmedia":[{"embeddable":true,"href":"https:\/\/bibliotecajuridicavirtual.cl\/index.php\/wp-json\/wp\/v2\/media\/3508"}],"wp:attachment":[{"href":"https:\/\/bibliotecajuridicavirtual.cl\/index.php\/wp-json\/wp\/v2\/media?parent=3472"}],"wp:term":[{"taxonomy":"product_brand","embeddable":true,"href":"https:\/\/bibliotecajuridicavirtual.cl\/index.php\/wp-json\/wp\/v2\/product_brand?post=3472"},{"taxonomy":"product_cat","embeddable":true,"href":"https:\/\/bibliotecajuridicavirtual.cl\/index.php\/wp-json\/wp\/v2\/product_cat?post=3472"},{"taxonomy":"product_tag","embeddable":true,"href":"https:\/\/bibliotecajuridicavirtual.cl\/index.php\/wp-json\/wp\/v2\/product_tag?post=3472"}],"curies":[{"name":"wp","href":"https:\/\/api.w.org\/{rel}","templated":true}]}}