{"id":3476,"date":"2026-02-28T01:14:31","date_gmt":"2026-02-28T04:14:31","guid":{"rendered":"https:\/\/bibliotecajuridicavirtual.cl\/?post_type=product&#038;p=3476"},"modified":"2026-02-28T01:15:35","modified_gmt":"2026-02-28T04:15:35","slug":"introduccion-al-derecho-agustin-squella-narducci-7ma-edicion-revisada-ano-julio-2022-764-pag","status":"publish","type":"product","link":"https:\/\/bibliotecajuridicavirtual.cl\/index.php\/product\/introduccion-al-derecho-agustin-squella-narducci-7ma-edicion-revisada-ano-julio-2022-764-pag\/","title":{"rendered":"Introducci\u00f3n al Derecho * Agust\u00edn Squella Narducci &#8211; 7ma. edici\u00f3n revisada, A\u00f1o Julio 2022 * 764 P\u00e1g."},"content":{"rendered":"<p style=\"font-weight: 400;\">Este libro est\u00e1 destinado principalmente a estudiantes de derecho u otras carreras que necesitan familiarizarse con conceptos jur\u00eddicos fundamentales y con un lenguaje jur\u00eddico b\u00e1sico.<\/p>\n<p style=\"font-weight: 400;\">Conceptos tales como normas de conducta, normas jur\u00eddicas, derecho, moral, fuentes del derecho, ordenamiento jur\u00eddico, interpretaci\u00f3n jur\u00eddica, funciones del derecho, orden, seguridad jur\u00eddica, justicia y otros semejantes.<\/p>\n<p style=\"font-weight: 400;\"><b><strong>CAP\u00cdTULO I<br \/>\nEL DERECHO: UN PLANTEAMIENTO INICIAL<\/strong><\/b><\/p>\n<p><b><strong>El derecho: un planteamiento inicial<\/strong><\/b><\/p>\n<p style=\"font-weight: 400;\"><b><strong>CAP\u00cdTULO II<br \/>\nDERECHO, SOCIEDAD Y NORMAS DE CONDUCTA<\/strong><\/b><\/p>\n<p style=\"font-weight: 400;\"><b><strong>PRIMERA PARTE<br \/>\nNATURALEZA Y SOCIEDAD<\/strong><\/b><\/p>\n<ol>\n<li style=\"font-weight: 400;\">La Naturaleza y la Sociedad. El hombre en la naturaleza y en la sociedad. Leyes de la naturaleza y normas de conducta. Principio de causalidad y principio de imputaci\u00f3n. Ciencias naturales y ciencias normativas. Los aportes de Popper y Kelsen.\u00a0<em><span style=\"font-weight: inherit;\">Physis<\/span><\/em>y\u00a0<em><span style=\"font-weight: inherit;\">nomos<\/span><\/em><\/li>\n<li style=\"font-weight: 400;\">Vida humana y normas de conducta. Clases de normas. El n\u00facleo com\u00fan de las distintas clases de normas. El origen etimol\u00f3gico de la palabra \u201cnorma\u201d. Las dificultades del concepto de norma: un episodio divertido entre Kelsen y Hart<\/li>\n<li style=\"font-weight: 400;\">Von Wright y las normas de conducta. Seis tipos de normas. Tipos principales y tipos secundarios de normas. Las prescripciones como un tipo de normas: car\u00e1cter, contenido, condiciones de aplicaci\u00f3n, autoridad normativa, sujeto normativo, ocasi\u00f3n de la aplicaci\u00f3n, promulgaci\u00f3n y sanci\u00f3n. Normas y usos del lenguaje. Las normas como razones para la acci\u00f3n. Acto normativo, enunciado normativo y norma propiamente tal. Simples h\u00e1bitos. H\u00e1bitos de conducta convergente y normas<\/li>\n<\/ol>\n<p style=\"font-weight: 400;\"><b><strong>SEGUNDA PARTE<br \/>\nNORMAS DE TRATO SOCIAL, MORALES Y JUR\u00cdDICAS<\/strong><\/b><\/p>\n<ol>\n<li style=\"font-weight: 400;\">Clases de normas de conducta. Normas de trato social, morales y jur\u00eddicas. Los principales criterios para caracterizar y diferenciar las normas de trato social, morales y jur\u00eddicas: exterioridad-interioridad; autonom\u00eda-heteronom\u00eda; unilateralidad-bilateralidad; coercibilidad-incoercibilidad<\/li>\n<li style=\"font-weight: 400;\">Las normas de trato social. Concepto. Usos meramente f\u00e1cticos y usos normativos. Simples h\u00e1bitos de conducta convergente y reglas sociales. Reflexiones adicionales. Caracter\u00edsticas de las normas de trato social: exteriores, heter\u00f3nomas, bilaterales e incoercibles<\/li>\n<li style=\"font-weight: 400;\">Las normas morales. Explicaci\u00f3n previa sobre las palabras \u201c\u00e9tica\u201d y \u201cmoral\u201d. Los distintos \u00e1mbitos de la moral: moral personal, moral social y moral de los sistemas religiosos o filos\u00f3ficos. Caracter\u00edsticas de las normas morales en cada uno de esos \u00e1mbitos<\/li>\n<li style=\"font-weight: 400;\">Las normas jur\u00eddicas. Concepto. Comentario. Caracter\u00edsticas de las normas jur\u00eddicas. Exterioridad y salvedades a la exterioridad. Heteronom\u00eda y salvedades a la heteronom\u00eda. Bilateralidad. Coercibilidad de las normas jur\u00eddicas. Coercibilidad, coacci\u00f3n y sanci\u00f3n. Aspectos resaltantes de la coercibilidad del derecho: las relaciones entre derecho y fuerza<\/li>\n<\/ol>\n<p style=\"font-weight: 400;\"><b><strong>TERCERA PARTE<br \/>\nDERECHO Y MORAL<\/strong><\/b><\/p>\n<ol>\n<li style=\"font-weight: 400;\">Los distintos \u00e1mbitos de la moral y sus relaciones y diferencias con el derecho. Moral personal y derecho. Moral de los sistemas religiosos y derecho. Moral social y derecho<\/li>\n<li style=\"font-weight: 400;\">Algo m\u00e1s sobre la moral social.Moral social o positiva. Obligatoriedad moral y obligatoriedad jur\u00eddica. Diferencias entre moral y derecho<\/li>\n<li style=\"font-weight: 400;\">Relaci\u00f3n hist\u00f3rica, sociol\u00f3gica, emp\u00edrica, psicol\u00f3gica y conceptual entre moral y derecho.Relaci\u00f3n hist\u00f3rica, sociol\u00f3gica, emp\u00edrica y psicol\u00f3gica. La relaci\u00f3n conceptual entre moral y derecho<\/li>\n<li style=\"font-weight: 400;\">Justicia, juicios de justicia y temperamentos morales. Justicia y juicios de justicia. Una taxonom\u00eda de los temperamentos morales<\/li>\n<\/ol>\n<p style=\"font-weight: 400;\"><b><strong>CUARTA PARTE<br \/>\nALGUNOS CONCEPTOS JUR\u00cdDICOS B\u00c1SICOS<\/strong><\/b><\/p>\n<ol>\n<li style=\"font-weight: 400;\">Sujetos y objetos de derecho. Hombre, persona y sujeto de derecho. Sujeto jur\u00eddico individual. Sujeto jur\u00eddico colectivo. Atributos de la personalidad. La prestaci\u00f3n. El objeto de derecho<\/li>\n<li style=\"font-weight: 400;\">La relaci\u00f3n jur\u00eddica, los derechos subjetivos y la consecuencia jur\u00eddica. La relaci\u00f3n jur\u00eddica y sus componentes. Los derechos subjetivos y los significados de esta expresi\u00f3n. La consecuencia jur\u00eddica<\/li>\n<\/ol>\n<p style=\"font-weight: 400;\"><b><strong>CAP\u00cdTULO III<br \/>\n<\/strong><\/b><b><strong>LOS DERECHOS FUNDAMENTALES DE LA PERSONA HUMANA<\/strong><\/b><b><strong><br \/>\n<\/strong><\/b><\/p>\n<p style=\"font-weight: 400;\"><b><strong>PRIMERA PARTE<br \/>\nDENOMINACI\u00d3N, CONCEPTO, FUNDAMENTO, EXTENSI\u00d3N E HISTORIA DE LOS DERECHOS HUMANOS<\/strong><\/b><\/p>\n<ol>\n<li style=\"font-weight: 400;\">Introducci\u00f3n. El problema del nombre. \u00bfDerechos de seres no humanos? Continuaci\u00f3n del problema del nombre. El problema del concepto. El problema del fundamento<\/li>\n<li style=\"font-weight: 400;\">Historia de los derechos humanos. La idea de los derechos humanos: contexto, \u00e1mbitos de su g\u00e9nesis hist\u00f3rica y rasgos generales de su evoluci\u00f3n. Principales antecedentes, documentos y declaraciones de derechos del hombre. Los procesos de positivaci\u00f3n, generalizaci\u00f3n, expansi\u00f3n, internacionalizaci\u00f3n y especificaci\u00f3n de los derechos humanos<\/li>\n<\/ol>\n<p style=\"font-weight: 400;\"><b><strong>SEGUNDA PARTE<br \/>\nCAR\u00c1CTER DE LOS DERECHOS HUMANOS Y SISTEMAS DE PROTECCI\u00d3N<\/strong><\/b><\/p>\n<ol>\n<li style=\"font-weight: 400;\">El car\u00e1cter hist\u00f3rico de los derechos humanos. Derechos e historia. La lucha por los derechos humanos<\/li>\n<li style=\"font-weight: 400;\">Sistemas de declaraci\u00f3n y protecci\u00f3n de los derechos humanos. Declarar y proteger los derechos humanos. Sistema nacional, sistema universal y sistemas regionales de protecci\u00f3n. El sistema universal. El sistema interamericano. El sistema africano. El sistema europeo. El sistema asi\u00e1tico<\/li>\n<\/ol>\n<p style=\"font-weight: 400;\"><b><strong>CAP\u00cdTULO IV<br \/>\n<\/strong><\/b><b><strong>LAS FUENTES DEL DERECHO<\/strong><\/b><b><strong><br \/>\n<\/strong><\/b><\/p>\n<p style=\"font-weight: 400;\"><b><strong>PRIMERA PARTE<br \/>\nFUENTES MATERIALES Y FUENTES FORMALES DEL DERECHO<\/strong><\/b><\/p>\n<ol>\n<li style=\"font-weight: 400;\">Introducci\u00f3n. Normas jur\u00eddicas y fuentes del derecho. Diversas acepciones de la expresi\u00f3n \u201cfuentes del derecho\u201d en la literatura jur\u00eddica<\/li>\n<li style=\"font-weight: 400;\">Las fuentes materiales del derecho. Concepto. Explicaci\u00f3n. Perspectivas para el estudio de las fuentes materiales. La idea de fuerzas modeladoras del derecho<\/li>\n<li style=\"font-weight: 400;\">Las fuentes formales. Concepto. Identificaci\u00f3n. Clasifcaci\u00f3n<\/li>\n<\/ol>\n<p style=\"font-weight: 400;\"><b><strong>SEGUNDA PARTE<br \/>\nLAS FUENTES FORMALES DEL DERECHO CHILENO<\/strong><\/b><\/p>\n<ol>\n<li style=\"font-weight: 400;\">La legislaci\u00f3n. Ley en sentido ampl\u00edsimo, ley en sentido amplio y ley en sentido estricto. Constituci\u00f3n y control de constitucionalidad. Algo m\u00e1s sobre la Constituci\u00f3n. Derecho Constitucional. Constitucionalizaci\u00f3n. Constitucionalismo. Estado Constitucional. Neoconstitucionalismo. Ley. Efectos de la ley. \u00bfDesde cu\u00e1ndo y hasta cu\u00e1ndo rigen las leyes? \u00bfEn cu\u00e1l territorio valen las leyes? \u00bfA qui\u00e9nes obligan las leyes? Tratados internacionales. Decretos con jerarqu\u00eda de ley. Manifestaciones de la potestad reglamentaria. Autoacordados<\/li>\n<li style=\"font-weight: 400;\">La costumbre jur\u00eddica. Concepto. Elementos. Paralelo entre legislaci\u00f3n y costumbre jur\u00eddica. Clasificaciones. Valor de la costumbre jur\u00eddica en el ordenamiento jur\u00eddico chileno<\/li>\n<li style=\"font-weight: 400;\">Jurisprudencia. Acepciones de la palabra \u201cjurisprudencia\u201d. La jurisprudencia como saber. La jurisprudencia de los tribunales. El car\u00e1cter normativo de la sentencia judicial. Creaci\u00f3n y aplicaci\u00f3n de derecho por los jueces: el debate Atria Bulygin. La jurisprudencia en el derecho chileno<\/li>\n<li style=\"font-weight: 400;\">Principios generales del derecho. Antecedentes hist\u00f3ricos, denominaciones m\u00e1s frecuentes y situaci\u00f3n actual. Los principios generales como fuentes supletorias del derecho. \u00bfSon los principios jur\u00eddicos una fuente formal del derecho? Las doctrinas tradicionales sobre los principios generales del derecho. Los diversos significados del t\u00e9rmino \u201cprincipios\u201d y de la expresi\u00f3n \u201cprincipios jur\u00eddicos\u201d y una clasificaci\u00f3n de \u00e9stos. Principios jur\u00eddicos y normas jur\u00eddicas. Las funciones de los principios jur\u00eddicos. Los principios en el ordenamiento jur\u00eddico nacional. \u00bfSon lo mismo los principios jur\u00eddicos que los principios morales?<\/li>\n<li style=\"font-weight: 400;\">La equidad. La idea aristot\u00e9lica de la equidad. Una noci\u00f3n de equidad. Fuentes de las decisiones equitativas. La equidad en el derecho chileno<\/li>\n<li style=\"font-weight: 400;\">El acto jur\u00eddico. Hecho jur\u00eddico, acto jur\u00eddico y contrato. Actos jur\u00eddicos y contratos como fuentes formales del derecho<\/li>\n<li style=\"font-weight: 400;\">Actos corporativos. Concepto. Los actos corporativos como fuentes formales del derecho. Actos jur\u00eddicos y actos corporativos<\/li>\n<\/ol>\n<p style=\"font-weight: 400;\"><b><strong>CAP\u00cdTULO V<br \/>\n<\/strong><\/b><b><strong>EL ORDENAMIENTO JUR\u00cdDICO<\/strong><\/b><b><strong><br \/>\n<\/strong><\/b><\/p>\n<p style=\"font-weight: 400;\"><b><strong>PRIMERA PARTE<br \/>\nEL ORDENAMIENTO JUR\u00cdDICO COMO SISTEMA NORMATIVO DIN\u00c1MICO<\/strong><\/b><\/p>\n<ol>\n<li style=\"font-weight: 400;\">Introducci\u00f3n. Norma jur\u00eddica y ordenamiento jur\u00eddico<\/li>\n<li style=\"font-weight: 400;\">Conceptos y distinciones. Orden jur\u00eddico, ordenamiento jur\u00eddico, sistema jur\u00eddico y comunidad jur\u00eddica. Sistemas normativos est\u00e1ticos y sistemas normativos din\u00e1micos. Validez y fundamento de validez<\/li>\n<li style=\"font-weight: 400;\">La teor\u00eda del ordenamiento jur\u00eddico de Kelsen. Validez como existencia de las normas jur\u00eddicas. La estructura escalonada del ordenamiento jur\u00eddico: normas fundantes y normas fundadas. La norma b\u00e1sica del ordenamiento jur\u00eddico nacional<\/li>\n<li style=\"font-weight: 400;\">Conflictos o antinomias. Conflictos de normas. La posici\u00f3n de Alf Ross. Conflictos o antinomias seg\u00fan Kelsen y Bobbio. Conflictos de principios. Conflictos de derechos fundamentales. Conflictos de valores superiores<\/li>\n<li style=\"font-weight: 400;\">La eficacia de las normas jur\u00eddicas. Concepto de eficacia. Las conductas componentes de la eficacia. La relaci\u00f3n entre validez y eficacia. Eficacia y norma b\u00e1sica. Derecho nacional, derecho internacional y norma b\u00e1sica<\/li>\n<\/ol>\n<p style=\"font-weight: 400;\"><b><strong>SEGUNDA PARTE<br \/>\nDIVISIONES Y PARTES DEL ORDENAMIENTO JUR\u00cdDICO<\/strong><\/b><\/p>\n<ol>\n<li style=\"font-weight: 400;\">Derecho p\u00fablico y derecho privado. Origen hist\u00f3rico de la distinci\u00f3n. Fundamento de la distinci\u00f3n. Negaci\u00f3n de la distinci\u00f3n<\/li>\n<li style=\"font-weight: 400;\">Otras distinciones. Derecho interno y derecho externo. Derecho de gentes y derecho supranacional. Derecho general y derecho particular. Las ramas del derecho interno<\/li>\n<\/ol>\n<p style=\"font-weight: 400;\"><b><strong>CAP\u00cdTULO VI<br \/>\n<\/strong><\/b><b><strong>INTERPRETACI\u00d3N E INTEGRACI\u00d3N DEL DERECHO<\/strong><\/b><\/p>\n<p style=\"font-weight: 400;\"><b><strong>PRIMERA PARTE<br \/>\nINTERPRETACI\u00d3N DEL DERECHO<\/strong><\/b><\/p>\n<ol>\n<li style=\"font-weight: 400;\">Generalidades. Interpretaci\u00f3n. Interpretaci\u00f3n del derecho. Aplicaci\u00f3n e interpretaci\u00f3n del derecho. Normas jur\u00eddicas y lenguaje. Palabras y definiciones. La interpretaci\u00f3n jur\u00eddica: \u00bfinterpretaci\u00f3n de normas o interpretaci\u00f3n de textos? Interpretaci\u00f3n jur\u00eddica, razonamiento jur\u00eddico y argumentaci\u00f3n jur\u00eddica. Razonamiento judicial y posibilidad de una \u00fanica respuesta correcta. Imponer, explicar, justificar y probar decisiones judiciales<\/li>\n<li style=\"font-weight: 400;\">Interpretaci\u00f3n de la ley. Concepto y clasificaciones. Meta o prop\u00f3sito de la interpretaci\u00f3n de la ley. M\u00e9todos o elementos de interpretaci\u00f3n de la ley. Los elementos de interpretaci\u00f3n de la ley en el derecho chileno. Interpretaci\u00f3n de las normas del C\u00f3digo Civil sobre interpretaci\u00f3n de la ley. Criterios de interpretaci\u00f3n de la ley en otras ramas del derecho, especialmente en Derecho Constitucional y Derecho Penal. Los razonamientos interpretativos. La interpretaci\u00f3n judicial de la ley como interpretaci\u00f3n operativa. La interpretaci\u00f3n judicial: \u00bfqu\u00e9 es interpretar, qu\u00e9 interpretar, por qu\u00e9 interpretar, c\u00f3mo interpretar y para qu\u00e9 interpretar?<\/li>\n<li style=\"font-weight: 400;\">Algunas doctrinas y puntos de vista acerca de la interpretaci\u00f3n jur\u00eddica. Planteamiento inicial. Glosadores y comentaristas. La Escuela de la Ex\u00e9gesis. Fran\u00e7ois Geny y el m\u00e9todo de la libre investigaci\u00f3n cient\u00edfica. Savigny y la Escuela Hist\u00f3rica. Hermann Kantorowicz y la Escuela del Derecho Libre. T\u00f3pica y jurisprudencia. Hans Kelsen y su teor\u00eda de la interpretaci\u00f3n del derecho y de la interpretaci\u00f3n de la ley. Alf Ross y la interpretaci\u00f3n judicial de la ley. Hart, la discreci\u00f3n judicial, la cr\u00edtica de Dworkin, y la cr\u00edtica de MacCormick a Dworkin. Jerzy Wroblewski y su idea de la interpretaci\u00f3n judicial como interpretaci\u00f3n operativa. Legisladores, juristas y jueces: la tesis de Aulis Aarnio acerca del trabajo en equipo. Robert Alexy, la pretensi\u00f3n de correcci\u00f3n y los c\u00e1nones de la interpretaci\u00f3n<\/li>\n<li style=\"font-weight: 400;\">Interpretaci\u00f3n de otras fuentes del derecho. La interpretaci\u00f3n de los tratados internacionales. La interpretaci\u00f3n de la costumbre jur\u00eddica. La interpretaci\u00f3n de los contratos. La interpretaci\u00f3n de la sentencia judicial<\/li>\n<\/ol>\n<p style=\"font-weight: 400;\"><b><strong>SEGUNDA PARTE<br \/>\nINTEGRACI\u00d3N DEL DERECHO<\/strong><\/b><\/p>\n<ol>\n<li style=\"font-weight: 400;\">Generalidades. Interpretaci\u00f3n e integraci\u00f3n del derecho. El dogma de la integridad. Concepto de laguna legal y clases de lagunas<\/li>\n<li style=\"font-weight: 400;\">M\u00e9todos de integraci\u00f3n de la ley. La analog\u00eda jur\u00eddica. Los principios generales del derecho y la equidad<\/li>\n<li style=\"font-weight: 400;\">Integraci\u00f3n y discreci\u00f3n judicial<\/li>\n<\/ol>\n<p style=\"font-weight: 400;\"><b><strong>CAP\u00cdTULO VII<br \/>\nFUNCIONES Y FINES DEL DERECHO<\/strong><\/b><\/p>\n<p style=\"font-weight: 400;\"><b><strong>PRIMERA PARTE<br \/>\nSOBRE FUNCIONES Y FINES Y SOBRE FUNCIONES Y FINES DEL DERECHO<\/strong><\/b><\/p>\n<ol>\n<li style=\"font-weight: 400;\">Introducci\u00f3n. De nuevo sobre el concepto de derecho. Funciones y fines. Funciones y fines del derecho<\/li>\n<\/ol>\n<p style=\"font-weight: 400;\"><b><strong>SEGUNDA PARTE<br \/>\nLAS FUNCIONES Y LOS FINES DEL DERECHO<\/strong><\/b><\/p>\n<ol>\n<li style=\"font-weight: 400;\">Las funciones del derecho. An\u00e1lisis estructural y an\u00e1lisis funcional del derecho. La funci\u00f3n de orientaci\u00f3n de comportamientos. La resoluci\u00f3n de conflictos. La funci\u00f3n promocional y la configuraci\u00f3n de las condiciones de vida. La funci\u00f3n distributiva. La organizaci\u00f3n y legitimaci\u00f3n del poder social. El cuidado del derecho. Derecho y cambio social<\/li>\n<li style=\"font-weight: 400;\">Los fines del derecho. La paz. La seguridad jur\u00eddica. La justicia. Anticipo de algunas concepciones de la justicia<\/li>\n<\/ol>\n<p style=\"font-weight: 400;\"><b><strong>CAP\u00cdTULO VIII<br \/>\nEL CONCEPTO DE DERECHO<\/strong><\/b><\/p>\n<p style=\"font-weight: 400;\"><b><strong>PRIMERA PARTE<br \/>\nLA CUESTI\u00d3N DEL CONCEPTO DE DERECHO<\/strong><\/b><\/p>\n<ol>\n<li style=\"font-weight: 400;\">Introducci\u00f3n. Distintas perspectivas para dar un concepto de derecho<\/li>\n<li style=\"font-weight: 400;\">\u00bfQui\u00e9n dice qu\u00e9 es el derecho? El papel de la Ciencia del Derecho, de la Teor\u00eda General del Derecho y de la Filosof\u00eda del Derecho. Poniendo en l\u00ednea algunos conceptos de derecho<\/li>\n<\/ol>\n<p style=\"font-weight: 400;\"><b><strong>SEGUNDA PARTE<br \/>\nUNA DESCRIPCI\u00d3N DEL DERECHO<\/strong><\/b><\/p>\n<ol>\n<li style=\"font-weight: 400;\">Introducci\u00f3n. Un enunciado a considerar<\/li>\n<li style=\"font-weight: 400;\">Las palabras clave de una descripci\u00f3n del derecho. Fen\u00f3meno. Cultural. Normativo. Preferentemente. Lenguaje. Producci\u00f3n. Interpretable. Argumentable. Sociedad. Coercibilidad. Eficacia<\/li>\n<li style=\"font-weight: 400;\">Ep\u00edlogo. A modo de conclusi\u00f3n<\/li>\n<\/ol>\n","protected":false},"excerpt":{"rendered":"<p>Buscas un libro Jur\u00eddico.? Lo puedes encontrar en nuestra tienda virtual.<br \/>\nContamos con prestigiosos autores y muchas alternativas en sus diferentes materias al igual que grandes descuentos.! Vis\u00edtanos en <a class=\"FYFwKXYNhRNjjSvOyrNhgyvQhtApFmdaFNvUxIg \" tabindex=\"0\" href=\"https:\/\/lnkd.in\/eiAG7jdZ\" target=\"_blank\" rel=\"noopener\" data-test-app-aware-link=\"\">https:\/\/lnkd.in\/eiAG7jdZ<\/a><br \/>\nEscr\u00edbenos al +56930565235 \/ <a class=\"FYFwKXYNhRNjjSvOyrNhgyvQhtApFmdaFNvUxIg \" tabindex=\"0\" href=\"mailto:ventaslegallexglobal@gmail.com\" target=\"_self\" data-test-app-aware-link=\"\">ventaslegallexglobal@gmail.com<\/a><br \/>\nHacemos env\u00edos a todo Chile \u2013 Starken o Correos Chile \/ Te esperamos<\/p>\n","protected":false},"featured_media":3525,"comment_status":"open","ping_status":"closed","template":"","meta":{"inline_featured_image":false,"_joinchat":[]},"product_brand":[],"product_cat":[44,42],"product_tag":[],"class_list":{"0":"post-3476","1":"product","2":"type-product","3":"status-publish","4":"has-post-thumbnail","6":"product_cat-filosofia-del-derecho-y-introduccion","7":"product_cat-thomson-reuters","8":"product_shipping_class-a-convenir","10":"first","11":"instock","12":"sale","13":"shipping-taxable","14":"purchasable","15":"product-type-simple"},"_links":{"self":[{"href":"https:\/\/bibliotecajuridicavirtual.cl\/index.php\/wp-json\/wp\/v2\/product\/3476","targetHints":{"allow":["GET"]}}],"collection":[{"href":"https:\/\/bibliotecajuridicavirtual.cl\/index.php\/wp-json\/wp\/v2\/product"}],"about":[{"href":"https:\/\/bibliotecajuridicavirtual.cl\/index.php\/wp-json\/wp\/v2\/types\/product"}],"replies":[{"embeddable":true,"href":"https:\/\/bibliotecajuridicavirtual.cl\/index.php\/wp-json\/wp\/v2\/comments?post=3476"}],"wp:featuredmedia":[{"embeddable":true,"href":"https:\/\/bibliotecajuridicavirtual.cl\/index.php\/wp-json\/wp\/v2\/media\/3525"}],"wp:attachment":[{"href":"https:\/\/bibliotecajuridicavirtual.cl\/index.php\/wp-json\/wp\/v2\/media?parent=3476"}],"wp:term":[{"taxonomy":"product_brand","embeddable":true,"href":"https:\/\/bibliotecajuridicavirtual.cl\/index.php\/wp-json\/wp\/v2\/product_brand?post=3476"},{"taxonomy":"product_cat","embeddable":true,"href":"https:\/\/bibliotecajuridicavirtual.cl\/index.php\/wp-json\/wp\/v2\/product_cat?post=3476"},{"taxonomy":"product_tag","embeddable":true,"href":"https:\/\/bibliotecajuridicavirtual.cl\/index.php\/wp-json\/wp\/v2\/product_tag?post=3476"}],"curies":[{"name":"wp","href":"https:\/\/api.w.org\/{rel}","templated":true}]}}