{"id":3480,"date":"2026-02-28T01:14:31","date_gmt":"2026-02-28T04:14:31","guid":{"rendered":"https:\/\/bibliotecajuridicavirtual.cl\/?post_type=product&#038;p=3480"},"modified":"2026-02-28T01:15:44","modified_gmt":"2026-02-28T04:15:44","slug":"practica-forense-contratos-civiles-4ta-edicion-ii-tomos-ano-2024-1-098-pag-autor-eric-andres-chavez-chavez","status":"publish","type":"product","link":"https:\/\/bibliotecajuridicavirtual.cl\/index.php\/product\/practica-forense-contratos-civiles-4ta-edicion-ii-tomos-ano-2024-1-098-pag-autor-eric-andres-chavez-chavez\/","title":{"rendered":"Pr\u00e1ctica Forense, Contratos Civiles &#8211; 4ta Edici\u00f3n -II Tomos. A\u00f1o 2024\/ 1.098 P\u00e1g. Autor Eric Andr\u00e9s Ch\u00e1vez Ch\u00e1vez"},"content":{"rendered":"<p style=\"font-weight: 400;\">Practica Forense, Contratos Civiles en su 4\u00aa Edici\u00f3n, contiene los Contratos Civiles, regulados en el C\u00f3digo Civil, los cuales est\u00e1n en orden alfab\u00e9tico, en la primera parte est\u00e1n las explicaciones y en la segunda parte la pr\u00e1ctica forense, la cual va con los principales contratos, la cual se ampli\u00f3 agreg\u00e1ndole nuevos formatos, a los diferentes temas, atendido la casu\u00edstica imposible de determinar cada uno de los casos.<\/p>\n<p style=\"font-weight: 400;\">\n<p style=\"font-weight: 400;\">Esperando que esta obra sea de gran utilidad a los abogados, Tofulex Ediciones Jur\u00eddicas, presenta al mercado esta obra del abogado don Eric Andr\u00e9s Ch\u00e1vez Ch\u00e1vez, esperando sea del agrado de sus usuarios.<\/p>\n<p style=\"font-weight: 400;\">\n<p style=\"font-weight: 400;\">El presente Tomo I de la colecci\u00f3n de \u201cPr\u00e1ctica Forense. Contratos Civiles\u201d, comprende las siguientes materias:<\/p>\n<p style=\"font-weight: 400;\">\n<p style=\"font-weight: 400;\">I: Anticresis<\/p>\n<p style=\"font-weight: 400;\">\n<p style=\"font-weight: 400;\">II: Arrendamiento.<\/p>\n<p style=\"font-weight: 400;\">\n<p style=\"font-weight: 400;\">III: Censo Vitalicio<\/p>\n<p style=\"font-weight: 400;\">\n<p style=\"font-weight: 400;\">IV: Cesi\u00f3n de Derechos<\/p>\n<p style=\"font-weight: 400;\">\n<p style=\"font-weight: 400;\">V: Comodato<\/p>\n<p style=\"font-weight: 400;\">\n<p style=\"font-weight: 400;\">VI: Compraventa<\/p>\n<p style=\"font-weight: 400;\">\n<p style=\"font-weight: 400;\">VII: Dep\u00f3sito<\/p>\n<p style=\"font-weight: 400;\">\n<p style=\"font-weight: 400;\">VIII: Juego y la Apuesta<\/p>\n<p style=\"font-weight: 400;\">\n<p style=\"font-weight: 400;\">IX: Fianza<\/p>\n<p style=\"font-weight: 400;\">\n<p style=\"font-weight: 400;\">El presente Tomo II de la colecci\u00f3n de \u201cPr\u00e1ctica Forense. Contratos Civiles\u201d, comprende las siguientes materias:<\/p>\n<p style=\"font-weight: 400;\">\n<p style=\"font-weight: 400;\">I: Contrato de Hipoteca.<\/p>\n<p style=\"font-weight: 400;\">\n<p style=\"font-weight: 400;\">II: Contrato de Mandato<\/p>\n<p style=\"font-weight: 400;\">\n<p style=\"font-weight: 400;\">III: Contrato de Mutuo.<\/p>\n<p style=\"font-weight: 400;\">\n<p style=\"font-weight: 400;\">IV: Contrato de Permuta.<\/p>\n<p style=\"font-weight: 400;\">\n<p style=\"font-weight: 400;\">V: Contrato de Prenda.<\/p>\n<p style=\"font-weight: 400;\">\n<p style=\"font-weight: 400;\">VI: Contrato de Promesa.<\/p>\n<p style=\"font-weight: 400;\">\n<p style=\"font-weight: 400;\">VII: Renta Vitalicia.<\/p>\n<p style=\"font-weight: 400;\">\n<p style=\"font-weight: 400;\">VIII: Contrato de Sociedad.<\/p>\n<p style=\"font-weight: 400;\">\n<p style=\"font-weight: 400;\">IX: Contrato de Transacci\u00f3n.<\/p>\n","protected":false},"excerpt":{"rendered":"<p>Practica Forense, Contratos Civiles en su 4\u00aa Edici\u00f3n, contiene los Contratos Civiles, regulados en el C\u00f3digo Civil, los cuales est\u00e1n en orden alfab\u00e9tico, en la primera parte est\u00e1n las explicaciones y en la segunda parte la pr\u00e1ctica forense, la cual va con los principales contratos, la cual se ampli\u00f3 agreg\u00e1ndole nuevos formatos, a los diferentes temas, atendido la casu\u00edstica imposible de determinar cada uno de los casos. Esperando que esta obra sea de gran utilidad a los abogados, Tofulex Ediciones Jur\u00eddicas, presenta al mercado esta obra del abogado don Eric Andr\u00e9s Ch\u00e1vez Ch\u00e1vez, esperando sea del agrado de sus usuarios. El presente Tomo I de la colecci\u00f3n de \u201cPr\u00e1ctica Forense. Contratos Civiles\u201d, comprende las siguientes materias: I: Anticresis II: Arrendamiento. III: Censo Vitalicio IV: Cesi\u00f3n de Derechos V: Comodato VI: Compraventa VII: Dep\u00f3sito VIII: Juego y la Apuesta IX: Fianza El presente Tomo II de la colecci\u00f3n de \u201cPr\u00e1ctica Forense. Contratos Civiles\u201d, comprende las siguientes materias: I: Contrato de Hipoteca. II: Contrato de Mandato III: Contrato de Mutuo. IV: Contrato de Permuta. V: Contrato de Prenda. VI: Contrato de Promesa. VII: Renta Vitalicia. VIII: Contrato de Sociedad. IX: Contrato de Transacci\u00f3n.<\/p>\n","protected":false},"featured_media":3535,"comment_status":"open","ping_status":"closed","template":"","meta":{"inline_featured_image":false,"_joinchat":[]},"product_brand":[],"product_cat":[27,59],"product_tag":[],"class_list":{"0":"post-3480","1":"product","2":"type-product","3":"status-publish","4":"has-post-thumbnail","6":"product_cat-civil","7":"product_cat-editorial-tofulex-ediciones-juridicas","8":"product_shipping_class-a-convenir","10":"first","11":"instock","12":"shipping-taxable","13":"purchasable","14":"product-type-simple"},"_links":{"self":[{"href":"https:\/\/bibliotecajuridicavirtual.cl\/index.php\/wp-json\/wp\/v2\/product\/3480","targetHints":{"allow":["GET"]}}],"collection":[{"href":"https:\/\/bibliotecajuridicavirtual.cl\/index.php\/wp-json\/wp\/v2\/product"}],"about":[{"href":"https:\/\/bibliotecajuridicavirtual.cl\/index.php\/wp-json\/wp\/v2\/types\/product"}],"replies":[{"embeddable":true,"href":"https:\/\/bibliotecajuridicavirtual.cl\/index.php\/wp-json\/wp\/v2\/comments?post=3480"}],"wp:featuredmedia":[{"embeddable":true,"href":"https:\/\/bibliotecajuridicavirtual.cl\/index.php\/wp-json\/wp\/v2\/media\/3535"}],"wp:attachment":[{"href":"https:\/\/bibliotecajuridicavirtual.cl\/index.php\/wp-json\/wp\/v2\/media?parent=3480"}],"wp:term":[{"taxonomy":"product_brand","embeddable":true,"href":"https:\/\/bibliotecajuridicavirtual.cl\/index.php\/wp-json\/wp\/v2\/product_brand?post=3480"},{"taxonomy":"product_cat","embeddable":true,"href":"https:\/\/bibliotecajuridicavirtual.cl\/index.php\/wp-json\/wp\/v2\/product_cat?post=3480"},{"taxonomy":"product_tag","embeddable":true,"href":"https:\/\/bibliotecajuridicavirtual.cl\/index.php\/wp-json\/wp\/v2\/product_tag?post=3480"}],"curies":[{"name":"wp","href":"https:\/\/api.w.org\/{rel}","templated":true}]}}