{"id":3492,"date":"2026-02-28T01:14:55","date_gmt":"2026-02-28T04:14:55","guid":{"rendered":"https:\/\/bibliotecajuridicavirtual.cl\/?post_type=product&#038;p=3492"},"modified":"2026-02-28T01:15:52","modified_gmt":"2026-02-28T04:15:52","slug":"castigar-y-prevenir-ano-2023-415-pag-autor-patricia-ziffer","status":"publish","type":"product","link":"https:\/\/bibliotecajuridicavirtual.cl\/index.php\/product\/castigar-y-prevenir-ano-2023-415-pag-autor-patricia-ziffer\/","title":{"rendered":"Castigar y Prevenir. A\u00f1o 2023\/415 P\u00e1g. Autor Patricia Ziffer"},"content":{"rendered":"<p>Este libro compila algunas de las contribuciones m\u00e1s importantes que ha realizado al Prof. Dra Patricia Ziffer a la discuci\u00f3n sobre la justificaci\u00f3n del castigo y de las medidas de seguridad, a lo largo de casi tres d\u00e9cadas. El t\u00edtulo Castigo y prevenci\u00f3n intenta abarcar estos dos ejes tem\u00e1ticos que definen hoy en d\u00eda al derecho penal \u00abde doble v\u00eda\u00bb y que en numerosas oportunidades no son diferenciados adecuadamente en la pr\u00e1ctica: la pena, con sus \u00abfines\u00bb o justificaciones especificas y un marcado enfoque retrospectivo, por un lado, y las medidas con finalidad puramente preventiva y un enfoque prospectivo, por otro lado.<\/p>\n<p>Los trabajos de este libro se caracterizan por una combinaci\u00f3n del rigor sistem\u00e1tico caracter\u00edstico de la dogm\u00e1tica jur\u00eddico-penal con una marcada preocupaci\u00f3n por la aplicaci\u00f3n de los criterios te\u00f3ricos a la pr\u00e1ctica. En ellos se destacan las investigaciones sobre el concepto de pena, los pron\u00f3sticos de peligrosidad, la medici\u00f3n de la pena y el resurgimiento de la retribuci\u00f3n en la discusi\u00f3n sobre teor\u00edas\u00a0 de la pena. Adem\u00e1s, se publica por primera vez en espa\u00f1ol la autobiograf\u00eda de Ziffer. Esto tiene una importancia que no debe ser infravalorada, ya que les permitir\u00e1 a los lectores conocer c\u00f3mo ha sido la vida profesional de una de las profesoras de derecho penal m\u00e1s importantes de habla hispana.<\/p>\n","protected":false},"excerpt":{"rendered":"<h5 style=\"text-align: right;\"><span style=\"color: #800000;\">LIBRO EXTRANJERO<\/span><\/h5>\n","protected":false},"featured_media":3541,"comment_status":"open","ping_status":"closed","template":"","meta":{"inline_featured_image":false,"_joinchat":[]},"product_brand":[],"product_cat":[30],"product_tag":[],"class_list":{"0":"post-3492","1":"product","2":"type-product","3":"status-publish","4":"has-post-thumbnail","6":"product_cat-penal","7":"product_shipping_class-a-convenir","9":"first","10":"instock","11":"shipping-taxable","12":"purchasable","13":"product-type-simple"},"_links":{"self":[{"href":"https:\/\/bibliotecajuridicavirtual.cl\/index.php\/wp-json\/wp\/v2\/product\/3492","targetHints":{"allow":["GET"]}}],"collection":[{"href":"https:\/\/bibliotecajuridicavirtual.cl\/index.php\/wp-json\/wp\/v2\/product"}],"about":[{"href":"https:\/\/bibliotecajuridicavirtual.cl\/index.php\/wp-json\/wp\/v2\/types\/product"}],"replies":[{"embeddable":true,"href":"https:\/\/bibliotecajuridicavirtual.cl\/index.php\/wp-json\/wp\/v2\/comments?post=3492"}],"wp:featuredmedia":[{"embeddable":true,"href":"https:\/\/bibliotecajuridicavirtual.cl\/index.php\/wp-json\/wp\/v2\/media\/3541"}],"wp:attachment":[{"href":"https:\/\/bibliotecajuridicavirtual.cl\/index.php\/wp-json\/wp\/v2\/media?parent=3492"}],"wp:term":[{"taxonomy":"product_brand","embeddable":true,"href":"https:\/\/bibliotecajuridicavirtual.cl\/index.php\/wp-json\/wp\/v2\/product_brand?post=3492"},{"taxonomy":"product_cat","embeddable":true,"href":"https:\/\/bibliotecajuridicavirtual.cl\/index.php\/wp-json\/wp\/v2\/product_cat?post=3492"},{"taxonomy":"product_tag","embeddable":true,"href":"https:\/\/bibliotecajuridicavirtual.cl\/index.php\/wp-json\/wp\/v2\/product_tag?post=3492"}],"curies":[{"name":"wp","href":"https:\/\/api.w.org\/{rel}","templated":true}]}}