{"id":3528,"date":"2026-02-28T01:15:40","date_gmt":"2026-02-28T04:15:40","guid":{"rendered":"https:\/\/bibliotecajuridicavirtual.cl\/?post_type=product&#038;p=3528"},"modified":"2026-02-28T01:16:30","modified_gmt":"2026-02-28T04:16:30","slug":"la-posesion-inscrita-ano-2024-152-pag-autor-patricia-arevalo-ayala-y-philipe-llulle-navarrete","status":"publish","type":"product","link":"https:\/\/bibliotecajuridicavirtual.cl\/index.php\/product\/la-posesion-inscrita-ano-2024-152-pag-autor-patricia-arevalo-ayala-y-philipe-llulle-navarrete\/","title":{"rendered":"La Posesi\u00f3n Inscrita. A\u00f1o 2024\/152 P\u00e1g. Autor Patricia Ar\u00e9valo Ayala y Philipe Llulle Navarrete"},"content":{"rendered":"<p><strong>\u00cdNDICE<\/strong><\/p>\n<p>CAP\u00cdTULO PRIMERO<\/p>\n<p>INTRODUCCI\u00d3N<\/p>\n<p>CAP\u00cdTULO SEGUNDO<\/p>\n<p>LA TEOR\u00cdA DE LA POSESI\u00d3N INSCRITA EN EL DERECHO ROMANO Y SU VINCULACI\u00d3N AL DERECHO CIVIL CHILENO<\/p>\n<p>CAP\u00cdTULO TERCERO<\/p>\n<p>POSESI\u00d3N INSCRITA: DEFINICI\u00d3N, HISTORIA Y GENERALIDADES DEL SISTEMA REGISTRAL INMOBILIARIO DEL C\u00d3DIGO CIVIL<\/p>\n<p>CAP\u00cdTULO CUARTO<\/p>\n<p>POSESI\u00d3N INSCRITA: \u00bfFICCI\u00d3N O GARANT\u00cdAS ?<\/p>\n<p>CAP\u00cdTULO QUINTO<\/p>\n<p>LA FUNCI\u00d3N SOCIAL<\/p>\n<p>I.-La funci\u00f3n social de la propiedad<\/p>\n<p>II.-La funci\u00f3n social posesi\u00f3n<\/p>\n<p>III.-La inconstitucionalidad del inc. 2\u00b0 del art. 728 del C\u00f3digo Civil<\/p>\n<p>IV.-\u00bfExisti\u00f3 efectivamente la paradoja de la desprotecci\u00f3n de la mente de Bello?<\/p>\n<p>CAP\u00cdTULO S\u00c9PTIMO<\/p>\n<p>\u00bfREQUISITOS, PRUEBA Y GARANT\u00cdA?<\/p>\n<p>I.-La inscripci\u00f3n conservatoria como requisito de la posesi\u00f3n de los bienes ra\u00edces<\/p>\n<p>II.-La inscripci\u00f3n conservatoria como prueba de la posesi\u00f3n de los bienes ra\u00edces<\/p>\n<p>III.-La inscripci\u00f3n conservatoria como garant\u00eda de la posesi\u00f3n de los bienes ra\u00edces<\/p>\n<p>CAP\u00cdTULO OCTAVO<\/p>\n<p>NUEVAS IDESA SOBRE EL PRECARIO<\/p>\n<p>I.-Origen etimol\u00f3gico<\/p>\n<p>II.-Teor\u00eda cl\u00e1sica<\/p>\n<p>III.-Teor\u00eda de Ihering<\/p>\n<p>IV.-La teor\u00eda cl\u00e1sica es la que acepta nuestro C\u00f3digo Civil<\/p>\n<p>V.-Diferencia espec\u00edfica entre la teor\u00eda cl\u00e1sica y la nuestro C\u00f3digo Civil<\/p>\n<p>VI.-Cr\u00edtica a la teor\u00eda de nuestro C\u00f3digo Civil<\/p>\n<p>VII.-Consecuencias probatoria de la diferencia espec\u00edfica anterior<\/p>\n<p>VIII.-La t\u00e9cnica de Andr\u00e9s Bello y la naturaleza jur\u00eddica del precario<\/p>\n<p>IX.-Andr\u00e9s Bello elimin\u00f3 al ocupante<\/p>\n<p>X.-La \u00abAcci\u00f3n de precario\u00bb y la acci\u00f3n reivindicatoria<\/p>\n<p>XI.-La acci\u00f3n de precario no existe<\/p>\n<p>XII.-Caracter\u00edsticas de la acci\u00f3n directo<\/p>\n<p>XIII.-Procedimiento y tribunal competente directa<\/p>\n<p>XIV.-La mera tolerancia y la ignorancia en la acci\u00f3n directa<\/p>\n<p>XV.-El precario en tiempos de COVID<\/p>\n","protected":false},"excerpt":{"rendered":"<p>\u00cdNDICE CAP\u00cdTULO PRIMERO INTRODUCCI\u00d3N CAP\u00cdTULO SEGUNDO LA TEOR\u00cdA DE LA POSESI\u00d3N INSCRITA EN EL DERECHO ROMANO Y SU VINCULACI\u00d3N AL DERECHO CIVIL CHILENO CAP\u00cdTULO TERCERO POSESI\u00d3N INSCRITA: DEFINICI\u00d3N, HISTORIA Y GENERALIDADES DEL SISTEMA REGISTRAL INMOBILIARIO DEL C\u00d3DIGO CIVIL CAP\u00cdTULO CUARTO POSESI\u00d3N INSCRITA: \u00bfFICCI\u00d3N O GARANT\u00cdAS ? CAP\u00cdTULO QUINTO LA FUNCI\u00d3N SOCIAL I.-La funci\u00f3n social de la propiedad II.-La funci\u00f3n social posesi\u00f3n III.-La inconstitucionalidad del inc. 2\u00b0 del art. 728 del C\u00f3digo Civil IV.-\u00bfExisti\u00f3 efectivamente la paradoja de la desprotecci\u00f3n de la mente de Bello? CAP\u00cdTULO S\u00c9PTIMO \u00bfREQUISITOS, PRUEBA Y GARANT\u00cdA? I.-La inscripci\u00f3n conservatoria como requisito de la posesi\u00f3n de los bienes ra\u00edces II.-La inscripci\u00f3n conservatoria como prueba de la posesi\u00f3n de los bienes ra\u00edces III.-La inscripci\u00f3n conservatoria como garant\u00eda de la posesi\u00f3n de los bienes ra\u00edces CAP\u00cdTULO OCTAVO NUEVAS IDESA SOBRE EL PRECARIO I.-Origen etimol\u00f3gico II.-Teor\u00eda cl\u00e1sica III.-Teor\u00eda de Ihering IV.-La teor\u00eda cl\u00e1sica es la que acepta nuestro C\u00f3digo Civil V.-Diferencia espec\u00edfica entre la teor\u00eda cl\u00e1sica y la nuestro C\u00f3digo Civil VI.-Cr\u00edtica a la teor\u00eda de nuestro C\u00f3digo Civil VII.-Consecuencias probatoria de la diferencia espec\u00edfica anterior VIII.-La t\u00e9cnica de Andr\u00e9s Bello y la naturaleza jur\u00eddica del precario IX.-Andr\u00e9s Bello elimin\u00f3 al ocupante X.-La \u00abAcci\u00f3n de precario\u00bb y la acci\u00f3n reivindicatoria XI.-La acci\u00f3n de precario no existe XII.-Caracter\u00edsticas de la acci\u00f3n directo XIII.-Procedimiento y tribunal competente directa XIV.-La mera tolerancia y la ignorancia en la acci\u00f3n directa XV.-El precario en tiempos de COVID<\/p>\n","protected":false},"featured_media":3580,"comment_status":"open","ping_status":"closed","template":"","meta":{"inline_featured_image":false,"_joinchat":[]},"product_brand":[],"product_cat":[27],"product_tag":[],"class_list":{"0":"post-3528","1":"product","2":"type-product","3":"status-publish","4":"has-post-thumbnail","6":"product_cat-civil","7":"product_shipping_class-a-convenir","9":"first","10":"instock","11":"shipping-taxable","12":"purchasable","13":"product-type-simple"},"_links":{"self":[{"href":"https:\/\/bibliotecajuridicavirtual.cl\/index.php\/wp-json\/wp\/v2\/product\/3528","targetHints":{"allow":["GET"]}}],"collection":[{"href":"https:\/\/bibliotecajuridicavirtual.cl\/index.php\/wp-json\/wp\/v2\/product"}],"about":[{"href":"https:\/\/bibliotecajuridicavirtual.cl\/index.php\/wp-json\/wp\/v2\/types\/product"}],"replies":[{"embeddable":true,"href":"https:\/\/bibliotecajuridicavirtual.cl\/index.php\/wp-json\/wp\/v2\/comments?post=3528"}],"wp:featuredmedia":[{"embeddable":true,"href":"https:\/\/bibliotecajuridicavirtual.cl\/index.php\/wp-json\/wp\/v2\/media\/3580"}],"wp:attachment":[{"href":"https:\/\/bibliotecajuridicavirtual.cl\/index.php\/wp-json\/wp\/v2\/media?parent=3528"}],"wp:term":[{"taxonomy":"product_brand","embeddable":true,"href":"https:\/\/bibliotecajuridicavirtual.cl\/index.php\/wp-json\/wp\/v2\/product_brand?post=3528"},{"taxonomy":"product_cat","embeddable":true,"href":"https:\/\/bibliotecajuridicavirtual.cl\/index.php\/wp-json\/wp\/v2\/product_cat?post=3528"},{"taxonomy":"product_tag","embeddable":true,"href":"https:\/\/bibliotecajuridicavirtual.cl\/index.php\/wp-json\/wp\/v2\/product_tag?post=3528"}],"curies":[{"name":"wp","href":"https:\/\/api.w.org\/{rel}","templated":true}]}}

La Posesión Inscrita. Año 2024/152 Pág. Autor Patricia Arévalo Ayala y Philipe Llulle Navarrete

<p><strong>ÍNDICE</strong></p>
<p>CAPÍTULO PRIMERO</p>
<p>INTRODUCCIÓN</p>
<p>CAPÍTULO SEGUNDO</p>
<p>LA TEORÍA DE LA POSESIÓN INSCRITA EN EL DERECHO ROMANO Y SU VINCULACIÓN AL DERECHO CIVIL CHILENO</p>
<p>CAPÍTULO TERCERO</p>
<p>POSESIÓN INSCRITA: DEFINICIÓN, HISTORIA Y GENERALIDADES DEL SISTEMA REGISTRAL INMOBILIARIO DEL CÓDIGO CIVIL</p>
<p>CAPÍTULO CUARTO</p>
<p>POSESIÓN INSCRITA: ¿FICCIÓN O GARANTÍAS ?</p>
<p>CAPÍTULO QUINTO</p>
<p>LA FUNCIÓN SOCIAL</p>
<p>I.-La función social de la propiedad</p>
<p>II.-La función social posesión</p>
<p>III.-La inconstitucionalidad del inc. 2° del art. 728 del Código Civil</p>
<p>IV.-¿Existió efectivamente la paradoja de la desprotección de la mente de Bello?</p>
<p>CAPÍTULO SÉPTIMO</p>
<p>¿REQUISITOS, PRUEBA Y GARANTÍA?</p>
<p>I.-La inscripción conservatoria como requisito de la posesión de los bienes raíces</p>
<p>II.-La inscripción conservatoria como prueba de la posesión de los bienes raíces</p>
<p>III.-La inscripción conservatoria como garantía de la posesión de los bienes raíces</p>
<p>CAPÍTULO OCTAVO</p>
<p>NUEVAS IDESA SOBRE EL PRECARIO</p>
<p>I.-Origen etimológico</p>
<p>II.-Teoría clásica</p>
<p>III.-Teoría de Ihering</p>
<p>IV.-La teoría clásica es la que acepta nuestro Código Civil</p>
<p>V.-Diferencia específica entre la teoría clásica y la nuestro Código Civil</p>
<p>VI.-Crítica a la teoría de nuestro Código Civil</p>
<p>VII.-Consecuencias probatoria de la diferencia específica anterior</p>
<p>VIII.-La técnica de Andrés Bello y la naturaleza jurídica del precario</p>
<p>IX.-Andrés Bello eliminó al ocupante</p>
<p>X.-La «Acción de precario» y la acción reivindicatoria</p>
<p>XI.-La acción de precario no existe</p>
<p>XII.-Características de la acción directo</p>
<p>XIII.-Procedimiento y tribunal competente directa</p>
<p>XIV.-La mera tolerancia y la ignorancia en la acción directa</p>
<p>XV.-El precario en tiempos de COVID</p>

<p>ÍNDICE CAPÍTULO PRIMERO INTRODUCCIÓN CAPÍTULO SEGUNDO LA TEORÍA DE LA POSESIÓN INSCRITA EN EL DERECHO ROMANO Y SU VINCULACIÓN AL DERECHO CIVIL CHILENO CAPÍTULO TERCERO POSESIÓN INSCRITA: DEFINICIÓN, HISTORIA Y GENERALIDADES DEL SISTEMA REGISTRAL INMOBILIARIO DEL CÓDIGO CIVIL CAPÍTULO CUARTO POSESIÓN INSCRITA: ¿FICCIÓN O GARANTÍAS ? CAPÍTULO QUINTO LA FUNCIÓN SOCIAL I.-La función social de la propiedad II.-La función social posesión III.-La inconstitucionalidad del inc. 2° del art. 728 del Código Civil IV.-¿Existió efectivamente la paradoja de la desprotección de la mente de Bello? CAPÍTULO SÉPTIMO ¿REQUISITOS, PRUEBA Y GARANTÍA? I.-La inscripción conservatoria como requisito de la posesión de los bienes raíces II.-La inscripción conservatoria como prueba de la posesión de los bienes raíces III.-La inscripción conservatoria como garantía de la posesión de los bienes raíces CAPÍTULO OCTAVO NUEVAS IDESA SOBRE EL PRECARIO I.-Origen etimológico II.-Teoría clásica III.-Teoría de Ihering IV.-La teoría clásica es la que acepta nuestro Código Civil V.-Diferencia específica entre la teoría clásica y la nuestro Código Civil VI.-Crítica a la teoría de nuestro Código Civil VII.-Consecuencias probatoria de la diferencia específica anterior VIII.-La técnica de Andrés Bello y la naturaleza jurídica del precario IX.-Andrés Bello eliminó al ocupante X.-La «Acción de precario» y la acción reivindicatoria XI.-La acción de precario no existe XII.-Características de la acción directo XIII.-Procedimiento y tribunal competente directa XIV.-La mera tolerancia y la ignorancia en la acción directa XV.-El precario en tiempos de COVID</p>
