{"id":3553,"date":"2026-02-28T01:16:02","date_gmt":"2026-02-28T04:16:02","guid":{"rendered":"https:\/\/bibliotecajuridicavirtual.cl\/?post_type=product&#038;p=3553"},"modified":"2026-02-28T01:17:02","modified_gmt":"2026-02-28T04:17:02","slug":"codigo-de-procedimiento-civil-sistematizado-con-jurisprudencia-5ta-edicion-ii-tomos-ano-mayo-2024-1-580-pag-autor-tamara-vives-gonzalez","status":"publish","type":"product","link":"https:\/\/bibliotecajuridicavirtual.cl\/index.php\/product\/codigo-de-procedimiento-civil-sistematizado-con-jurisprudencia-5ta-edicion-ii-tomos-ano-mayo-2024-1-580-pag-autor-tamara-vives-gonzalez\/","title":{"rendered":"C\u00f3digo de Procedimiento Civil &#8211; Sistematizado con Jurisprudencia &#8211; 5ta Edici\u00f3n &#8211; II Tomos. A\u00f1o Mayo 2024\/ 1.580 P\u00e1g. Autor  Tamara Vives Gonz\u00e1lez"},"content":{"rendered":"<p style=\"font-weight: 400;\">En esta nueva edici\u00f3n de este C\u00f3digo de Procedimiento Civil Sistematizado con Jurisprudencia, no solo se ha realizado un trabajo de actualizaci\u00f3n normativa y de las concordancias que relacionan su articulado con aquellas otras normas legales con que se vincula, sino que adem\u00e1s y principalmente se ha realizado una\u00a0<b><strong>selecci\u00f3n y ampliaci\u00f3n de la jurisprudencia, relacionada con\u00a0cada art\u00edculo de esta norma<\/strong><\/b>.<\/p>\n<p style=\"font-weight: 400;\">Esta versi\u00f3n es el resultado del trabajo y la experiencia que el equipo editorial de Thomson Reuters ha adquirido durante a\u00f1os en el manejo de la normativa legal en nuestras diversas publicaciones impresas y electr\u00f3nicas, y en la selecci\u00f3n y an\u00e1lisis de la jurisprudencia emitida por los tribunales de justicia y los organismos administrativos nacionales.<\/p>\n<p style=\"font-weight: 400;\">Puedes descargar el \u00edndice completo de ambos tomos<\/p>\n","protected":false},"excerpt":{"rendered":"<p>En esta nueva edici\u00f3n de este C\u00f3digo de Procedimiento Civil Sistematizado con Jurisprudencia, no solo se ha realizado un trabajo de actualizaci\u00f3n normativa y de las concordancias que relacionan su articulado con aquellas otras normas legales con que se vincula, sino que adem\u00e1s y principalmente se ha realizado una\u00a0selecci\u00f3n y ampliaci\u00f3n de la jurisprudencia, relacionada con\u00a0cada art\u00edculo de esta norma. Esta versi\u00f3n es el resultado del trabajo y la experiencia que el equipo editorial de Thomson Reuters ha adquirido durante a\u00f1os en el manejo de la normativa legal en nuestras diversas publicaciones impresas y electr\u00f3nicas, y en la selecci\u00f3n y an\u00e1lisis de la jurisprudencia emitida por los tribunales de justicia y los organismos administrativos nacionales. Puedes descargar el \u00edndice completo de ambos tomos<\/p>\n","protected":false},"featured_media":3598,"comment_status":"open","ping_status":"closed","template":"","meta":{"inline_featured_image":false,"_joinchat":[]},"product_brand":[],"product_cat":[27],"product_tag":[],"class_list":{"0":"post-3553","1":"product","2":"type-product","3":"status-publish","4":"has-post-thumbnail","6":"product_cat-civil","7":"product_shipping_class-a-convenir","9":"first","10":"instock","11":"shipping-taxable","12":"purchasable","13":"product-type-simple"},"_links":{"self":[{"href":"https:\/\/bibliotecajuridicavirtual.cl\/index.php\/wp-json\/wp\/v2\/product\/3553","targetHints":{"allow":["GET"]}}],"collection":[{"href":"https:\/\/bibliotecajuridicavirtual.cl\/index.php\/wp-json\/wp\/v2\/product"}],"about":[{"href":"https:\/\/bibliotecajuridicavirtual.cl\/index.php\/wp-json\/wp\/v2\/types\/product"}],"replies":[{"embeddable":true,"href":"https:\/\/bibliotecajuridicavirtual.cl\/index.php\/wp-json\/wp\/v2\/comments?post=3553"}],"wp:featuredmedia":[{"embeddable":true,"href":"https:\/\/bibliotecajuridicavirtual.cl\/index.php\/wp-json\/wp\/v2\/media\/3598"}],"wp:attachment":[{"href":"https:\/\/bibliotecajuridicavirtual.cl\/index.php\/wp-json\/wp\/v2\/media?parent=3553"}],"wp:term":[{"taxonomy":"product_brand","embeddable":true,"href":"https:\/\/bibliotecajuridicavirtual.cl\/index.php\/wp-json\/wp\/v2\/product_brand?post=3553"},{"taxonomy":"product_cat","embeddable":true,"href":"https:\/\/bibliotecajuridicavirtual.cl\/index.php\/wp-json\/wp\/v2\/product_cat?post=3553"},{"taxonomy":"product_tag","embeddable":true,"href":"https:\/\/bibliotecajuridicavirtual.cl\/index.php\/wp-json\/wp\/v2\/product_tag?post=3553"}],"curies":[{"name":"wp","href":"https:\/\/api.w.org\/{rel}","templated":true}]}}