{"id":3554,"date":"2026-02-28T01:16:02","date_gmt":"2026-02-28T04:16:02","guid":{"rendered":"https:\/\/bibliotecajuridicavirtual.cl\/?post_type=product&#038;p=3554"},"modified":"2026-02-28T01:17:03","modified_gmt":"2026-02-28T04:17:03","slug":"la-casacion-hoy-cien-anos-despues-de-calamandrei-ano-20218-220-pag-autor-jordi-nieva-fenoll-renzo-cavani","status":"publish","type":"product","link":"https:\/\/bibliotecajuridicavirtual.cl\/index.php\/product\/la-casacion-hoy-cien-anos-despues-de-calamandrei-ano-20218-220-pag-autor-jordi-nieva-fenoll-renzo-cavani\/","title":{"rendered":"La Casaci\u00f3n hoy, cien a\u00f1os despu\u00e9s de calamandrei. A\u00f1o 20218\/220 P\u00e1g. Autor Jordi Nieva Fenoll, Renzo Cavani"},"content":{"rendered":"<div>\n<section class=\"clearfix\">\n<div class=\"wrap-tabs\">\n<div class=\"features-tab\">\n<div class=\"tab-content clearfix\">\n<div id=\"tab_resumen\" class=\"tab-pane active\" role=\"tabpanel\">\n<section class=\"clearfix\">\n<div class=\"wrap-tabs\">\n<div class=\"features-tab\">\n<div class=\"tab-content clearfix\">\n<div id=\"tab_resumen\" class=\"tab-pane active\" role=\"tabpanel\">\n<p>Calamandrei escribe cuando la casaci\u00f3n ya llevaba algo m\u00e1s de un siglo de andadura desde que fue concebida con ese nombre en Francia. Tuvo, por tanto, materiales m\u00e1s que suficientes para escribir su magna obra, uno de los principales monumentos del Derecho procesal mundial.<br \/>\nSin embargo, a lo largo de los \u00faltimos cien a\u00f1os, el modelo original no solamente ha sufrido variaciones muy considerables en los diferentes Estados que lo adoptaron, sino tambi\u00e9n en la misma Francia. Adem\u00e1s, la doctrina ha evolucionado much\u00edsimo en sus conclusiones, de manera que ya no se puede decir que la funci\u00f3n nomofil\u00e1ctica de la casaci\u00f3n sea la que imagin\u00f3 Calamandrei -que hasta se desminti\u00f3 a s\u00ed mismo al final de su vida-, ni que sea realmente posible aislar las \u00abcuestiones de derecho\u00bb en su cognici\u00f3n, ni siquiera que los modelos del Tribunal Supremo del Reino Unido y del Tribunal Supremo de Estados Unidos est\u00e9n ya tan sumamente alejados de los sistemas de casaci\u00f3n de medio mundo. Ni siquiera est\u00e1 claro que en su origen la casaci\u00f3n francesa no tuviera absolutamente nada que ver con estos modelos anglosajones.<br \/>\nSobre todo ello se escribe en este libro, en el que el lector encontrar\u00e1 conclusiones tan sorprendentes como fundamentadas, as\u00ed como una exposici\u00f3n fiel de los principales modelos hoy existentes y que han sido m\u00e1s influyentes. Con ello se pretende homenajear, y no reescribir, la obra de Calamandrei, aunque qui\u00e9n sabe si el maestro florentino hubiera modificado algunas de sus conclusiones tras la lectura de esta obra.<\/p>\n<\/div>\n<\/div>\n<\/div>\n<\/div>\n<\/section>\n<\/div>\n<\/div>\n<\/div>\n<\/div>\n<\/section>\n<p>Autores: Jordi Nieva Fenoll, Renzo Cavani<\/p>\n<\/div>\n<div class=\"addtoany_share_save_container addtoany_content_bottom\"><b><i>Ediciones Marcial Pons<\/i><\/b><\/div>\n<div>\n<hr \/>\n<p><em><strong>\u00cdndice<\/strong><\/em><\/p>\n<\/div>\n<div>Palabras previas, por Jordi Nieva Fenoll y Renzo Cavani<br \/>\nI. EL DI\u00c1LOGO DE DOS MAESTROS<br \/>\nSobre la evoluci\u00f3n del Tribunal de Casaci\u00f3n italiano, por Michele Taruffo<br \/>\nNomofilaxis y reforma del juicio de casaci\u00f3n, por Sergio Chiarloni<br \/>\nII. EL PRESENTE Y EL FUTURO<br \/>\nEL Tribunal Supremo italiano a cien a\u00f1os de la \u00abCassazione civile\u00bb de Calamandrei, por Luca Passanante<br \/>\nEl futuro del Tribunal de Casaci\u00f3n franc\u00e9s, por Fr\u00e9d\u00e9rique Ferrand<br \/>\nIII. EL PASADO INGL\u00c9S Y EL PRESENTE BRIT\u00c1NICO<br \/>\nEl origen ingl\u00e9s de la casaci\u00f3n francesa, por Jordi Nieva Fenoll<br \/>\nEL Tribunal Supremo de Reino Unido: procedimientos, precedentes y reforma, por John Sorabji<br \/>\nIV. LOS TEMAS CL\u00c1SICOS<br \/>\nCuesti\u00f3n de hecho y cuesti\u00f3n de derecho en los recursos ante los tribunales superiores, por Teresa Arruda Alvim<br \/>\nLos filtros de acceso ante las Cortes Supremas, por Leandro J. Giannini<br \/>\nCasaci\u00f3n y precedente. Reflexiones a partir de Calamandrei, por Renzo Cavani<\/div>\n","protected":false},"excerpt":{"rendered":"<p>Buscas un libro Jur\u00eddico.? Lo puedes encontrar en nuestra tienda virtual.<br \/>\nContamos con prestigiosos autores y muchas alternativas en sus diferentes materias al igual que grandes descuentos.! Vis\u00edtanos en <a class=\"WIqYRhrgSwudTdkUSyFxlrSpLSzpijzZtNRIQ \" href=\"https:\/\/lnkd.in\/eiAG7jdZ\" target=\"_blank\" rel=\"noopener\" data-test-app-aware-link=\"\">https:\/\/lnkd.in\/eiAG7jdZ<\/a><br \/>\nEscr\u00edbenos al +56930565235 \/ <a class=\"WIqYRhrgSwudTdkUSyFxlrSpLSzpijzZtNRIQ \" href=\"mailto:ventaslegallexglobal@gmail.com\" target=\"_self\" data-test-app-aware-link=\"\">ventaslegallexglobal@gmail.com<\/a><br \/>\nHacemos env\u00edos a todo Chile \u2013 Starken o Correos Chile \/ Te esperamos<\/p>\n","protected":false},"featured_media":3599,"comment_status":"open","ping_status":"closed","template":"","meta":{"inline_featured_image":false,"_joinchat":[]},"product_brand":[],"product_cat":[27,26,44],"product_tag":[],"class_list":{"0":"post-3554","1":"product","2":"type-product","3":"status-publish","4":"has-post-thumbnail","6":"product_cat-civil","7":"product_cat-derecho","8":"product_cat-filosofia-del-derecho-y-introduccion","9":"product_shipping_class-a-convenir","11":"first","12":"instock","13":"shipping-taxable","14":"purchasable","15":"product-type-simple"},"_links":{"self":[{"href":"https:\/\/bibliotecajuridicavirtual.cl\/index.php\/wp-json\/wp\/v2\/product\/3554","targetHints":{"allow":["GET"]}}],"collection":[{"href":"https:\/\/bibliotecajuridicavirtual.cl\/index.php\/wp-json\/wp\/v2\/product"}],"about":[{"href":"https:\/\/bibliotecajuridicavirtual.cl\/index.php\/wp-json\/wp\/v2\/types\/product"}],"replies":[{"embeddable":true,"href":"https:\/\/bibliotecajuridicavirtual.cl\/index.php\/wp-json\/wp\/v2\/comments?post=3554"}],"wp:featuredmedia":[{"embeddable":true,"href":"https:\/\/bibliotecajuridicavirtual.cl\/index.php\/wp-json\/wp\/v2\/media\/3599"}],"wp:attachment":[{"href":"https:\/\/bibliotecajuridicavirtual.cl\/index.php\/wp-json\/wp\/v2\/media?parent=3554"}],"wp:term":[{"taxonomy":"product_brand","embeddable":true,"href":"https:\/\/bibliotecajuridicavirtual.cl\/index.php\/wp-json\/wp\/v2\/product_brand?post=3554"},{"taxonomy":"product_cat","embeddable":true,"href":"https:\/\/bibliotecajuridicavirtual.cl\/index.php\/wp-json\/wp\/v2\/product_cat?post=3554"},{"taxonomy":"product_tag","embeddable":true,"href":"https:\/\/bibliotecajuridicavirtual.cl\/index.php\/wp-json\/wp\/v2\/product_tag?post=3554"}],"curies":[{"name":"wp","href":"https:\/\/api.w.org\/{rel}","templated":true}]}}