{"id":3654,"date":"2026-02-28T01:19:21","date_gmt":"2026-02-28T04:19:21","guid":{"rendered":"https:\/\/bibliotecajuridicavirtual.cl\/?post_type=product&#038;p=3654"},"modified":"2026-02-28T01:19:41","modified_gmt":"2026-02-28T04:19:41","slug":"responsabilidad-empresarial-derechos-humanos-y-la-agenda-del-derecho-penal-corporativo-ano-2022-640-pag-autor-pablo-galain-palermo-y-eduardo-saad-diniz","status":"publish","type":"product","link":"https:\/\/bibliotecajuridicavirtual.cl\/index.php\/product\/responsabilidad-empresarial-derechos-humanos-y-la-agenda-del-derecho-penal-corporativo-ano-2022-640-pag-autor-pablo-galain-palermo-y-eduardo-saad-diniz\/","title":{"rendered":"Responsabilidad Empresarial, Derechos Humanos y la Agenda del Derecho Penal Corporativo. A\u00f1o 2022\/ 640 P\u00e1g. Autor Pablo Galain Palermo y Eduardo Saad Diniz"},"content":{"rendered":"<p>Empresas<br \/>\nEl rechazo metaf\u00edsico de muchos penalistas a la responsabilidad penal de las personas jur\u00eddicas parece haber encontrado su \u00faltima frontera en el campo de las violaciones de derechos humanos cometidas por las empresas. El protagonismo de las corporaciones en la producci\u00f3n de graves da\u00f1os a escala global no solo es preocupante, sino que en muchos casos ha superado los l\u00edmites de lo reversible y lo tolerable. Llegados a este punto, la comunidad cient\u00edfica global se ve inmersa en una situaci\u00f3n de urgencia que le exige el desarrollo de estrategias jur\u00eddicas y pol\u00edticas de control social para disminuir el riesgo del comportamiento de las empresas, pues una demora en el tiempo puede significar graves da\u00f1os contra las personas y el medio ambiente. Un comportamiento omisivo frente a esta realidad significar\u00eda no solo la p\u00e9rdida de una magn\u00edfica oportunidad hist\u00f3rica para reafirmar las funciones preventivas (y no meramente simb\u00f3licas) del sistema penal, sino tambi\u00e9n coadyuvar\u00eda con la creaci\u00f3n de un manto de sospecha sobre el buen desempe\u00f1o de las instituciones en relaci\u00f3n a las funciones esenciales de contralor en un Estado de Derecho respetuoso de sus obligaciones de protecci\u00f3n de los derechos humanos.<br \/>\nBas\u00e1ndose en estos presupuestos, este libro es la suma de contribuciones que versan sobre m\u00faltiples perspectivas disciplinarias, que van de la criminolog\u00eda corporativa hasta las t\u00e9cnicas de imputaci\u00f3n de responsabilidad, pasando por los desaf\u00edos procesales y los dilemas que aportan las nuevas tecnolog\u00edas, incluyendo las formas de delinquir relacionadas con empresas y las correspondientes reacciones jur\u00eddicas.<br \/>\nEsta obra colectiva de la que participan autores de tres continentes es un marco de discusi\u00f3n global para el pensamiento reflexivo en relaci\u00f3n al comportamiento abusivo de las multinacionales ?con particular atenci\u00f3n a lo que sucede en Latinoam\u00e9rica? que esperamos pueda servir para inspirar investigaciones y pr\u00e1cticas sociales consistentes con miras a un cambio de paradigma en materia punitiva, para dirigir a la justicia hacia quienes m\u00e1s la necesitan, esto es, las v\u00edctimas de los delitos.<\/p>\n<p>\u00cdndice<br \/>\nPr\u00f3logo\u00a0\u00a0 \u00a0\u00a0\u00a0 \u00a011<br \/>\nRicardo C. P\u00e9rez Manrique<br \/>\nIntroducci\u00f3n\u00a0\u00a0 \u00a0\u00a0\u00a0 \u00a015<br \/>\nPablo Galain Palermo y Eduardo Saad-Diniz<br \/>\nPrimera Parte<br \/>\nEMPRESAS, DERECHOS HUMANOS Y LA REACCI\u00d3N DEL DERECHO PENAL<br \/>\nEmpresas, derechos humanos y la reacci\u00f3n del Derecho Penal: la necesidad de un concepto amplio de sanci\u00f3n\u00a0\u00a0 \u00a0\u00a0\u00a0 \u00a029<br \/>\nPablo Galain Palermo<br \/>\nJusticia empresarial restaurativa y v\u00edctimas corporativas\u00a0\u00a0 \u00a0\u00a0\u00a0 \u00a075<br \/>\nAd\u00e1n Nieto Mart\u00edn<br \/>\nResponsabilidad penal de las personas jur\u00eddicas por violaciones a los Derechos Humanos. Los l\u00edmites de un cruce\u00a0\u00a0 \u00a0\u00a0\u00a0 \u00a0111<br \/>\nH\u00e9ctor Hern\u00e1ndez Basualto<br \/>\nLa responsabilidad transnacional de la empresa desde la perspectiva del derecho penal empresarial y los Derechos Humanos\u00a0\u00a0 \u00a0\u00a0\u00a0 \u00a0143<br \/>\nMar\u00eda Eugenia Escobar Bravo<br \/>\nSegunda Parte<br \/>\nCRIMINOLOG\u00cdA CORPORATIVA Y CRIMINALIDAD DE LOS PODEROSOS: HISTORIA Y PRESENTE<br \/>\nRegulaci\u00f3n mixta, eficacia integral y cr\u00edmenes de los poderosos\u00a0\u00a0 \u00a0\u00a0\u00a0 \u00a0169<br \/>\nJohn Braithwaite<br \/>\nResponsabilidad social y Greenwashing Corporativo\u00a0\u00a0 \u00a0\u00a0\u00a0 \u00a0193<br \/>\nWilliam Laufer<br \/>\nLa criminalidad del maldesarrollo. Una categor\u00eda necesaria en la criminolog\u00eda\u00a0\u00a0 \u00a0\u00a0\u00a0 \u00a0207<br \/>\nMar\u00eda Laura B\u00f6hm<br \/>\nDa\u00f1o y justicia hist\u00f3rica en el sur global: interpretaciones en torno a los cr\u00edmenes de los poderosos y la resistencia de los pueblos \u00a0\u00a0 \u00a0\u00a0\u00a0 \u00a0253<br \/>\nGustavo Rojas-P\u00e1ez y Andr\u00e9s Mauricio Guzm\u00e1n<br \/>\nTercera Parte<br \/>\nCOMPLICIDAD CORPORATIVA, VIOLACI\u00d3N DE DERECHOS HUMANOS Y JUSTICIA DE TRANSICI\u00d3N<br \/>\n\u201cTenebrosas transa\u00e7\u00f5es\u201d: la complicidad de las redes empresariales con din\u00e1micas autoritarias\u00a0\u00a0 \u00a0\u00a0\u00a0 \u00a0279<br \/>\nEduardo Saad-Diniz<br \/>\nDimensiones territoriales de la transici\u00f3n colombiana a la luz de vulneraciones de DDHH por parte de las empresas transnacionales mineras\u00a0\u00a0 \u00a0\u00a0\u00a0 \u00a0309<br \/>\nVanessa Suelt Cock<br \/>\nPersecuci\u00f3n judicial de la complicidad econ\u00f3mica y de civiles por la comisi\u00f3n de cr\u00edmenes de lesa humanidad durante la dictadura en Chile\u00a0\u00a0 \u00a0\u00a0\u00a0 \u00a0331<br \/>\nPietro Sferrazza Taibi y Francisco Bustos Bustos<br \/>\nCuarta Parte<br \/>\nRESPONSABILIDAD PENAL DE LAS PERSONAS JUR\u00cdDICAS. ALCANCE LOCAL Y GLOBAL: ASPECTOS MATERIALES Y FORMALES<br \/>\nDelitos desde las corporaciones\u00a0\u00a0 \u00a0\u00a0\u00a0 \u00a0375<br \/>\nJavier Augusto De Luca<br \/>\nLa conducta jur\u00eddico-penal de la persona jur\u00eddica como ejemplo de expansi\u00f3n punitiva\u00a0\u00a0 \u00a0\u00a0\u00a0 \u00a0399<br \/>\nJuan Luis Modolell Gonz\u00e1lez<br \/>\nEl proceso penal contra una persona jur\u00eddica en Espa\u00f1a: cuestiones fundamentales\u00a0\u00a0 \u00a0\u00a0\u00a0 \u00a0417<br \/>\nJuan-Luis G\u00f3mez Colomer<br \/>\nQuinta Parte<br \/>\nCORRUPCI\u00d3N Y OTRAS FORMAS DE CRIMINALIDAD RELACIONADAS CON LAS EMPRESAS<br \/>\nLas respuestas a la corrupci\u00f3n estructural en las Am\u00e9ricas y a su dimensi\u00f3n transnacional desde los instrumentos internacionales anticorrupci\u00f3n, el Derecho Internacional Penal y el enfoque de Derechos Humanos\u00a0\u00a0 \u00a0\u00a0\u00a0 \u00a0455<br \/>\nH\u00e9ctor Ol\u00e1solo Alonso<br \/>\nResponsabilidad penal de las personas jur\u00eddicas y Derecho Penal Internacional\u00a0\u00a0 \u00a0\u00a0\u00a0 \u00a0491<br \/>\nCarlos Eduardo A. Japiass\u00fa<br \/>\nRetos potenciales y de responsabilidad social de las organizaciones privadas transnacionales\u00a0\u00a0 \u00a0\u00a0\u00a0 \u00a0503<br \/>\nVict\u00f3ria Laurentiz<br \/>\nSEXTA PARTE<br \/>\nEMPRESAS, RECURSOS NATURALES Y DERECHOS HUMANOS<br \/>\nLa costumbre internacional como mecanismo para determinar la responsabilidad empresarial por abusos a Derechos Humanos: lecciones del caso Nevsun de la Corte Suprema de Justicia de Canad\u00e1\u00a0\u00a0 \u00a0\u00a0\u00a0 \u00a0519<br \/>\nSalvador Herencia-Carrasco<br \/>\nCaso \u201cSan Carlos-Panantza\u201d (Miner\u00eda a gran escala en Ecuador)\u00a0\u00a0 \u00a0\u00a0\u00a0 \u00a0531<br \/>\nM. Pilar Mayoral<br \/>\nLa responsabilidad de las empresas en el conflicto colombiano: los cr\u00edmenes no reconocidos\u00a0\u00a0 \u00a0\u00a0\u00a0 \u00a0567<br \/>\nGear\u00f3id \u00d3 Loingsigh<br \/>\nS\u00c9PTIMA PARTE<br \/>\nNUEVAS TECNOLOG\u00cdAS Y FORMAS DE DELINQUIR RELACIONADAS CON EMPRESAS<br \/>\nFake news y responsabilidad penal de las personas jur\u00eddicas\u00a0\u00a0 \u00a0\u00a0\u00a0 \u00a0585<br \/>\nPedro J. Montano<br \/>\nDigitalizaci\u00f3n y derechos humanos. Un acercamiento preliminar en raz\u00f3n de la crisis causada por el COVID-19\u00a0\u00a0 \u00a0\u00a0\u00a0 \u00a0613<br \/>\nJohn Zuluaga<br \/>\nLos Autores\u00a0\u00a0 \u00a0\u00a0\u00a0 \u00a0631<\/p>\n","protected":false},"excerpt":{"rendered":"<p>Buscas un libro Jur\u00eddico.? Lo puedes encontrar en nuestra tienda virtual.<br \/>\nContamos con prestigiosos autores y muchas alternativas en sus diferentes materias al igual que grandes descuentos.!<br \/>\nVis\u00edtanos en www.bibliotecajuridicavirtual.cl<br \/>\nEscr\u00edbenos al +56930565235 \/ <a class=\"KqkLtHqAAjXOQRTERvGIXAwOeCherHGIRUU \" href=\"mailto:ventaslegallexglobal@gmail.com\" target=\"_self\" data-test-app-aware-link=\"\">ventaslegallexglobal@gmail.com<\/a><br \/>\nHacemos env\u00edos a todo Chile \u2013 Starken o Correos Chile \/ Te esperamos.<\/p>\n","protected":false},"featured_media":3684,"comment_status":"open","ping_status":"closed","template":"","meta":{"inline_featured_image":false,"_joinchat":[]},"product_brand":[],"product_cat":[30],"product_tag":[],"class_list":{"0":"post-3654","1":"product","2":"type-product","3":"status-publish","4":"has-post-thumbnail","6":"product_cat-penal","7":"product_shipping_class-a-convenir","9":"first","10":"instock","11":"shipping-taxable","12":"purchasable","13":"product-type-simple"},"_links":{"self":[{"href":"https:\/\/bibliotecajuridicavirtual.cl\/index.php\/wp-json\/wp\/v2\/product\/3654","targetHints":{"allow":["GET"]}}],"collection":[{"href":"https:\/\/bibliotecajuridicavirtual.cl\/index.php\/wp-json\/wp\/v2\/product"}],"about":[{"href":"https:\/\/bibliotecajuridicavirtual.cl\/index.php\/wp-json\/wp\/v2\/types\/product"}],"replies":[{"embeddable":true,"href":"https:\/\/bibliotecajuridicavirtual.cl\/index.php\/wp-json\/wp\/v2\/comments?post=3654"}],"wp:featuredmedia":[{"embeddable":true,"href":"https:\/\/bibliotecajuridicavirtual.cl\/index.php\/wp-json\/wp\/v2\/media\/3684"}],"wp:attachment":[{"href":"https:\/\/bibliotecajuridicavirtual.cl\/index.php\/wp-json\/wp\/v2\/media?parent=3654"}],"wp:term":[{"taxonomy":"product_brand","embeddable":true,"href":"https:\/\/bibliotecajuridicavirtual.cl\/index.php\/wp-json\/wp\/v2\/product_brand?post=3654"},{"taxonomy":"product_cat","embeddable":true,"href":"https:\/\/bibliotecajuridicavirtual.cl\/index.php\/wp-json\/wp\/v2\/product_cat?post=3654"},{"taxonomy":"product_tag","embeddable":true,"href":"https:\/\/bibliotecajuridicavirtual.cl\/index.php\/wp-json\/wp\/v2\/product_tag?post=3654"}],"curies":[{"name":"wp","href":"https:\/\/api.w.org\/{rel}","templated":true}]}}