{"id":3688,"date":"2026-02-28T01:19:42","date_gmt":"2026-02-28T04:19:42","guid":{"rendered":"https:\/\/bibliotecajuridicavirtual.cl\/?post_type=product&#038;p=3688"},"modified":"2026-02-28T01:19:47","modified_gmt":"2026-02-28T04:19:47","slug":"esquemas-de-derecho-civil-de-chile-ii-obligaciones-y-responsabilidad-civil-ano-2021-368-pag-autor-pamela-mendoza-alonzo","status":"publish","type":"product","link":"https:\/\/bibliotecajuridicavirtual.cl\/index.php\/product\/esquemas-de-derecho-civil-de-chile-ii-obligaciones-y-responsabilidad-civil-ano-2021-368-pag-autor-pamela-mendoza-alonzo\/","title":{"rendered":"Esquemas de Derecho Civil de Chile II: Obligaciones y responsabilidad civil A\u00f1o 2021\/ 368 P\u00e1g. Autor Pamela Mendoza Alonzo"},"content":{"rendered":"<p>Esquemas de Derecho Civil de Chile II: Obligaciones y responsabilidad civil.<\/p>\n<p>\u00cdndice<br \/>\nPresentaci\u00f3n\u00a0\u00a0 \u00a0\u00a0\u00a0 \u00a015<br \/>\nParte I<br \/>\nOBLIGACIONES<br \/>\nUnidad I<br \/>\nNociones generales<br \/>\nMar\u00eda Elisa Morales<br \/>\n1.\u00a0\u00a0 \u00a0Generalidades\u00a0\u00a0 \u00a0\u00a0\u00a0 \u00a019<br \/>\n2.\u00a0\u00a0 \u00a0Las fuentes de las obligaciones\u00a0\u00a0 \u00a0\u00a0\u00a0 \u00a029<br \/>\n2.1.\u00a0\u00a0 \u00a0Generalidades\u00a0\u00a0 \u00a0\u00a0\u00a0 \u00a032<br \/>\n2.2.\u00a0\u00a0 \u00a0Declaraci\u00f3n unilateral de la voluntad como fuente de las obligaciones\u00a0\u00a0 \u00a0\u00a0\u00a0 \u00a034<br \/>\n2.3.\u00a0\u00a0 \u00a0El enriquecimiento sin causa como fuente de las obligaciones\u00a0\u00a0 \u00a0\u00a0\u00a0 \u00a036<br \/>\nUnidad II<br \/>\nClasificaci\u00f3n de las obligaciones<br \/>\nMar\u00eda Elisa Morales<br \/>\n1.\u00a0\u00a0 \u00a0Obligaciones civiles y naturales\u00a0\u00a0 \u00a0\u00a0\u00a0 \u00a042<br \/>\n2.\u00a0\u00a0 \u00a0Obligaciones de dar, hacer o no hacer\u00a0\u00a0 \u00a0\u00a0\u00a0 \u00a048<br \/>\n3.\u00a0\u00a0 \u00a0Obligaciones de especie o cuerpo cierto y gen\u00e9ricas\u00a0\u00a0 \u00a0\u00a0\u00a0 \u00a051<br \/>\n3.1.\u00a0\u00a0 \u00a0Obligaciones espec\u00edficas y gen\u00e9ricas\u00a0\u00a0 \u00a0\u00a0\u00a0 \u00a053<br \/>\n3.2.\u00a0\u00a0 \u00a0Obligaciones monetarias o de dinero\u00a0\u00a0 \u00a0\u00a0\u00a0 \u00a054<br \/>\n3.3.\u00a0\u00a0 \u00a0Obligaciones de dinero y de valor\u00a0\u00a0 \u00a0\u00a0\u00a0 \u00a055<br \/>\n4.\u00a0\u00a0 \u00a0Obligaciones con pluralidad de objeto: alternativas y facultativas\u00a0\u00a0 \u00a0\u00a0\u00a0 \u00a056<br \/>\n5.\u00a0\u00a0 \u00a0Obligaciones positivas y negativas\u00a0\u00a0 \u00a0\u00a0\u00a0 \u00a059<br \/>\n6.\u00a0\u00a0 \u00a0Obligaciones de medio y de resultado\u00a0\u00a0 \u00a0\u00a0\u00a0 \u00a060<br \/>\n7.\u00a0\u00a0 \u00a0Obligaciones con pluralidad de sujetos\u00a0\u00a0 \u00a0\u00a0\u00a0 \u00a061<br \/>\n7.1.\u00a0\u00a0 \u00a0Generalidades\u00a0\u00a0 \u00a0\u00a0\u00a0 \u00a065<br \/>\n7.2. Las obligaciones simplemente conjuntas\u00a0\u00a0 \u00a0\u00a0\u00a0 \u00a066<br \/>\n7.3.\u00a0\u00a0 \u00a0Las obligaciones solidarias\u00a0\u00a0 \u00a0\u00a0\u00a0 \u00a068<br \/>\n7.4.\u00a0\u00a0 \u00a0Obligaciones indivisibles\u00a0\u00a0 \u00a0\u00a0\u00a0 \u00a075<br \/>\n8.\u00a0\u00a0 \u00a0Obligaciones sujetas a modalidad\u00a0\u00a0 \u00a0\u00a0\u00a0 \u00a085<br \/>\n8.1.\u00a0\u00a0 \u00a0Obligaciones condicionales\u00a0\u00a0 \u00a0\u00a0\u00a0 \u00a085<br \/>\n8.1.1.\u00a0\u00a0 \u00a0Generalidades de las obligaciones condicionales\u00a0\u00a0 \u00a0\u00a0\u00a0 \u00a089<br \/>\n8.1.2.\u00a0\u00a0 \u00a0La condici\u00f3n suspensiva\u00a0\u00a0 \u00a0\u00a0\u00a0 \u00a0101<br \/>\n8.1.3.\u00a0\u00a0 \u00a0La condici\u00f3n resolutoria\u00a0\u00a0 \u00a0\u00a0\u00a0 \u00a0102<br \/>\n8.1.4.\u00a0\u00a0 \u00a0La condici\u00f3n resolutoria ordinaria\u00a0\u00a0 \u00a0\u00a0\u00a0 \u00a0103<br \/>\n8.1.5.\u00a0\u00a0 \u00a0La condici\u00f3n resolutoria t\u00e1cita\u00a0\u00a0 \u00a0\u00a0\u00a0 \u00a0104<br \/>\n8.1.6.\u00a0\u00a0 \u00a0Pacto comisorio\u00a0\u00a0 \u00a0\u00a0\u00a0 \u00a0109<br \/>\n8.1.7.\u00a0\u00a0 \u00a0La acci\u00f3n resolutoria\u00a0\u00a0 \u00a0\u00a0\u00a0 \u00a0114<br \/>\n8.2.\u00a0\u00a0 \u00a0Obligaciones a plazo\u00a0\u00a0 \u00a0\u00a0\u00a0 \u00a0122<br \/>\n8.3.\u00a0\u00a0 \u00a0Obligaciones modales\u00a0\u00a0 \u00a0\u00a0\u00a0 \u00a0127<br \/>\nUnidad III<br \/>\nLos modos de extinguir las obligaciones<br \/>\nRenzo Munita<br \/>\n1.\u00a0\u00a0 \u00a0Concepto y enumeraci\u00f3n\u00a0\u00a0 \u00a0\u00a0\u00a0 \u00a0132<br \/>\n2.\u00a0\u00a0 \u00a0La resciliaci\u00f3n o mutuo disenso\u00a0\u00a0 \u00a0\u00a0\u00a0 \u00a0134<br \/>\n3.\u00a0\u00a0 \u00a0El pago\u00a0\u00a0 \u00a0\u00a0\u00a0 \u00a0137<br \/>\n3.1.\u00a0\u00a0 \u00a0Soluci\u00f3n o pago efectivo\u00a0\u00a0 \u00a0\u00a0\u00a0 \u00a0138<br \/>\n3.2.\u00a0\u00a0 \u00a0Pago por consignaci\u00f3n\u00a0\u00a0 \u00a0\u00a0\u00a0 \u00a0147<br \/>\n3.3.\u00a0\u00a0 \u00a0Pago con subrogaci\u00f3n\u00a0\u00a0 \u00a0\u00a0\u00a0 \u00a0155<br \/>\n3.4.\u00a0\u00a0 \u00a0Pago por cesi\u00f3n de bienes\u00a0\u00a0 \u00a0\u00a0\u00a0 \u00a0161<br \/>\n3.5.\u00a0\u00a0 \u00a0Pago con beneficio de competencia\u00a0\u00a0 \u00a0\u00a0\u00a0 \u00a0166<br \/>\n3.6.\u00a0\u00a0 \u00a0Del pago de lo no debido\u00a0\u00a0 \u00a0\u00a0\u00a0 \u00a0167<br \/>\n4.\u00a0\u00a0 \u00a0La daci\u00f3n en pago\u00a0\u00a0 \u00a0\u00a0\u00a0 \u00a0171<br \/>\n5.\u00a0\u00a0 \u00a0La novaci\u00f3n\u00a0\u00a0 \u00a0\u00a0\u00a0 \u00a0173<br \/>\n6.\u00a0\u00a0 \u00a0La compensaci\u00f3n\u00a0\u00a0 \u00a0\u00a0\u00a0 \u00a0178<br \/>\n7.\u00a0\u00a0 \u00a0La remisi\u00f3n\u00a0\u00a0 \u00a0\u00a0\u00a0 \u00a0181<br \/>\n8.\u00a0\u00a0 \u00a0La confusi\u00f3n\u00a0\u00a0 \u00a0\u00a0\u00a0 \u00a0183<br \/>\n9.\u00a0\u00a0 \u00a0La imposibilidad de la ejecuci\u00f3n y p\u00e9rdida de la cosa debida\u00a0\u00a0 \u00a0\u00a0\u00a0 \u00a0184<br \/>\n10.\u00a0\u00a0 \u00a0La prescripci\u00f3n extintiva\u00a0\u00a0 \u00a0\u00a0\u00a0 \u00a0188<br \/>\nParte II<br \/>\nRESPONSABILIDAD CIVIL<br \/>\nUnidad IV<br \/>\nResponsabilidad civil en general<br \/>\nDar\u00edo Parra<br \/>\n1.\u00a0\u00a0 \u00a0Generalidades\u00a0\u00a0 \u00a0\u00a0\u00a0 \u00a0202<br \/>\n2.\u00a0\u00a0 \u00a0Responsabilidad contractual y extracontractual\u00a0\u00a0 \u00a0\u00a0\u00a0 \u00a0203<br \/>\n3.\u00a0\u00a0 \u00a0Unidad de la responsabilidad civil\u00a0\u00a0 \u00a0\u00a0\u00a0 \u00a0207<br \/>\nUnidad V<br \/>\nResponsabilidad civil contractual<br \/>\nDar\u00edo Parra<br \/>\n1.\u00a0\u00a0 \u00a0El incumplimiento en general\u00a0\u00a0 \u00a0\u00a0\u00a0 \u00a0216<br \/>\n2.\u00a0\u00a0 \u00a0El incumplimiento rec\u00edproco\u00a0\u00a0 \u00a0\u00a0\u00a0 \u00a0219<br \/>\n2.1.\u00a0\u00a0 \u00a0Excepci\u00f3n del contrato no cumplido\u00a0\u00a0 \u00a0\u00a0\u00a0 \u00a0220<br \/>\n2.2.\u00a0\u00a0 \u00a0El derecho legal de retenci\u00f3n\u00a0\u00a0 \u00a0\u00a0\u00a0 \u00a0223<br \/>\n3.\u00a0\u00a0 \u00a0Cumplimiento forzado\u00a0\u00a0 \u00a0\u00a0\u00a0 \u00a0226<br \/>\n4.\u00a0\u00a0 \u00a0El cumplimiento por equivalente: indemnizaci\u00f3n de perjuicios\u00a0\u00a0 \u00a0\u00a0\u00a0 \u00a0230<br \/>\n4.1.\u00a0\u00a0 \u00a0Generalidades\u00a0\u00a0 \u00a0\u00a0\u00a0 \u00a0230<br \/>\n4.2.\u00a0\u00a0 \u00a0El da\u00f1o contractual\u00a0\u00a0 \u00a0\u00a0\u00a0 \u00a0233<br \/>\n4.3.\u00a0\u00a0 \u00a0La relaci\u00f3n de causalidad en materia contractual\u00a0\u00a0 \u00a0\u00a0\u00a0 \u00a0235<br \/>\n4.4.\u00a0\u00a0 \u00a0La imputabilidad del perjuicio\u00a0\u00a0 \u00a0\u00a0\u00a0 \u00a0236<br \/>\n4.4.1.\u00a0\u00a0 \u00a0El dolo\u00a0\u00a0 \u00a0\u00a0\u00a0 \u00a0236<br \/>\n4.4.2.\u00a0\u00a0 \u00a0La culpa contractual\u00a0\u00a0 \u00a0\u00a0\u00a0 \u00a0239<br \/>\n4.5.\u00a0\u00a0 \u00a0Causales de exenci\u00f3n de responsabilidad\u00a0\u00a0 \u00a0\u00a0\u00a0 \u00a0242<br \/>\n4.6.\u00a0\u00a0 \u00a0La mora\u00a0\u00a0 \u00a0\u00a0\u00a0 \u00a0250<br \/>\n4.6.1.\u00a0\u00a0 \u00a0Mora del deudor\u00a0\u00a0 \u00a0\u00a0\u00a0 \u00a0250<br \/>\n4.6.2.\u00a0\u00a0 \u00a0La mora del acreedor (mora accipiendi)\u00a0\u00a0 \u00a0\u00a0\u00a0 \u00a0254<br \/>\n4.7.\u00a0\u00a0 \u00a0La acci\u00f3n de perjuicios\u00a0\u00a0 \u00a0\u00a0\u00a0 \u00a0257<br \/>\n4.8.\u00a0\u00a0 \u00a0Avaluaci\u00f3n de los perjuicios\u00a0\u00a0 \u00a0\u00a0\u00a0 \u00a0258<br \/>\n4.8.1.\u00a0\u00a0 \u00a0Avaluaci\u00f3n judicial de perjuicios\u00a0\u00a0 \u00a0\u00a0\u00a0 \u00a0259<br \/>\n4.8.2.\u00a0\u00a0 \u00a0Avaluaci\u00f3n legal de perjuicios\u00a0\u00a0 \u00a0\u00a0\u00a0 \u00a0261<br \/>\n4.8.3.\u00a0\u00a0 \u00a0La cl\u00e1usula penal\u00a0\u00a0 \u00a0\u00a0\u00a0 \u00a0263<br \/>\n5.\u00a0\u00a0 \u00a0Derechos auxiliares del acreedor\u00a0\u00a0 \u00a0\u00a0\u00a0 \u00a0269<br \/>\n5.1.\u00a0\u00a0 \u00a0Medidas conservativas\u00a0\u00a0 \u00a0\u00a0\u00a0 \u00a0272<br \/>\n5.2.\u00a0\u00a0 \u00a0Acci\u00f3n oblicua\u00a0\u00a0 \u00a0\u00a0\u00a0 \u00a0274<br \/>\n5.3.\u00a0\u00a0 \u00a0Acci\u00f3n pauliana o revocatoria\u00a0\u00a0 \u00a0\u00a0\u00a0 \u00a0277<br \/>\n5.4.\u00a0\u00a0 \u00a0Beneficio de separaci\u00f3n\u00a0\u00a0 \u00a0\u00a0\u00a0 \u00a0282<br \/>\nUnidad VI<br \/>\nResponsabilidad civil extracontractual<br \/>\nPamela Mendoza<br \/>\n1.\u00a0\u00a0 \u00a0Generalidades\u00a0\u00a0 \u00a0\u00a0\u00a0 \u00a0285<br \/>\n2.\u00a0\u00a0 \u00a0El acto humano\u00a0\u00a0 \u00a0\u00a0\u00a0 \u00a0296<br \/>\n3.\u00a0\u00a0 \u00a0Capacidad\u00a0\u00a0 \u00a0\u00a0\u00a0 \u00a0298<br \/>\n4.\u00a0\u00a0 \u00a0Antijuridicidad\u00a0\u00a0 \u00a0\u00a0\u00a0 \u00a0303<br \/>\n5.\u00a0\u00a0 \u00a0El da\u00f1o\u00a0\u00a0 \u00a0\u00a0\u00a0 \u00a0311<br \/>\n6.\u00a0\u00a0 \u00a0Causalidad\u00a0\u00a0 \u00a0\u00a0\u00a0 \u00a0325<br \/>\n7.\u00a0\u00a0 \u00a0La reprochabilidad o culpabilidad\u00a0\u00a0 \u00a0\u00a0\u00a0 \u00a0335<br \/>\n8.\u00a0\u00a0 \u00a0Las presunciones de culpa\u00a0\u00a0 \u00a0\u00a0\u00a0 \u00a0342<br \/>\n8.1.\u00a0\u00a0 \u00a0Responsabilidad por hecho propio\u00a0\u00a0 \u00a0\u00a0\u00a0 \u00a0345<br \/>\n8.2.\u00a0\u00a0 \u00a0Responsabilidad por el hecho ajeno\u00a0\u00a0 \u00a0\u00a0\u00a0 \u00a0346<br \/>\n8.3.\u00a0\u00a0 \u00a0Responsabilidad por hecho de las cosas\u00a0\u00a0 \u00a0\u00a0\u00a0 \u00a0354<br \/>\n9.\u00a0\u00a0 \u00a0La acci\u00f3n de responsabilidad extracontractual y reparaci\u00f3n del da\u00f1o\u00a0\u00a0 \u00a0\u00a0\u00a0 \u00a0356<br \/>\nBibliograf\u00eda\u00a0\u00a0 \u00a0\u00a0\u00a0 \u00a0365<\/p>\n","protected":false},"excerpt":{"rendered":"<p>Buscas un libro Jur\u00eddico.? Lo puedes encontrar en nuestra tienda virtual.<br \/>\nContamos con prestigiosos autores y muchas alternativas en sus diferentes materias al igual que grandes descuentos.! Vis\u00edtanos en <a class=\"TCtSGXKgkjclDJQyAiLBLXwsCCIaagtA \" tabindex=\"0\" href=\"https:\/\/lnkd.in\/eiAG7jdZ\" target=\"_blank\" rel=\"noopener\" data-test-app-aware-link=\"\">https:\/\/lnkd.in\/eiAG7jdZ<\/a><br \/>\nEscr\u00edbenos al +56930565235 \/ <a class=\"TCtSGXKgkjclDJQyAiLBLXwsCCIaagtA \" tabindex=\"0\" href=\"mailto:ventaslegallexglobal@gmail.com\" target=\"_self\" data-test-app-aware-link=\"\">ventaslegallexglobal@gmail.com<\/a><br \/>\nHacemos env\u00edos a todo Chile \u2013 Starken o Correos Chile \/ Te esperamos<\/p>\n","protected":false},"featured_media":3718,"comment_status":"open","ping_status":"closed","template":"","meta":{"inline_featured_image":false,"_joinchat":[]},"product_brand":[],"product_cat":[27],"product_tag":[],"class_list":{"0":"post-3688","1":"product","2":"type-product","3":"status-publish","4":"has-post-thumbnail","6":"product_cat-civil","7":"product_shipping_class-a-convenir","9":"first","10":"instock","11":"shipping-taxable","12":"purchasable","13":"product-type-simple"},"_links":{"self":[{"href":"https:\/\/bibliotecajuridicavirtual.cl\/index.php\/wp-json\/wp\/v2\/product\/3688","targetHints":{"allow":["GET"]}}],"collection":[{"href":"https:\/\/bibliotecajuridicavirtual.cl\/index.php\/wp-json\/wp\/v2\/product"}],"about":[{"href":"https:\/\/bibliotecajuridicavirtual.cl\/index.php\/wp-json\/wp\/v2\/types\/product"}],"replies":[{"embeddable":true,"href":"https:\/\/bibliotecajuridicavirtual.cl\/index.php\/wp-json\/wp\/v2\/comments?post=3688"}],"wp:featuredmedia":[{"embeddable":true,"href":"https:\/\/bibliotecajuridicavirtual.cl\/index.php\/wp-json\/wp\/v2\/media\/3718"}],"wp:attachment":[{"href":"https:\/\/bibliotecajuridicavirtual.cl\/index.php\/wp-json\/wp\/v2\/media?parent=3688"}],"wp:term":[{"taxonomy":"product_brand","embeddable":true,"href":"https:\/\/bibliotecajuridicavirtual.cl\/index.php\/wp-json\/wp\/v2\/product_brand?post=3688"},{"taxonomy":"product_cat","embeddable":true,"href":"https:\/\/bibliotecajuridicavirtual.cl\/index.php\/wp-json\/wp\/v2\/product_cat?post=3688"},{"taxonomy":"product_tag","embeddable":true,"href":"https:\/\/bibliotecajuridicavirtual.cl\/index.php\/wp-json\/wp\/v2\/product_tag?post=3688"}],"curies":[{"name":"wp","href":"https:\/\/api.w.org\/{rel}","templated":true}]}}