{"id":3689,"date":"2026-02-28T01:19:42","date_gmt":"2026-02-28T04:19:42","guid":{"rendered":"https:\/\/bibliotecajuridicavirtual.cl\/?post_type=product&#038;p=3689"},"modified":"2026-02-28T01:19:48","modified_gmt":"2026-02-28T04:19:48","slug":"esquemas-de-derecho-civil-de-chile-iii-bienes-y-derechos-reales-ano-2021-392-pag-autor-dario-parra-sepulveda","status":"publish","type":"product","link":"https:\/\/bibliotecajuridicavirtual.cl\/index.php\/product\/esquemas-de-derecho-civil-de-chile-iii-bienes-y-derechos-reales-ano-2021-392-pag-autor-dario-parra-sepulveda\/","title":{"rendered":"Esquemas de Derecho Civil de Chile III: Bienes y Derechos Reales A\u00f1o 2021\/ 392 P\u00e1g. Autor Dar\u00edo Parra Sep\u00falveda"},"content":{"rendered":"<p>Esquemas de Derecho Civil de Chile III: Bienes y Derechos Reales<\/p>\n<p>\u00cdndice<br \/>\nPresentaci\u00f3n\u00a0\u00a0 \u00a0\u00a0\u00a0 \u00a017<br \/>\nPRIMERA PARTE<br \/>\nCONCEPTOS FUNDAMENTALES<br \/>\nY CLASIFICACIONES<br \/>\nDr. Dar\u00edo Parra Sep\u00falveda<br \/>\nCap\u00edtulo I<br \/>\nCONCEPTOS FUNDAMENTALES Y CLASIFICACIONES<br \/>\n1.\u00a0\u00a0 \u00a0Glosario\u00a0\u00a0 \u00a0\u00a0\u00a0 \u00a021<br \/>\n2.\u00a0\u00a0 \u00a0Esquemas y paralelos\u00a0\u00a0 \u00a0\u00a0\u00a0 \u00a028<br \/>\nSEGUNDA PARTE<br \/>\nLA PROPIEDAD Y LA POSESI\u00d3N<br \/>\nDra. Carolina Schiele Manzor<br \/>\nCap\u00edtulo I<br \/>\nLA PROPIEDAD, CONCEPTO, EVOLUCI\u00d3N Y CARACTERES<br \/>\n1.\u00a0\u00a0 \u00a0Glosario\u00a0\u00a0 \u00a0\u00a0\u00a0 \u00a071<br \/>\n2.\u00a0\u00a0 \u00a0Esquemas y paralelos\u00a0\u00a0 \u00a0\u00a0\u00a0 \u00a077<br \/>\n2.1.\u00a0\u00a0 \u00a0Marco regulatorio\u00a0\u00a0 \u00a0\u00a0\u00a0 \u00a077<br \/>\n2.2.\u00a0\u00a0 \u00a0Objeto y ejercicio del derecho real de dominio\u00a0\u00a0 \u00a0\u00a0\u00a0 \u00a079<br \/>\n2.3.\u00a0\u00a0 \u00a0Evoluci\u00f3n de la propiedad\u00a0\u00a0 \u00a0\u00a0\u00a0 \u00a080<br \/>\n2.4.\u00a0\u00a0 \u00a0Caracteres de la propiedad\u00a0\u00a0 \u00a0\u00a0\u00a0 \u00a083<br \/>\n2.5.\u00a0\u00a0 \u00a0Atributos de la propiedad\u00a0\u00a0 \u00a0\u00a0\u00a0 \u00a085<br \/>\n2.6.\u00a0\u00a0 \u00a0Diversas clases de propiedad\u00a0\u00a0 \u00a0\u00a0\u00a0 \u00a088<br \/>\n2.7.\u00a0\u00a0 \u00a0Limitaciones al derecho de propiedad\u00a0\u00a0 \u00a0\u00a0\u00a0 \u00a089<br \/>\n2.8.\u00a0\u00a0 \u00a0Estipulaci\u00f3n restrictiva o eliminadora de la facultad de disposici\u00f3n: valor de la cl\u00e1usula de no enajenar\u00a0\u00a0 \u00a0\u00a0\u00a0 \u00a090<br \/>\n2.9.\u00a0\u00a0 \u00a0Extensi\u00f3n material: superficies solo cedit\u00a0\u00a0 \u00a0\u00a0\u00a0 \u00a092<br \/>\n2.10.\u00a0\u00a0 \u00a0Relaciones de vecindad\u00a0\u00a0 \u00a0\u00a0\u00a0 \u00a094<br \/>\n2.11.\u00a0\u00a0 \u00a0Las inmisiones\u00a0\u00a0 \u00a0\u00a0\u00a0 \u00a098<br \/>\n2.12.\u00a0\u00a0 \u00a0Extinci\u00f3n del dominio\u00a0\u00a0 \u00a0\u00a0\u00a0 \u00a0101<br \/>\nCap\u00edtulo II<br \/>\nLA COPROPIEDAD<br \/>\n1.\u00a0\u00a0 \u00a0Glosario\u00a0\u00a0 \u00a0\u00a0\u00a0 \u00a0103<br \/>\n2.\u00a0\u00a0 \u00a0Esquemas y paralelos\u00a0\u00a0 \u00a0\u00a0\u00a0 \u00a0105<br \/>\n2.1.\u00a0\u00a0 \u00a0Regulaci\u00f3n, concepto y terminolog\u00eda y regulaci\u00f3n\u00a0\u00a0 \u00a0\u00a0\u00a0 \u00a0105<br \/>\n2.2.\u00a0\u00a0 \u00a0Concepciones de la naturaleza de la comunidad\u00a0\u00a0 \u00a0\u00a0\u00a0 \u00a0107<br \/>\n2.3.\u00a0\u00a0 \u00a0Administraci\u00f3n de la comunidad\u00a0\u00a0 \u00a0\u00a0\u00a0 \u00a0109<br \/>\n2.4.\u00a0\u00a0 \u00a0Derechos, obligaciones y responsabilidades\u00a0\u00a0 \u00a0\u00a0\u00a0 \u00a0111<br \/>\n2.5.\u00a0\u00a0 \u00a0Otros administradores\u00a0\u00a0 \u00a0\u00a0\u00a0 \u00a0113<br \/>\n2.6.\u00a0\u00a0 \u00a0Clases de indivisi\u00f3n\u00a0\u00a0 \u00a0\u00a0\u00a0 \u00a0114<br \/>\n2.7.\u00a0\u00a0 \u00a0Copropiedad inmobiliaria\u00a0\u00a0 \u00a0\u00a0\u00a0 \u00a0117<\/p>\n<p>Cap\u00edtulo III<br \/>\nLOS MODOS DE ADQUIRIR EL DOMINIO<br \/>\n1.\u00a0\u00a0 \u00a0P\u00c1RRAFO I: DESCRIPCI\u00d3N DEL SISTEMA\u00a0\u00a0 \u00a0\u00a0\u00a0 \u00a0121<br \/>\n1.1.\u00a0\u00a0 \u00a0Glosario\u00a0\u00a0 \u00a0\u00a0\u00a0 \u00a0121<br \/>\n1.2.\u00a0\u00a0 \u00a0Esquemas y paralelos\u00a0\u00a0 \u00a0\u00a0\u00a0 \u00a0122<br \/>\n1.2.1.\u00a0\u00a0 \u00a0Sistemas de t\u00edtulo y modo\u00a0\u00a0 \u00a0\u00a0\u00a0 \u00a0122<br \/>\n1.2.2.\u00a0\u00a0 \u00a0Clasificaci\u00f3n de los modos de adquirir\u00a0\u00a0 \u00a0\u00a0\u00a0 \u00a0125<br \/>\n2.\u00a0\u00a0 \u00a0P\u00c1RRAFO II: LA OCUPACI\u00d3N\u00a0\u00a0 \u00a0\u00a0\u00a0 \u00a0126<br \/>\n2.1.\u00a0\u00a0 \u00a0Glosario\u00a0\u00a0 \u00a0\u00a0\u00a0 \u00a0126<br \/>\n2.2.\u00a0\u00a0 \u00a0Esquemas y paralelos\u00a0\u00a0 \u00a0\u00a0\u00a0 \u00a0128<br \/>\n2.2.1.\u00a0\u00a0 \u00a0Regulaci\u00f3n y concepto\u00a0\u00a0 \u00a0\u00a0\u00a0 \u00a0128<br \/>\n2.2.2.\u00a0\u00a0 \u00a0Estructura\u00a0\u00a0 \u00a0\u00a0\u00a0 \u00a0130<br \/>\n2.2.3.\u00a0\u00a0 \u00a0Caracter\u00edsticas de la ocupaci\u00f3n\u00a0\u00a0 \u00a0\u00a0\u00a0 \u00a0132<br \/>\n2.2.4.\u00a0\u00a0 \u00a0Clases de ocupaci\u00f3n\u00a0\u00a0 \u00a0\u00a0\u00a0 \u00a0133<br \/>\n3.\u00a0\u00a0 \u00a0P\u00c1RRAFO III: LA ACCESI\u00d3N\u00a0\u00a0 \u00a0\u00a0\u00a0 \u00a0140<br \/>\n3.1.\u00a0\u00a0 \u00a0Glosario\u00a0\u00a0 \u00a0\u00a0\u00a0 \u00a0140<br \/>\n3.2.\u00a0\u00a0 \u00a0Esquemas y paralelos\u00a0\u00a0 \u00a0\u00a0\u00a0 \u00a0143<br \/>\n3.2.1.\u00a0\u00a0 \u00a0Regulaci\u00f3n y concepto\u00a0\u00a0 \u00a0\u00a0\u00a0 \u00a0143<br \/>\n3.2.2.\u00a0\u00a0 \u00a0Naturaleza jur\u00eddica\u00a0\u00a0 \u00a0\u00a0\u00a0 \u00a0145<br \/>\n3.2.3.\u00a0\u00a0 \u00a0Caracter\u00edsticas\u00a0\u00a0 \u00a0\u00a0\u00a0 \u00a0148<br \/>\n3.2.4.\u00a0\u00a0 \u00a0Accesi\u00f3n de frutos (discreta, o por producci\u00f3n)\u00a0\u00a0 \u00a0\u00a0\u00a0 \u00a0149<br \/>\n3.2.5.\u00a0\u00a0 \u00a0Accesi\u00f3n continua (o propiamente tal)\u00a0\u00a0 \u00a0\u00a0\u00a0 \u00a0154<br \/>\n3.2.6.\u00a0\u00a0 \u00a0Accesi\u00f3n continua de inmueble a inmueble\u00a0\u00a0 \u00a0\u00a0\u00a0 \u00a0155<br \/>\n3.2.7.\u00a0\u00a0 \u00a0Accesi\u00f3n continua de mueble a mueble\u00a0\u00a0 \u00a0\u00a0\u00a0 \u00a0158<br \/>\n3.2.8.\u00a0\u00a0 \u00a0Accesi\u00f3n de mueble a inmueble\u00a0\u00a0 \u00a0\u00a0\u00a0 \u00a0161<br \/>\n4.\u00a0\u00a0 \u00a0P\u00c1RRAFO IV: TRADICI\u00d3N\u00a0\u00a0 \u00a0\u00a0\u00a0 \u00a0164<br \/>\n4.1.\u00a0\u00a0 \u00a0Glosario\u00a0\u00a0 \u00a0\u00a0\u00a0 \u00a0164<br \/>\n4.2.\u00a0\u00a0 \u00a0Esquemas y paralelos\u00a0\u00a0 \u00a0\u00a0\u00a0 \u00a0168<br \/>\n4.2.1.\u00a0\u00a0 \u00a0Regulaci\u00f3n y concepto\u00a0\u00a0 \u00a0\u00a0\u00a0 \u00a0168<br \/>\n4.2.2.\u00a0\u00a0 \u00a0Naturaleza jur\u00eddica de la tradici\u00f3n\u00a0\u00a0 \u00a0\u00a0\u00a0 \u00a0170<br \/>\n4.2.3.\u00a0\u00a0 \u00a0Caracter\u00edsticas\u00a0\u00a0 \u00a0\u00a0\u00a0 \u00a0171<br \/>\n4.2.4.\u00a0\u00a0 \u00a0Requisitos\u00a0\u00a0 \u00a0\u00a0\u00a0 \u00a0172<br \/>\n4.2.5.\u00a0\u00a0 \u00a0Entrega\u00a0\u00a0 \u00a0\u00a0\u00a0 \u00a0177<br \/>\n4.2.6.\u00a0\u00a0 \u00a0Error en la tradici\u00f3n\u00a0\u00a0 \u00a0\u00a0\u00a0 \u00a0180<br \/>\n4.2.7.\u00a0\u00a0 \u00a0Efectos\u00a0\u00a0 \u00a0\u00a0\u00a0 \u00a0181<br \/>\n5.\u00a0\u00a0 \u00a0P\u00c1RRAFO V: CONSERVADOR DE BIENES RA\u00cdCES\u00a0\u00a0 \u00a0\u00a0\u00a0 \u00a0183<br \/>\n5.1.\u00a0\u00a0 \u00a0Glosario\u00a0\u00a0 \u00a0\u00a0\u00a0 \u00a0183<br \/>\n5.2.\u00a0\u00a0 \u00a0Esquemas y paralelos\u00a0\u00a0 \u00a0\u00a0\u00a0 \u00a0186<br \/>\n5.2.1.\u00a0\u00a0 \u00a0El Registro\u00a0\u00a0 \u00a0\u00a0\u00a0 \u00a0186<br \/>\n5.2.2.\u00a0\u00a0 \u00a0Descripci\u00f3n te\u00f3rica y caracter\u00edsticas alternativas\u00a0\u00a0 \u00a0\u00a0\u00a0 \u00a0187<br \/>\n5.2.3.\u00a0\u00a0 \u00a0Derecho Registral Inmobiliario\u00a0\u00a0 \u00a0\u00a0\u00a0 \u00a0188<br \/>\n5.2.4.\u00a0\u00a0 \u00a0Los principios registrales y la seguridad registral\u00a0\u00a0 \u00a0\u00a0\u00a0 \u00a0190<br \/>\n5.2.5.\u00a0\u00a0 \u00a0El sistema registral chileno. El Registro Conservatorio de Bienes Ra\u00edces\u00a0\u00a0 \u00a0\u00a0\u00a0 \u00a0194<br \/>\n5.2.6.\u00a0\u00a0 \u00a0Organizaci\u00f3n y funcionamiento\u00a0\u00a0 \u00a0\u00a0\u00a0 \u00a0196<br \/>\n5.2.7.\u00a0\u00a0 \u00a0Responsabilidad del Conservador\u00a0\u00a0 \u00a0\u00a0\u00a0 \u00a0200<br \/>\n5.2.8.\u00a0\u00a0 \u00a0T\u00edtulos que deben inscribirse y t\u00edtulos que pueden inscribirse\u00a0\u00a0 \u00a0\u00a0\u00a0 \u00a0202<br \/>\n5.2.9.\u00a0\u00a0 \u00a0Comuna (o agrupaci\u00f3n) en que debe practicarse la inscripci\u00f3n y requerimiento\u00a0\u00a0 \u00a0\u00a0\u00a0 \u00a0205<br \/>\n5.2.10.\u00a0\u00a0 \u00a0Categor\u00eda de instrumentos con los que es requerida la inscripci\u00f3n. Referencia a las \u201cminutas\u201d.\u00a0\u00a0 \u00a0\u00a0\u00a0 \u00a0206<br \/>\n5.2.11.\u00a0\u00a0 \u00a0Anotaci\u00f3n en el Repertorio, caducidad y nulidad de la inscripci\u00f3n\u00a0\u00a0 \u00a0\u00a0\u00a0 \u00a0208<br \/>\n5.2.12.\u00a0\u00a0 \u00a0Deber de inscribir. La negativa y sus causales\u00a0\u00a0 \u00a0\u00a0\u00a0 \u00a0210<br \/>\n5.2.13.\u00a0\u00a0 \u00a0Plazo para inscribir\u00a0\u00a0 \u00a0\u00a0\u00a0 \u00a0212<br \/>\n6.2.14.\u00a0\u00a0 \u00a0Ausencia de menciones en el t\u00edtulo\u00a0\u00a0 \u00a0\u00a0\u00a0 \u00a0216<br \/>\n5.2.15.\u00a0\u00a0 \u00a0Subinscripciones y cancelaciones\u00a0\u00a0 \u00a0\u00a0\u00a0 \u00a0218<br \/>\n5.2.16.\u00a0\u00a0 \u00a0Inscripciones an\u00f3malas (o irregulares): Inscripciones paralelas; Inscripciones por minuta; Inscripciones de papel\u00a0\u00a0 \u00a0\u00a0\u00a0 \u00a0222<br \/>\n5.2.17.\u00a0\u00a0 \u00a0Reinscripciones y fusi\u00f3n de inscripciones\u00a0\u00a0 \u00a0\u00a0\u00a0 \u00a0225<br \/>\n5.2.18.\u00a0\u00a0 \u00a0Reconstituci\u00f3n de inscripciones\u00a0\u00a0 \u00a0\u00a0\u00a0 \u00a0226<br \/>\n5.2.19.\u00a0\u00a0 \u00a0Saneamiento de t\u00edtulos\u00a0\u00a0 \u00a0\u00a0\u00a0 \u00a0227<\/p>\n<p>Dr. Ricardo Concha Machucha<br \/>\n6.\u00a0\u00a0 \u00a0P\u00c1RRAFO VI: LA POSESI\u00d3N Y LA PRESCRIPCI\u00d3N\u00a0\u00a0 \u00a0\u00a0\u00a0 \u00a0230<br \/>\n6.1.\u00a0\u00a0 \u00a0Glosario\u00a0\u00a0 \u00a0\u00a0\u00a0 \u00a0230<br \/>\n6.1.1.\u00a0\u00a0 \u00a0La Posesi\u00f3n\u00a0\u00a0 \u00a0\u00a0\u00a0 \u00a0230<br \/>\n6.1.2.\u00a0\u00a0 \u00a0La Prescripci\u00f3n\u00a0\u00a0 \u00a0\u00a0\u00a0 \u00a0232<br \/>\n6.2.\u00a0\u00a0 \u00a0Esquemas y paralelos\u00a0\u00a0 \u00a0\u00a0\u00a0 \u00a0233<br \/>\n7.\u00a0\u00a0 \u00a0P\u00c1RRAFO VII: T\u00cdTULOS DE DOMINIO\u00a0\u00a0 \u00a0\u00a0\u00a0 \u00a0269<br \/>\nTERCERA PARTE<br \/>\nDERECHOS REALES LIMITADOS<br \/>\nDra. Rommy \u00c1lvarez Escudero<br \/>\nCap\u00edtulo I<br \/>\nGENERALIDADES<br \/>\n1.\u00a0\u00a0 \u00a0Glosario\u00a0\u00a0 \u00a0\u00a0\u00a0 \u00a0275<br \/>\n2.\u00a0\u00a0 \u00a0Esquemas y paralelos\u00a0\u00a0 \u00a0\u00a0\u00a0 \u00a0276<br \/>\nCap\u00edtulo II<br \/>\nLA PROPIEDAD FIDUCIARIA<br \/>\n1.\u00a0\u00a0 \u00a0Glosario\u00a0\u00a0 \u00a0\u00a0\u00a0 \u00a0279<br \/>\n2.\u00a0\u00a0 \u00a0Esquemas y paralelos\u00a0\u00a0 \u00a0\u00a0\u00a0 \u00a0279<\/p>\n<p>Cap\u00edtulo III<br \/>\nEL USUFRUCTO<br \/>\n1.\u00a0\u00a0 \u00a0Glosario\u00a0\u00a0 \u00a0\u00a0\u00a0 \u00a0299<br \/>\n2.\u00a0\u00a0 \u00a0Esquemas y paralelos\u00a0\u00a0 \u00a0\u00a0\u00a0 \u00a0300<br \/>\nCap\u00edtulo IV<br \/>\nEL USO O HABITACI\u00d3N<br \/>\n1.\u00a0\u00a0 \u00a0Glosario\u00a0\u00a0 \u00a0\u00a0\u00a0 \u00a0331<br \/>\n2.\u00a0\u00a0 \u00a0Esquemas y paralelos\u00a0\u00a0 \u00a0\u00a0\u00a0 \u00a0332<br \/>\nCap\u00edtulo V<br \/>\nLAS SERVIDUMBRES<br \/>\n1.\u00a0\u00a0 \u00a0Glosario\u00a0\u00a0 \u00a0\u00a0\u00a0 \u00a0335<br \/>\n2.\u00a0\u00a0 \u00a0Esquemas y paralelos\u00a0\u00a0 \u00a0\u00a0\u00a0 \u00a0338<br \/>\nCUARTA PARTE<br \/>\nACCIONES PROTECTORAS<br \/>\nDr. Ruperto Pinochet Olave<br \/>\nCap\u00edtulo I<br \/>\nDiversas formas de protecci\u00f3n del dominio<br \/>\n1.\u00a0\u00a0 \u00a0Glosario\u00a0\u00a0 \u00a0\u00a0\u00a0 \u00a0359<br \/>\n2.\u00a0\u00a0 \u00a0Esquemas y paralelos\u00a0\u00a0 \u00a0\u00a0\u00a0 \u00a0362<br \/>\nCap\u00edtulo II<br \/>\nAcci\u00f3n reivindicatoria<br \/>\n1.\u00a0\u00a0 \u00a0Glosario\u00a0\u00a0 \u00a0\u00a0\u00a0 \u00a0363<br \/>\n2.\u00a0\u00a0 \u00a0Esquemas y paralelos\u00a0\u00a0 \u00a0\u00a0\u00a0 \u00a0366<br \/>\nCap\u00edtulo III<br \/>\nACCIONES POSESORIAS<br \/>\n1.\u00a0\u00a0 \u00a0Glosario\u00a0\u00a0 \u00a0\u00a0\u00a0 \u00a0373<br \/>\n2.\u00a0\u00a0 \u00a0esquemas y paralelos\u00a0\u00a0 \u00a0\u00a0\u00a0 \u00a0376<br \/>\nBibliograf\u00eda\u00a0\u00a0 \u00a0\u00a0\u00a0 \u00a0391<\/p>\n","protected":false},"excerpt":{"rendered":"<p>Buscas un libro Jur\u00eddico.? Lo puedes encontrar en nuestra tienda virtual.<br \/>\nContamos con prestigiosos autores y muchas alternativas en sus diferentes materias al igual que grandes descuentos.! Vis\u00edtanos en <a class=\"TCtSGXKgkjclDJQyAiLBLXwsCCIaagtA \" tabindex=\"0\" href=\"https:\/\/lnkd.in\/eiAG7jdZ\" target=\"_blank\" rel=\"noopener\" data-test-app-aware-link=\"\">https:\/\/lnkd.in\/eiAG7jdZ<\/a><br \/>\nEscr\u00edbenos al +56930565235 \/ <a class=\"TCtSGXKgkjclDJQyAiLBLXwsCCIaagtA \" tabindex=\"0\" href=\"mailto:ventaslegallexglobal@gmail.com\" target=\"_self\" data-test-app-aware-link=\"\">ventaslegallexglobal@gmail.com<\/a><br \/>\nHacemos env\u00edos a todo Chile \u2013 Starken o Correos Chile \/ Te esperamos<\/p>\n","protected":false},"featured_media":3719,"comment_status":"open","ping_status":"closed","template":"","meta":{"inline_featured_image":false,"_joinchat":[]},"product_brand":[],"product_cat":[27],"product_tag":[],"class_list":{"0":"post-3689","1":"product","2":"type-product","3":"status-publish","4":"has-post-thumbnail","6":"product_cat-civil","7":"product_shipping_class-a-convenir","9":"first","10":"instock","11":"shipping-taxable","12":"purchasable","13":"product-type-simple"},"_links":{"self":[{"href":"https:\/\/bibliotecajuridicavirtual.cl\/index.php\/wp-json\/wp\/v2\/product\/3689","targetHints":{"allow":["GET"]}}],"collection":[{"href":"https:\/\/bibliotecajuridicavirtual.cl\/index.php\/wp-json\/wp\/v2\/product"}],"about":[{"href":"https:\/\/bibliotecajuridicavirtual.cl\/index.php\/wp-json\/wp\/v2\/types\/product"}],"replies":[{"embeddable":true,"href":"https:\/\/bibliotecajuridicavirtual.cl\/index.php\/wp-json\/wp\/v2\/comments?post=3689"}],"wp:featuredmedia":[{"embeddable":true,"href":"https:\/\/bibliotecajuridicavirtual.cl\/index.php\/wp-json\/wp\/v2\/media\/3719"}],"wp:attachment":[{"href":"https:\/\/bibliotecajuridicavirtual.cl\/index.php\/wp-json\/wp\/v2\/media?parent=3689"}],"wp:term":[{"taxonomy":"product_brand","embeddable":true,"href":"https:\/\/bibliotecajuridicavirtual.cl\/index.php\/wp-json\/wp\/v2\/product_brand?post=3689"},{"taxonomy":"product_cat","embeddable":true,"href":"https:\/\/bibliotecajuridicavirtual.cl\/index.php\/wp-json\/wp\/v2\/product_cat?post=3689"},{"taxonomy":"product_tag","embeddable":true,"href":"https:\/\/bibliotecajuridicavirtual.cl\/index.php\/wp-json\/wp\/v2\/product_tag?post=3689"}],"curies":[{"name":"wp","href":"https:\/\/api.w.org\/{rel}","templated":true}]}}