{"id":3696,"date":"2026-02-28T01:19:42","date_gmt":"2026-02-28T04:19:42","guid":{"rendered":"https:\/\/bibliotecajuridicavirtual.cl\/?post_type=product&#038;p=3696"},"modified":"2026-02-28T01:19:54","modified_gmt":"2026-02-28T04:19:54","slug":"esquemas-de-derecho-procesal-penal-ano-2022-196-pag-autor-juan-sebastian-vera-sanchez","status":"publish","type":"product","link":"https:\/\/bibliotecajuridicavirtual.cl\/index.php\/product\/esquemas-de-derecho-procesal-penal-ano-2022-196-pag-autor-juan-sebastian-vera-sanchez\/","title":{"rendered":"Esquemas de Derecho Procesal Penal. A\u00f1o 2022\/ 196 P\u00e1g. Autor Juan Sebasti\u00e1n Vera S\u00e1nchez"},"content":{"rendered":"<p>Esquemas de Derecho Procesal Penal<\/p>\n<p>\u00cdndice<br \/>\nPalabras del autor \u00a0\u00a0 \u00a0\u00a0\u00a0 \u00a07<br \/>\nI. Introducci\u00f3n al proceso penal<br \/>\n1.\u00a0\u00a0 \u00a0GENERALIDADES\u00a0\u00a0 \u00a0\u00a0\u00a0 \u00a013<br \/>\n2.\u00a0\u00a0 \u00a0DIFERENCIA ENTRE EL PROCESO PENAL Y EL PROCESO CIVIL\u00a0\u00a0 \u00a0\u00a0\u00a0 \u00a015<br \/>\n3.\u00a0\u00a0 \u00a0G\u00c9NESIS DEL DERECHO PROCESAL CHILENO ACTUAL\u00a0\u00a0 \u00a0\u00a0\u00a0 \u00a016<br \/>\n4.\u00a0\u00a0 \u00a0SISTEMA INQUISITIVO, SISTEMA ACUSATORIO Y SISTEMA MIXTO\u00a0\u00a0 \u00a0\u00a0\u00a0 \u00a018<br \/>\n5.\u00a0\u00a0 \u00a0FASES O ETAPAS DEL PROCESO PENAL\u00a0\u00a0 \u00a0\u00a0\u00a0 \u00a020<br \/>\n6.\u00a0\u00a0 \u00a0ASPECTOS ORG\u00c1NICOS DEL PROCESO PENAL CHILENO\u00a0\u00a0 \u00a0\u00a0\u00a0 \u00a021<br \/>\nII. Norma procesal penal y su relaci\u00f3n con las normas penales<br \/>\n1.\u00a0\u00a0 \u00a0PARADIGMAS DE LA VISI\u00d3N TRADICIONAL DE LA RELACI\u00d3N ENTRE NORMALES PENALES Y NORMAS PROCESALES PENALES\u00a0\u00a0 \u00a0\u00a0\u00a0 \u00a023<br \/>\n2.\u00a0\u00a0 \u00a0CRITERIOS TRADICIONALES PARA DISTINGUIR ENTRE DERECHO PENAL Y DERECHO PROCESAL PENAL\u00a0\u00a0 \u00a0\u00a0\u00a0 \u00a025<br \/>\n3.\u00a0\u00a0 \u00a0ASUNCIO\u00cc?N METODOLO\u00cc?GICA: \u201cSINCRONISMO\u201d ENTRE DERECHO PENAL Y DERECHO PROCESAL PENAL\u00a0\u00a0 \u00a0\u00a0\u00a0 \u00a028<\/p>\n<p>III. Garant\u00edas constitucionales relativas al proceso penal<br \/>\n1.\u00a0\u00a0 \u00a0GARANT\u00cdAS CONSAGRADAS EN LA CONSTITUCI\u00d3N\u00a0\u00a0 \u00a0\u00a0\u00a0 \u00a031<br \/>\n2.\u00a0\u00a0 \u00a0GARANT\u00cdAS PROCESALES CONSAGRADAS EN TRATADOS INTERNACIONALES\u00a0\u00a0 \u00a0\u00a0\u00a0 \u00a034<br \/>\nIV. Principios b\u00e1sicos del proceso penal<br \/>\n1.\u00a0\u00a0 \u00a0PRINCIPIOS DEL NUEVO PROCESO PENAL\u00a0\u00a0 \u00a0\u00a0\u00a0 \u00a037<br \/>\n1.1.\u00a0\u00a0 \u00a0Principios generales\u00a0\u00a0 \u00a0\u00a0\u00a0 \u00a037<br \/>\n1.2.\u00a0\u00a0 \u00a0Principio de presunci\u00f3n de inocencia en particular\u00a0\u00a0 \u00a0\u00a0\u00a0 \u00a041<br \/>\nV. Sujetos procesales e intervinientes en el nuevo proceso penal<br \/>\n1.\u00a0\u00a0 \u00a0ESQUEMA GENERAL\u00a0\u00a0 \u00a0\u00a0\u00a0 \u00a057<br \/>\n2.\u00a0\u00a0 \u00a0SUJETOS PROCESALES EN PARTICULAR\u00a0\u00a0 \u00a0\u00a0\u00a0 \u00a058<br \/>\nVI. Etapa de investigaci\u00f3n<br \/>\n1.\u00a0\u00a0 \u00a0ESQUEMA GENERAL\u00a0\u00a0 \u00a0\u00a0\u00a0 \u00a093<br \/>\n2.\u00a0\u00a0 \u00a0ETAPA DE INVESTIGACI\u00d3N DESFORMALIZADA\u00a0\u00a0 \u00a0\u00a0\u00a0 \u00a094<br \/>\n3.\u00a0\u00a0 \u00a0ETAPA DE INVESTIGACI\u00d3N FORMALIZADA\u00a0\u00a0 \u00a0\u00a0\u00a0 \u00a0103<br \/>\n3.1.\u00a0\u00a0 \u00a0Formalizaci\u00f3n de la investigaci\u00f3n\u00a0\u00a0 \u00a0\u00a0\u00a0 \u00a0103<br \/>\n3.2.\u00a0\u00a0 \u00a0Medidas cautelares\u00a0\u00a0 \u00a0\u00a0\u00a0 \u00a0105<br \/>\n3.3.\u00a0\u00a0 \u00a0Salidas alternativas\u00a0\u00a0 \u00a0\u00a0\u00a0 \u00a0117<br \/>\n3.4.\u00a0\u00a0 \u00a0Conclusi\u00f3n de la investigaci\u00f3n: art. 248 CPP\u00a0\u00a0 \u00a0\u00a0\u00a0 \u00a0121<br \/>\n3.5.\u00a0\u00a0 \u00a0Medidas investigativas\u00a0\u00a0 \u00a0\u00a0\u00a0 \u00a0125<br \/>\nVII. Etapa intermedia<br \/>\n1.\u00a0\u00a0 \u00a0ESQUEMA GENERAL\u00a0\u00a0 \u00a0\u00a0\u00a0 \u00a0139<br \/>\n2.\u00a0\u00a0 \u00a0INTRODUCCI\u00d3N\u00a0\u00a0 \u00a0\u00a0\u00a0 \u00a0140<br \/>\n3.\u00a0\u00a0 \u00a0DESARROLLO DE LA ETAPA INTERMEDIA\u00a0\u00a0 \u00a0\u00a0\u00a0 \u00a0142<br \/>\n4.\u00a0\u00a0 \u00a0AUDIENCIA DE PREPARACI\u00d3N DE JUICIO ORAL (APJO)\u00a0\u00a0 \u00a0\u00a0\u00a0 \u00a0144<br \/>\nVIII. El juicio oral<br \/>\n1.\u00a0\u00a0 \u00a0ESQUEMA GENERAL\u00a0\u00a0 \u00a0\u00a0\u00a0 \u00a0151<br \/>\n2.\u00a0\u00a0 \u00a0INTRODUCCI\u00d3N\u00a0\u00a0 \u00a0\u00a0\u00a0 \u00a0151<br \/>\n3.\u00a0\u00a0 \u00a0LA PRUEBA EN EL JUICIO ORAL\u00a0\u00a0 \u00a0\u00a0\u00a0 \u00a0155<br \/>\n4.\u00a0\u00a0 \u00a0DESARROLLO DEL JUICIO ORAL\u00a0\u00a0 \u00a0\u00a0\u00a0 \u00a0161<br \/>\nIX. Recursos en el procedimiento penal<br \/>\n1.\u00a0\u00a0 \u00a0LOS RECURSOS EN GENERAL\u00a0\u00a0 \u00a0\u00a0\u00a0 \u00a0169<br \/>\n2.\u00a0\u00a0 \u00a0RECURSO DE REPOSICI\u00d3N (Arts. 362-363 CPP)\u00a0\u00a0 \u00a0\u00a0\u00a0 \u00a0171<br \/>\n3.\u00a0\u00a0 \u00a0RECURSO DE APELACI\u00d3N (Arts. 364-371 CPP)\u00a0\u00a0 \u00a0\u00a0\u00a0 \u00a0172<br \/>\n4.\u00a0\u00a0 \u00a0RECURSO DE NULIDAD (Arts. 372-387 CPP)\u00a0\u00a0 \u00a0\u00a0\u00a0 \u00a0174<br \/>\nX. Procedimientos especiales<br \/>\n1.\u00a0\u00a0 \u00a0PROCEDIMIENTO SIMPLIFICADO (Arts. 388 ss. CPP)\u00a0\u00a0 \u00a0\u00a0\u00a0 \u00a0181<br \/>\n2.\u00a0\u00a0 \u00a0PROCEDIMIENTO MONITORIO (Art. 392 CPP)\u00a0\u00a0 \u00a0\u00a0\u00a0 \u00a0186<br \/>\n3.\u00a0\u00a0 \u00a0PROCEDIMIENTO ABREVIADO (Arts. 406 ss. CPP)\u00a0\u00a0 \u00a0\u00a0\u00a0 \u00a0187<br \/>\n4.\u00a0\u00a0 \u00a0ACUSACI\u00d3N PRIVADA (Arts. 400 ss. CPP)\u00a0\u00a0 \u00a0\u00a0\u00a0 \u00a0190<br \/>\n5.\u00a0\u00a0 \u00a0MEDIDAS DE SEGURIDAD (Arts. 455 ss. CPP)\u00a0\u00a0 \u00a0\u00a0\u00a0 \u00a0191<\/p>\n","protected":false},"excerpt":{"rendered":"<p>Esquemas de Derecho Procesal Penal \u00cdndice Palabras del autor \u00a0\u00a0 \u00a0\u00a0\u00a0 \u00a07 I. Introducci\u00f3n al proceso penal 1.\u00a0\u00a0 \u00a0GENERALIDADES\u00a0\u00a0 \u00a0\u00a0\u00a0 \u00a013 2.\u00a0\u00a0 \u00a0DIFERENCIA ENTRE EL PROCESO PENAL Y EL PROCESO CIVIL\u00a0\u00a0 \u00a0\u00a0\u00a0 \u00a015 3.\u00a0\u00a0 \u00a0G\u00c9NESIS DEL DERECHO PROCESAL CHILENO ACTUAL\u00a0\u00a0 \u00a0\u00a0\u00a0 \u00a016 4.\u00a0\u00a0 \u00a0SISTEMA INQUISITIVO, SISTEMA ACUSATORIO Y SISTEMA MIXTO\u00a0\u00a0 \u00a0\u00a0\u00a0 \u00a018 5.\u00a0\u00a0 \u00a0FASES O ETAPAS DEL PROCESO PENAL\u00a0\u00a0 \u00a0\u00a0\u00a0 \u00a020 6.\u00a0\u00a0 \u00a0ASPECTOS ORG\u00c1NICOS DEL PROCESO PENAL CHILENO\u00a0\u00a0 \u00a0\u00a0\u00a0 \u00a021 II. Norma procesal penal y su relaci\u00f3n con las normas penales 1.\u00a0\u00a0 \u00a0PARADIGMAS DE LA VISI\u00d3N TRADICIONAL DE LA RELACI\u00d3N ENTRE NORMALES PENALES Y NORMAS PROCESALES PENALES\u00a0\u00a0 \u00a0\u00a0\u00a0 \u00a023 2.\u00a0\u00a0 \u00a0CRITERIOS TRADICIONALES PARA DISTINGUIR ENTRE DERECHO PENAL Y DERECHO PROCESAL PENAL\u00a0\u00a0 \u00a0\u00a0\u00a0 \u00a025 3.\u00a0\u00a0 \u00a0ASUNCIO\u00cc?N METODOLO\u00cc?GICA: \u201cSINCRONISMO\u201d ENTRE DERECHO PENAL Y DERECHO PROCESAL PENAL\u00a0\u00a0 \u00a0\u00a0\u00a0 \u00a028 III. Garant\u00edas constitucionales relativas al proceso penal 1.\u00a0\u00a0 \u00a0GARANT\u00cdAS CONSAGRADAS EN LA CONSTITUCI\u00d3N\u00a0\u00a0 \u00a0\u00a0\u00a0 \u00a031 2.\u00a0\u00a0 \u00a0GARANT\u00cdAS PROCESALES CONSAGRADAS EN TRATADOS INTERNACIONALES\u00a0\u00a0 \u00a0\u00a0\u00a0 \u00a034 IV. Principios b\u00e1sicos del proceso penal 1.\u00a0\u00a0 \u00a0PRINCIPIOS DEL NUEVO PROCESO PENAL\u00a0\u00a0 \u00a0\u00a0\u00a0 \u00a037 1.1.\u00a0\u00a0 \u00a0Principios generales\u00a0\u00a0 \u00a0\u00a0\u00a0 \u00a037 1.2.\u00a0\u00a0 \u00a0Principio de presunci\u00f3n de inocencia en particular\u00a0\u00a0 \u00a0\u00a0\u00a0 \u00a041 V. Sujetos procesales e intervinientes en el nuevo proceso penal 1.\u00a0\u00a0 \u00a0ESQUEMA GENERAL\u00a0\u00a0 \u00a0\u00a0\u00a0 \u00a057 2.\u00a0\u00a0 \u00a0SUJETOS PROCESALES EN PARTICULAR\u00a0\u00a0 \u00a0\u00a0\u00a0 \u00a058 VI. Etapa de investigaci\u00f3n 1.\u00a0\u00a0 \u00a0ESQUEMA GENERAL\u00a0\u00a0 \u00a0\u00a0\u00a0 \u00a093 2.\u00a0\u00a0 \u00a0ETAPA DE INVESTIGACI\u00d3N DESFORMALIZADA\u00a0\u00a0 \u00a0\u00a0\u00a0 \u00a094 3.\u00a0\u00a0 \u00a0ETAPA DE INVESTIGACI\u00d3N FORMALIZADA\u00a0\u00a0 \u00a0\u00a0\u00a0 \u00a0103 3.1.\u00a0\u00a0 \u00a0Formalizaci\u00f3n de la investigaci\u00f3n\u00a0\u00a0 \u00a0\u00a0\u00a0 \u00a0103 3.2.\u00a0\u00a0 \u00a0Medidas cautelares\u00a0\u00a0 \u00a0\u00a0\u00a0 \u00a0105 3.3.\u00a0\u00a0 \u00a0Salidas alternativas\u00a0\u00a0 \u00a0\u00a0\u00a0 \u00a0117 3.4.\u00a0\u00a0 \u00a0Conclusi\u00f3n de la investigaci\u00f3n: art. 248 CPP\u00a0\u00a0 \u00a0\u00a0\u00a0 \u00a0121 3.5.\u00a0\u00a0 \u00a0Medidas investigativas\u00a0\u00a0 \u00a0\u00a0\u00a0 \u00a0125 VII. Etapa intermedia 1.\u00a0\u00a0 \u00a0ESQUEMA GENERAL\u00a0\u00a0 \u00a0\u00a0\u00a0 \u00a0139 2.\u00a0\u00a0 \u00a0INTRODUCCI\u00d3N\u00a0\u00a0 \u00a0\u00a0\u00a0 \u00a0140 3.\u00a0\u00a0 \u00a0DESARROLLO DE LA ETAPA INTERMEDIA\u00a0\u00a0 \u00a0\u00a0\u00a0 \u00a0142 4.\u00a0\u00a0 \u00a0AUDIENCIA DE PREPARACI\u00d3N DE JUICIO ORAL (APJO)\u00a0\u00a0 \u00a0\u00a0\u00a0 \u00a0144 VIII. El juicio oral 1.\u00a0\u00a0 \u00a0ESQUEMA GENERAL\u00a0\u00a0 \u00a0\u00a0\u00a0 \u00a0151 2.\u00a0\u00a0 \u00a0INTRODUCCI\u00d3N\u00a0\u00a0 \u00a0\u00a0\u00a0 \u00a0151 3.\u00a0\u00a0 \u00a0LA PRUEBA EN EL JUICIO ORAL\u00a0\u00a0 \u00a0\u00a0\u00a0 \u00a0155 4.\u00a0\u00a0 \u00a0DESARROLLO DEL JUICIO ORAL\u00a0\u00a0 \u00a0\u00a0\u00a0 \u00a0161 IX. Recursos en el procedimiento penal 1.\u00a0\u00a0 \u00a0LOS RECURSOS EN GENERAL\u00a0\u00a0 \u00a0\u00a0\u00a0 \u00a0169 2.\u00a0\u00a0 \u00a0RECURSO DE REPOSICI\u00d3N (Arts. 362-363 CPP)\u00a0\u00a0 \u00a0\u00a0\u00a0 \u00a0171 3.\u00a0\u00a0 \u00a0RECURSO DE APELACI\u00d3N (Arts. 364-371 CPP)\u00a0\u00a0 \u00a0\u00a0\u00a0 \u00a0172 4.\u00a0\u00a0 \u00a0RECURSO DE NULIDAD (Arts. 372-387 CPP)\u00a0\u00a0 \u00a0\u00a0\u00a0 \u00a0174 X. Procedimientos especiales 1.\u00a0\u00a0 \u00a0PROCEDIMIENTO SIMPLIFICADO (Arts. 388 ss. CPP)\u00a0\u00a0 \u00a0\u00a0\u00a0 \u00a0181 2.\u00a0\u00a0 \u00a0PROCEDIMIENTO MONITORIO (Art. 392 CPP)\u00a0\u00a0 \u00a0\u00a0\u00a0 \u00a0186 3.\u00a0\u00a0 \u00a0PROCEDIMIENTO ABREVIADO (Arts. 406 ss. CPP)\u00a0\u00a0 \u00a0\u00a0\u00a0 \u00a0187 4.\u00a0\u00a0 \u00a0ACUSACI\u00d3N PRIVADA (Arts. 400 ss. CPP)\u00a0\u00a0 \u00a0\u00a0\u00a0 \u00a0190 5.\u00a0\u00a0 \u00a0MEDIDAS DE SEGURIDAD (Arts. 455 ss. CPP)\u00a0\u00a0 \u00a0\u00a0\u00a0 \u00a0191<\/p>\n","protected":false},"featured_media":3726,"comment_status":"open","ping_status":"closed","template":"","meta":{"inline_featured_image":false,"_joinchat":[]},"product_brand":[],"product_cat":[30,34],"product_tag":[],"class_list":{"0":"post-3696","1":"product","2":"type-product","3":"status-publish","4":"has-post-thumbnail","6":"product_cat-penal","7":"product_cat-procesal-penal","8":"product_shipping_class-a-convenir","10":"first","11":"instock","12":"shipping-taxable","13":"purchasable","14":"product-type-simple"},"_links":{"self":[{"href":"https:\/\/bibliotecajuridicavirtual.cl\/index.php\/wp-json\/wp\/v2\/product\/3696","targetHints":{"allow":["GET"]}}],"collection":[{"href":"https:\/\/bibliotecajuridicavirtual.cl\/index.php\/wp-json\/wp\/v2\/product"}],"about":[{"href":"https:\/\/bibliotecajuridicavirtual.cl\/index.php\/wp-json\/wp\/v2\/types\/product"}],"replies":[{"embeddable":true,"href":"https:\/\/bibliotecajuridicavirtual.cl\/index.php\/wp-json\/wp\/v2\/comments?post=3696"}],"wp:featuredmedia":[{"embeddable":true,"href":"https:\/\/bibliotecajuridicavirtual.cl\/index.php\/wp-json\/wp\/v2\/media\/3726"}],"wp:attachment":[{"href":"https:\/\/bibliotecajuridicavirtual.cl\/index.php\/wp-json\/wp\/v2\/media?parent=3696"}],"wp:term":[{"taxonomy":"product_brand","embeddable":true,"href":"https:\/\/bibliotecajuridicavirtual.cl\/index.php\/wp-json\/wp\/v2\/product_brand?post=3696"},{"taxonomy":"product_cat","embeddable":true,"href":"https:\/\/bibliotecajuridicavirtual.cl\/index.php\/wp-json\/wp\/v2\/product_cat?post=3696"},{"taxonomy":"product_tag","embeddable":true,"href":"https:\/\/bibliotecajuridicavirtual.cl\/index.php\/wp-json\/wp\/v2\/product_tag?post=3696"}],"curies":[{"name":"wp","href":"https:\/\/api.w.org\/{rel}","templated":true}]}}