{"id":3701,"date":"2026-02-28T01:19:42","date_gmt":"2026-02-28T04:19:42","guid":{"rendered":"https:\/\/bibliotecajuridicavirtual.cl\/?post_type=product&#038;p=3701"},"modified":"2026-02-28T01:19:58","modified_gmt":"2026-02-28T04:19:58","slug":"esquemas-de-derecho-comercial-de-chile-iii-contratos-mercantiles-ano-2022-132-pag-autor-mauricio-ortiz-solorza","status":"publish","type":"product","link":"https:\/\/bibliotecajuridicavirtual.cl\/index.php\/product\/esquemas-de-derecho-comercial-de-chile-iii-contratos-mercantiles-ano-2022-132-pag-autor-mauricio-ortiz-solorza\/","title":{"rendered":"Esquemas de Derecho comercial de Chile III: Contratos mercantiles. A\u00f1o 2022\/ 132 P\u00e1g. Autor Mauricio Ortiz Solorza"},"content":{"rendered":"<p>Esquemas de Derecho comercial de Chile III: Contratos mercantiles.<\/p>\n<p>\u00cdndice<br \/>\nINTRODUCCI\u00d3N\u00a0\u00a0 \u00a0\u00a0\u00a0 \u00a017<br \/>\nCap\u00edtulo I<br \/>\nCompraventa mercantil<br \/>\nAspectos generales\u00a0\u00a0 \u00a0\u00a0\u00a0 \u00a021<br \/>\nEfectos de la Compraventa\u00a0\u00a0 \u00a0\u00a0\u00a0 \u00a022<br \/>\nParalelo entre compraventa civil y mercantil\u00a0\u00a0 \u00a0\u00a0\u00a0 \u00a023<br \/>\nCap\u00edtulo II<br \/>\nTransporte y fletamento<br \/>\nAspectos generales del transporte\u00a0\u00a0 \u00a0\u00a0\u00a0 \u00a027<br \/>\nClasificaci\u00f3n del transporte\u00a0\u00a0 \u00a0\u00a0\u00a0 \u00a028<br \/>\nEmpresario de transporte\u00a0\u00a0 \u00a0\u00a0\u00a0 \u00a029<br \/>\nTransporte Terrestre\u00a0\u00a0 \u00a0\u00a0\u00a0 \u00a030<br \/>\nCarta de porte o carta gu\u00eda\u00a0\u00a0 \u00a0\u00a0\u00a0 \u00a031<br \/>\nEfectos del transporte terrestre\u00a0\u00a0 \u00a0\u00a0\u00a0 \u00a032<br \/>\nIncumplimiento de las obligaciones\u00a0\u00a0 \u00a0\u00a0\u00a0 \u00a033<br \/>\nIncumplimiento del porteador\u00a0\u00a0 \u00a0\u00a0\u00a0 \u00a034<br \/>\nTransporte mar\u00edtimo\u00a0\u00a0 \u00a0\u00a0\u00a0 \u00a037<br \/>\nConocimiento de embarque\u00a0\u00a0 \u00a0\u00a0\u00a0 \u00a038<br \/>\nPer\u00edodo de responsabilidad del transportador\u00a0\u00a0 \u00a0\u00a0\u00a0 \u00a039<br \/>\nNormativa general de responsabilidad del transportador\u00a0\u00a0 \u00a0\u00a0\u00a0 \u00a040<br \/>\nNormas especiales de responsabilidad del transportador\u00a0\u00a0 \u00a0\u00a0\u00a0 \u00a041<br \/>\nResponsabilidad del cargador\u00a0\u00a0 \u00a0\u00a0\u00a0 \u00a042<br \/>\nTransporte Multimodal\u00a0\u00a0 \u00a0\u00a0\u00a0 \u00a043<br \/>\nSujetos del transporte multimodal\u00a0\u00a0 \u00a0\u00a0\u00a0 \u00a044<br \/>\nResponsabilidad del operador de transporte multimodal\u00a0\u00a0 \u00a0\u00a0\u00a0 \u00a045<br \/>\nFletamento mar\u00edtimo\u00a0\u00a0 \u00a0\u00a0\u00a0 \u00a046<br \/>\nClases de fletamento\u00a0\u00a0 \u00a0\u00a0\u00a0 \u00a047<br \/>\nCap\u00edtulo III<br \/>\nMandato comercial<br \/>\nAspectos generales del mandato\u00a0\u00a0 \u00a0\u00a0\u00a0 \u00a051<br \/>\nEfectos de la comisi\u00f3n\u00a0\u00a0 \u00a0\u00a0\u00a0 \u00a052<br \/>\nParalelo entre mandato civil y comisi\u00f3n\u00a0\u00a0 \u00a0\u00a0\u00a0 \u00a053<br \/>\nCap\u00edtulo IV<br \/>\nContrato de Seguro<br \/>\nAspectos generales del contrato de seguro\u00a0\u00a0 \u00a0\u00a0\u00a0 \u00a057<br \/>\nPrincipales sujetos del contrato de seguro\u00a0\u00a0 \u00a0\u00a0\u00a0 \u00a058<br \/>\nSujetos auxiliares del comercio de seguros\u00a0\u00a0 \u00a0\u00a0\u00a0 \u00a058<br \/>\nCaracter\u00edsticas del contrato de seguro\u00a0\u00a0 \u00a0\u00a0\u00a0 \u00a059<br \/>\nClasificaci\u00f3n legal del seguro\u00a0\u00a0 \u00a0\u00a0\u00a0 \u00a059<br \/>\nClasificaciones doctrinarias del seguro\u00a0\u00a0 \u00a0\u00a0\u00a0 \u00a060<br \/>\nCar\u00e1cter imperativo\u00a0\u00a0 \u00a0\u00a0\u00a0 \u00a061<br \/>\nPrescripci\u00f3n de acciones\u00a0\u00a0 \u00a0\u00a0\u00a0 \u00a062<br \/>\nElementos esenciales del contrato de seguro\u00a0\u00a0 \u00a0\u00a0\u00a0 \u00a063<br \/>\nI. Riesgo asegurable\u00a0\u00a0 \u00a0\u00a0\u00a0 \u00a064<br \/>\nClasificaci\u00f3n doctrinaria de los riesgos\u00a0\u00a0 \u00a0\u00a0\u00a0 \u00a065<br \/>\nClasificaci\u00f3n legal del riesgo seg\u00fan la responsabilidad del asegurador\u00a0\u00a0 \u00a0\u00a0\u00a0 \u00a066<br \/>\nVariaci\u00f3n del riesgo\u00a0\u00a0 \u00a0\u00a0\u00a0 \u00a067<br \/>\nII. Estipulaci\u00f3n de la prima\u00a0\u00a0 \u00a0\u00a0\u00a0 \u00a068<br \/>\nIII. Obligaci\u00f3n condicional de indemnizar\u00a0\u00a0 \u00a0\u00a0\u00a0 \u00a069<br \/>\nInter\u00e9s Asegurable\u00a0\u00a0 \u00a0\u00a0\u00a0 \u00a070<br \/>\nNormas generales\u00a0\u00a0 \u00a0\u00a0\u00a0 \u00a070<br \/>\nNormas especiales sobre inter\u00e9s asegurable\u00a0\u00a0 \u00a0\u00a0\u00a0 \u00a071<br \/>\nEtapas de la Celebraci\u00f3n del seguro\u00a0\u00a0 \u00a0\u00a0\u00a0 \u00a072<br \/>\nP\u00f3liza de seguro\u00a0\u00a0 \u00a0\u00a0\u00a0 \u00a073<br \/>\nMenciones de la p\u00f3liza\u00a0\u00a0 \u00a0\u00a0\u00a0 \u00a074<br \/>\nPrueba del contrato\u00a0\u00a0 \u00a0\u00a0\u00a0 \u00a075<br \/>\nObligaciones del asegurador\u00a0\u00a0 \u00a0\u00a0\u00a0 \u00a076<br \/>\nObligaciones del corredor de seguros\u00a0\u00a0 \u00a0\u00a0\u00a0 \u00a076<br \/>\nObligaciones, deberes y cargas del tomador y asegurado\u00a0\u00a0 \u00a0\u00a0\u00a0 \u00a077<br \/>\nSiniestro\u00a0\u00a0 \u00a0\u00a0\u00a0 \u00a078<br \/>\nDenuncia del siniestro\u00a0\u00a0 \u00a0\u00a0\u00a0 \u00a079<br \/>\nLiquidaci\u00f3n del siniestro\u00a0\u00a0 \u00a0\u00a0\u00a0 \u00a080<br \/>\nPago de la indemnizaci\u00f3n y subrogaci\u00f3n del asegurador\u00a0\u00a0 \u00a0\u00a0\u00a0 \u00a083<br \/>\nCap\u00edtulo V<br \/>\nContratos de Dep\u00f3sito<br \/>\nDep\u00f3sito mercantil\u00a0\u00a0 \u00a0\u00a0\u00a0 \u00a087<br \/>\nCaracteres del dep\u00f3sito mercantil\u00a0\u00a0 \u00a0\u00a0\u00a0 \u00a088<br \/>\nObligaciones del depositario\u00a0\u00a0 \u00a0\u00a0\u00a0 \u00a089<br \/>\nObligaciones del depositante\u00a0\u00a0 \u00a0\u00a0\u00a0 \u00a090<br \/>\nContrato de almacenaje\u00a0\u00a0 \u00a0\u00a0\u00a0 \u00a091<br \/>\nCelebraci\u00f3n y documentos del contrato de almacenaje\u00a0\u00a0 \u00a0\u00a0\u00a0 \u00a092<br \/>\nObligaciones del almacenista\u00a0\u00a0 \u00a0\u00a0\u00a0 \u00a093<br \/>\nResponsabilidad del almacenista\u00a0\u00a0 \u00a0\u00a0\u00a0 \u00a094<br \/>\nObligaciones del depositante o del endosatario en su caso\u00a0\u00a0 \u00a0\u00a0\u00a0 \u00a095<br \/>\nCap\u00edtulo VI<br \/>\nContratos de Garant\u00eda<br \/>\nFianza mercantil\u00a0\u00a0 \u00a0\u00a0\u00a0 \u00a099<br \/>\nParalelo entre fianza civil y mercantil\u00a0\u00a0 \u00a0\u00a0\u00a0 \u00a099<br \/>\nPrenda mercantil con desplazamiento\u00a0\u00a0 \u00a0\u00a0\u00a0 \u00a0100<br \/>\nParalelo entre prenda civil y mercantil\u00a0\u00a0 \u00a0\u00a0\u00a0 \u00a0100<br \/>\nHipoteca y prenda naval\u00a0\u00a0 \u00a0\u00a0\u00a0 \u00a0101<br \/>\nHipoteca naval\u00a0\u00a0 \u00a0\u00a0\u00a0 \u00a0101<br \/>\nPrenda naval\u00a0\u00a0 \u00a0\u00a0\u00a0 \u00a0101<\/p>\n<p>Cap\u00edtulo VII<br \/>\nLeasing<br \/>\nAspectos generales del leasing\u00a0\u00a0 \u00a0\u00a0\u00a0 \u00a0105<br \/>\nDiversas categor\u00edas de leasing\u00a0\u00a0 \u00a0\u00a0\u00a0 \u00a0105<br \/>\nNormativa sobre leasing\u00a0\u00a0 \u00a0\u00a0\u00a0 \u00a0106<br \/>\nOperaci\u00f3n de Leasing financiero\u00a0\u00a0 \u00a0\u00a0\u00a0 \u00a0107<br \/>\nFases de la operaci\u00f3n de leasing financiero\u00a0\u00a0 \u00a0\u00a0\u00a0 \u00a0108<br \/>\nContrato de Leasing financiero\u00a0\u00a0 \u00a0\u00a0\u00a0 \u00a0109<br \/>\nEfectos del contrato de leasing financiero\u00a0\u00a0 \u00a0\u00a0\u00a0 \u00a0111<br \/>\nContrato de Leasing operativo o del fabricante\u00a0\u00a0 \u00a0\u00a0\u00a0 \u00a0112<br \/>\nContrato de Leaseback o retroleasing\u00a0\u00a0 \u00a0\u00a0\u00a0 \u00a0113<br \/>\nCap\u00edtulo VIII<br \/>\nFactoring<br \/>\nAspectos generales\u00a0\u00a0 \u00a0\u00a0\u00a0 \u00a0117<br \/>\nOperaci\u00f3n de factoraje\u00a0\u00a0 \u00a0\u00a0\u00a0 \u00a0117<br \/>\nClases de factoring seg\u00fan su financiamiento\u00a0\u00a0 \u00a0\u00a0\u00a0 \u00a0118<br \/>\nClases de factoring seg\u00fan los riesgos asumidos por la empresa de factoring\u00a0\u00a0 \u00a0\u00a0\u00a0 \u00a0119<br \/>\nEfectos del Factoring\u00a0\u00a0 \u00a0\u00a0\u00a0 \u00a0120<\/p>\n<p>Cap\u00edtulo IX<br \/>\nUnderwriting<br \/>\nAspectos generales\u00a0\u00a0 \u00a0\u00a0\u00a0 \u00a0123<br \/>\nOperaci\u00f3n de Underwriting\u00a0\u00a0 \u00a0\u00a0\u00a0 \u00a0123<br \/>\nModalidades de Underwriting\u00a0\u00a0 \u00a0\u00a0\u00a0 \u00a0124<br \/>\nCap\u00edtulo X<br \/>\nOutsourcing<br \/>\nAspectos generales del contrato de Outsourcing\u00a0\u00a0 \u00a0\u00a0\u00a0 \u00a0127<br \/>\nEfectos del contrato de Outsourcing\u00a0\u00a0 \u00a0\u00a0\u00a0 \u00a0128<br \/>\nBIBLIOGRAF\u00cdA\u00a0\u00a0 \u00a0\u00a0\u00a0 \u00a0129<\/p>\n","protected":false},"excerpt":{"rendered":"<p>Esquemas de Derecho comercial de Chile III: Contratos mercantiles. \u00cdndice INTRODUCCI\u00d3N\u00a0\u00a0 \u00a0\u00a0\u00a0 \u00a017 Cap\u00edtulo I Compraventa mercantil Aspectos generales\u00a0\u00a0 \u00a0\u00a0\u00a0 \u00a021 Efectos de la Compraventa\u00a0\u00a0 \u00a0\u00a0\u00a0 \u00a022 Paralelo entre compraventa civil y mercantil\u00a0\u00a0 \u00a0\u00a0\u00a0 \u00a023 Cap\u00edtulo II Transporte y fletamento Aspectos generales del transporte\u00a0\u00a0 \u00a0\u00a0\u00a0 \u00a027 Clasificaci\u00f3n del transporte\u00a0\u00a0 \u00a0\u00a0\u00a0 \u00a028 Empresario de transporte\u00a0\u00a0 \u00a0\u00a0\u00a0 \u00a029 Transporte Terrestre\u00a0\u00a0 \u00a0\u00a0\u00a0 \u00a030 Carta de porte o carta gu\u00eda\u00a0\u00a0 \u00a0\u00a0\u00a0 \u00a031 Efectos del transporte terrestre\u00a0\u00a0 \u00a0\u00a0\u00a0 \u00a032 Incumplimiento de las obligaciones\u00a0\u00a0 \u00a0\u00a0\u00a0 \u00a033 Incumplimiento del porteador\u00a0\u00a0 \u00a0\u00a0\u00a0 \u00a034 Transporte mar\u00edtimo\u00a0\u00a0 \u00a0\u00a0\u00a0 \u00a037 Conocimiento de embarque\u00a0\u00a0 \u00a0\u00a0\u00a0 \u00a038 Per\u00edodo de responsabilidad del transportador\u00a0\u00a0 \u00a0\u00a0\u00a0 \u00a039 Normativa general de responsabilidad del transportador\u00a0\u00a0 \u00a0\u00a0\u00a0 \u00a040 Normas especiales de responsabilidad del transportador\u00a0\u00a0 \u00a0\u00a0\u00a0 \u00a041 Responsabilidad del cargador\u00a0\u00a0 \u00a0\u00a0\u00a0 \u00a042 Transporte Multimodal\u00a0\u00a0 \u00a0\u00a0\u00a0 \u00a043 Sujetos del transporte multimodal\u00a0\u00a0 \u00a0\u00a0\u00a0 \u00a044 Responsabilidad del operador de transporte multimodal\u00a0\u00a0 \u00a0\u00a0\u00a0 \u00a045 Fletamento mar\u00edtimo\u00a0\u00a0 \u00a0\u00a0\u00a0 \u00a046 Clases de fletamento\u00a0\u00a0 \u00a0\u00a0\u00a0 \u00a047 Cap\u00edtulo III Mandato comercial Aspectos generales del mandato\u00a0\u00a0 \u00a0\u00a0\u00a0 \u00a051 Efectos de la comisi\u00f3n\u00a0\u00a0 \u00a0\u00a0\u00a0 \u00a052 Paralelo entre mandato civil y comisi\u00f3n\u00a0\u00a0 \u00a0\u00a0\u00a0 \u00a053 Cap\u00edtulo IV Contrato de Seguro Aspectos generales del contrato de seguro\u00a0\u00a0 \u00a0\u00a0\u00a0 \u00a057 Principales sujetos del contrato de seguro\u00a0\u00a0 \u00a0\u00a0\u00a0 \u00a058 Sujetos auxiliares del comercio de seguros\u00a0\u00a0 \u00a0\u00a0\u00a0 \u00a058 Caracter\u00edsticas del contrato de seguro\u00a0\u00a0 \u00a0\u00a0\u00a0 \u00a059 Clasificaci\u00f3n legal del seguro\u00a0\u00a0 \u00a0\u00a0\u00a0 \u00a059 Clasificaciones doctrinarias del seguro\u00a0\u00a0 \u00a0\u00a0\u00a0 \u00a060 Car\u00e1cter imperativo\u00a0\u00a0 \u00a0\u00a0\u00a0 \u00a061 Prescripci\u00f3n de acciones\u00a0\u00a0 \u00a0\u00a0\u00a0 \u00a062 Elementos esenciales del contrato de seguro\u00a0\u00a0 \u00a0\u00a0\u00a0 \u00a063 I. Riesgo asegurable\u00a0\u00a0 \u00a0\u00a0\u00a0 \u00a064 Clasificaci\u00f3n doctrinaria de los riesgos\u00a0\u00a0 \u00a0\u00a0\u00a0 \u00a065 Clasificaci\u00f3n legal del riesgo seg\u00fan la responsabilidad del asegurador\u00a0\u00a0 \u00a0\u00a0\u00a0 \u00a066 Variaci\u00f3n del riesgo\u00a0\u00a0 \u00a0\u00a0\u00a0 \u00a067 II. Estipulaci\u00f3n de la prima\u00a0\u00a0 \u00a0\u00a0\u00a0 \u00a068 III. Obligaci\u00f3n condicional de indemnizar\u00a0\u00a0 \u00a0\u00a0\u00a0 \u00a069 Inter\u00e9s Asegurable\u00a0\u00a0 \u00a0\u00a0\u00a0 \u00a070 Normas generales\u00a0\u00a0 \u00a0\u00a0\u00a0 \u00a070 Normas especiales sobre inter\u00e9s asegurable\u00a0\u00a0 \u00a0\u00a0\u00a0 \u00a071 Etapas de la Celebraci\u00f3n del seguro\u00a0\u00a0 \u00a0\u00a0\u00a0 \u00a072 P\u00f3liza de seguro\u00a0\u00a0 \u00a0\u00a0\u00a0 \u00a073 Menciones de la p\u00f3liza\u00a0\u00a0 \u00a0\u00a0\u00a0 \u00a074 Prueba del contrato\u00a0\u00a0 \u00a0\u00a0\u00a0 \u00a075 Obligaciones del asegurador\u00a0\u00a0 \u00a0\u00a0\u00a0 \u00a076 Obligaciones del corredor de seguros\u00a0\u00a0 \u00a0\u00a0\u00a0 \u00a076 Obligaciones, deberes y cargas del tomador y asegurado\u00a0\u00a0 \u00a0\u00a0\u00a0 \u00a077 Siniestro\u00a0\u00a0 \u00a0\u00a0\u00a0 \u00a078 Denuncia del siniestro\u00a0\u00a0 \u00a0\u00a0\u00a0 \u00a079 Liquidaci\u00f3n del siniestro\u00a0\u00a0 \u00a0\u00a0\u00a0 \u00a080 Pago de la indemnizaci\u00f3n y subrogaci\u00f3n del asegurador\u00a0\u00a0 \u00a0\u00a0\u00a0 \u00a083 Cap\u00edtulo V Contratos de Dep\u00f3sito Dep\u00f3sito mercantil\u00a0\u00a0 \u00a0\u00a0\u00a0 \u00a087 Caracteres del dep\u00f3sito mercantil\u00a0\u00a0 \u00a0\u00a0\u00a0 \u00a088 Obligaciones del depositario\u00a0\u00a0 \u00a0\u00a0\u00a0 \u00a089 Obligaciones del depositante\u00a0\u00a0 \u00a0\u00a0\u00a0 \u00a090 Contrato de almacenaje\u00a0\u00a0 \u00a0\u00a0\u00a0 \u00a091 Celebraci\u00f3n y documentos del contrato de almacenaje\u00a0\u00a0 \u00a0\u00a0\u00a0 \u00a092 Obligaciones del almacenista\u00a0\u00a0 \u00a0\u00a0\u00a0 \u00a093 Responsabilidad del almacenista\u00a0\u00a0 \u00a0\u00a0\u00a0 \u00a094 Obligaciones del depositante o del endosatario en su caso\u00a0\u00a0 \u00a0\u00a0\u00a0 \u00a095 Cap\u00edtulo VI Contratos de Garant\u00eda Fianza mercantil\u00a0\u00a0 \u00a0\u00a0\u00a0 \u00a099 Paralelo entre fianza civil y mercantil\u00a0\u00a0 \u00a0\u00a0\u00a0 \u00a099 Prenda mercantil con desplazamiento\u00a0\u00a0 \u00a0\u00a0\u00a0 \u00a0100 Paralelo entre prenda civil y mercantil\u00a0\u00a0 \u00a0\u00a0\u00a0 \u00a0100 Hipoteca y prenda naval\u00a0\u00a0 \u00a0\u00a0\u00a0 \u00a0101 Hipoteca naval\u00a0\u00a0 \u00a0\u00a0\u00a0 \u00a0101 Prenda naval\u00a0\u00a0 \u00a0\u00a0\u00a0 \u00a0101 Cap\u00edtulo VII Leasing Aspectos generales del leasing\u00a0\u00a0 \u00a0\u00a0\u00a0 \u00a0105 Diversas categor\u00edas de leasing\u00a0\u00a0 \u00a0\u00a0\u00a0 \u00a0105 Normativa sobre leasing\u00a0\u00a0 \u00a0\u00a0\u00a0 \u00a0106 Operaci\u00f3n de Leasing financiero\u00a0\u00a0 \u00a0\u00a0\u00a0 \u00a0107 Fases de la operaci\u00f3n de leasing financiero\u00a0\u00a0 \u00a0\u00a0\u00a0 \u00a0108 Contrato de Leasing financiero\u00a0\u00a0 \u00a0\u00a0\u00a0 \u00a0109 Efectos del contrato de leasing financiero\u00a0\u00a0 \u00a0\u00a0\u00a0 \u00a0111 Contrato de Leasing operativo o del fabricante\u00a0\u00a0 \u00a0\u00a0\u00a0 \u00a0112 Contrato de Leaseback o retroleasing\u00a0\u00a0 \u00a0\u00a0\u00a0 \u00a0113 Cap\u00edtulo VIII Factoring Aspectos generales\u00a0\u00a0 \u00a0\u00a0\u00a0 \u00a0117 Operaci\u00f3n de factoraje\u00a0\u00a0 \u00a0\u00a0\u00a0 \u00a0117 Clases de factoring seg\u00fan su financiamiento\u00a0\u00a0 \u00a0\u00a0\u00a0 \u00a0118 Clases de factoring seg\u00fan los riesgos asumidos por la empresa de factoring\u00a0\u00a0 \u00a0\u00a0\u00a0 \u00a0119 Efectos del Factoring\u00a0\u00a0 \u00a0\u00a0\u00a0 \u00a0120 Cap\u00edtulo IX Underwriting Aspectos generales\u00a0\u00a0 \u00a0\u00a0\u00a0 \u00a0123 Operaci\u00f3n de Underwriting\u00a0\u00a0 \u00a0\u00a0\u00a0 \u00a0123 Modalidades de Underwriting\u00a0\u00a0 \u00a0\u00a0\u00a0 \u00a0124 Cap\u00edtulo X Outsourcing Aspectos generales del contrato de Outsourcing\u00a0\u00a0 \u00a0\u00a0\u00a0 \u00a0127 Efectos del contrato de Outsourcing\u00a0\u00a0 \u00a0\u00a0\u00a0 \u00a0128 BIBLIOGRAF\u00cdA\u00a0\u00a0 \u00a0\u00a0\u00a0 \u00a0129<\/p>\n","protected":false},"featured_media":3731,"comment_status":"open","ping_status":"closed","template":"","meta":{"inline_featured_image":false,"_joinchat":[]},"product_brand":[],"product_cat":[48],"product_tag":[],"class_list":{"0":"post-3701","1":"product","2":"type-product","3":"status-publish","4":"has-post-thumbnail","6":"product_cat-comercial","7":"product_shipping_class-a-convenir","9":"first","10":"instock","11":"shipping-taxable","12":"purchasable","13":"product-type-simple"},"_links":{"self":[{"href":"https:\/\/bibliotecajuridicavirtual.cl\/index.php\/wp-json\/wp\/v2\/product\/3701","targetHints":{"allow":["GET"]}}],"collection":[{"href":"https:\/\/bibliotecajuridicavirtual.cl\/index.php\/wp-json\/wp\/v2\/product"}],"about":[{"href":"https:\/\/bibliotecajuridicavirtual.cl\/index.php\/wp-json\/wp\/v2\/types\/product"}],"replies":[{"embeddable":true,"href":"https:\/\/bibliotecajuridicavirtual.cl\/index.php\/wp-json\/wp\/v2\/comments?post=3701"}],"wp:featuredmedia":[{"embeddable":true,"href":"https:\/\/bibliotecajuridicavirtual.cl\/index.php\/wp-json\/wp\/v2\/media\/3731"}],"wp:attachment":[{"href":"https:\/\/bibliotecajuridicavirtual.cl\/index.php\/wp-json\/wp\/v2\/media?parent=3701"}],"wp:term":[{"taxonomy":"product_brand","embeddable":true,"href":"https:\/\/bibliotecajuridicavirtual.cl\/index.php\/wp-json\/wp\/v2\/product_brand?post=3701"},{"taxonomy":"product_cat","embeddable":true,"href":"https:\/\/bibliotecajuridicavirtual.cl\/index.php\/wp-json\/wp\/v2\/product_cat?post=3701"},{"taxonomy":"product_tag","embeddable":true,"href":"https:\/\/bibliotecajuridicavirtual.cl\/index.php\/wp-json\/wp\/v2\/product_tag?post=3701"}],"curies":[{"name":"wp","href":"https:\/\/api.w.org\/{rel}","templated":true}]}}