{"id":3706,"date":"2026-02-28T01:19:42","date_gmt":"2026-02-28T04:19:42","guid":{"rendered":"https:\/\/bibliotecajuridicavirtual.cl\/?post_type=product&#038;p=3706"},"modified":"2026-02-28T01:20:02","modified_gmt":"2026-02-28T04:20:02","slug":"feminismo-genero-y-derecho-privado-ano-2021-308-pag-autor-natalia-morales-cerda-y-hugo-cardenas-villarreal","status":"publish","type":"product","link":"https:\/\/bibliotecajuridicavirtual.cl\/index.php\/product\/feminismo-genero-y-derecho-privado-ano-2021-308-pag-autor-natalia-morales-cerda-y-hugo-cardenas-villarreal\/","title":{"rendered":"Feminismo, G\u00e9nero y Derecho Privado. A\u00f1o 2021\/ 308 P\u00e1g. Autor Natalia Morales Cerda y Hugo C\u00e1rdenas  Villarreal"},"content":{"rendered":"<p>La Ilustraci\u00f3n y el pensamiento moderno se reconocen por la concepci\u00f3n de la ciudadan\u00eda, la valoraci\u00f3n del hombre como sujeto de derechos, y la inauguraci\u00f3n de una nueva articulaci\u00f3n entre el poder pol\u00edtico y lo social. Se trata de un pensamiento profundamente pr\u00e1ctico que, entre sus hijos no deseados, engendr\u00f3 tambi\u00e9n una hija: el feminismo.<br \/>\nEsta corriente cr\u00edtica de pensamiento lleva d\u00e9cadas remeciendo los cimientos del Derecho en el contexto intelectual de occidente. En Chile, se observan importantes desarrollos en el \u00e1rea del derecho constitucional y del derecho penal, lo que se explica por el hecho de que las principales reivindicaciones del activismo y la teor\u00eda jur\u00eddica feminista han estado vinculadas al aborto, la participaci\u00f3n pol\u00edtica y la violencia contra las mujeres.<br \/>\nEl inter\u00e9s por esta perspectiva de an\u00e1lisis se ha incrementado exponencialmente tras la explosi\u00f3n del movimiento feminista y de mujeres del a\u00f1o 2018. Pero en el contexto de esta f\u00e9rtil discusi\u00f3n te\u00f3rica, el gran ausente ha sido el derecho privado patrimonial pues pr\u00e1cticamente no presenta desarrollos en esta perspectiva de an\u00e1lisis. De all\u00ed la relevancia de esta obra.<br \/>\nEl libro incluye doce trabajos de destacados\/as acad\u00e9micos\/as nacionales, quienes analizan las instituciones m\u00e1s relevantes del derecho privado nacional desde una perspectiva feminista y de g\u00e9nero. A partir de ellos, esta obra propone explorar la ruta que nos lleve a (re)pensar el derecho privado desde el teor\u00eda feminista, incorporando las experiencias de las mujeres en el an\u00e1lisis de tem\u00e1ticas como el trabajo sexual, las cuotas en los directorios de empresas, la sociedad conyugal, el derecho de propiedad, y el derecho de da\u00f1os.<br \/>\n\u00cdndice<br \/>\nFeminismo, G\u00e9nero y Derecho Privado: consideraciones introductorias\u00a0\u00a0 \u00a0\u00a0\u00a0 \u00a011<br \/>\nNatalia Morales Cerda<br \/>\nHugo C\u00e1rdenas Villarreal<br \/>\nNotas sobre la cr\u00edtica feminista al Derecho\u00a0\u00a0 \u00a0\u00a0\u00a0 \u00a031<br \/>\nClaudia Iriarte Rivas<br \/>\nLa mujer como persona en el Derecho chileno\u00a0\u00a0 \u00a0\u00a0\u00a0 \u00a061<br \/>\nLaura Albornoz Pollmann<br \/>\n30 a\u00f1os de interseccionalidad: reflexiones sobre su aplicaci\u00f3n en el derecho\u00a0\u00a0 \u00a0\u00a0\u00a0 \u00a089<br \/>\nB\u00e1rbara Sep\u00falveda Hales<br \/>\nEl mercado del trabajo sexual femenino \u00bfProhibir o descriminalizar la prostituci\u00f3n?\u00a0\u00a0 \u00a0\u00a0\u00a0 \u00a0113<br \/>\nMar\u00eda Jos\u00e9 Calder\u00f3n Hern\u00e1ndez<br \/>\nPablo Aguayo Westwood<br \/>\nLas cuotas de g\u00e9nero en los directorios de empresas\u00a0\u00a0 \u00a0\u00a0\u00a0 \u00a0153<br \/>\nAstrid Schudeck D\u00edaz<br \/>\nIncidencia de la sociedad conyugal en la mujer empresaria\u00a0\u00a0 \u00a0\u00a0\u00a0 \u00a0167<br \/>\nSusana Espada Mallorqu\u00edn<br \/>\nMujeres y propiedad en Chile: las secuelas de la invisibilidad\u00a0\u00a0 \u00a0\u00a0\u00a0 \u00a0193<br \/>\nMar\u00eda Agnes Salah Abusleme<br \/>\n(Auto)propiedad y mujeres ind\u00edgenas\u00a0\u00a0 \u00a0\u00a0\u00a0 \u00a0209<br \/>\nLuis Villavicencio Miranda<br \/>\nDel buen padre de familia a la persona razonable: \u00bfverdadera neutralidad de g\u00e9nero?\u00a0\u00a0 \u00a0\u00a0\u00a0 \u00a0229<br \/>\nMar\u00eda Paz Gatica Rodr\u00edguez<br \/>\nDa\u00f1os por discriminaci\u00f3n: indemnizaci\u00f3n de perjuicios y Ley N\u00ba 20.609\u00a0\u00a0 \u00a0\u00a0\u00a0 \u00a0245<br \/>\nCatalina Lagos Tschorne<br \/>\nLidia Poza Matus<br \/>\nCamila Troncoso Z\u00fa\u00f1iga<br \/>\nEl rol del derecho de da\u00f1os en la consolidaci\u00f3n del derecho a la autodeterminaci\u00f3n reproductiva de la mujer en chile\u00a0\u00a0 \u00a0\u00a0\u00a0 \u00a0285<br \/>\nHugo C\u00e1rdenas Villarreal<\/p>\n","protected":false},"excerpt":{"rendered":"<p>La Ilustraci\u00f3n y el pensamiento moderno se reconocen por la concepci\u00f3n de la ciudadan\u00eda, la valoraci\u00f3n del hombre como sujeto de derechos, y la inauguraci\u00f3n de una nueva articulaci\u00f3n entre el poder pol\u00edtico y lo social. Se trata de un pensamiento profundamente pr\u00e1ctico que, entre sus hijos no deseados, engendr\u00f3 tambi\u00e9n una hija: el feminismo. Esta corriente cr\u00edtica de pensamiento lleva d\u00e9cadas remeciendo los cimientos del Derecho en el contexto intelectual de occidente. En Chile, se observan importantes desarrollos en el \u00e1rea del derecho constitucional y del derecho penal, lo que se explica por el hecho de que las principales reivindicaciones del activismo y la teor\u00eda jur\u00eddica feminista han estado vinculadas al aborto, la participaci\u00f3n pol\u00edtica y la violencia contra las mujeres. El inter\u00e9s por esta perspectiva de an\u00e1lisis se ha incrementado exponencialmente tras la explosi\u00f3n del movimiento feminista y de mujeres del a\u00f1o 2018. Pero en el contexto de esta f\u00e9rtil discusi\u00f3n te\u00f3rica, el gran ausente ha sido el derecho privado patrimonial pues pr\u00e1cticamente no presenta desarrollos en esta perspectiva de an\u00e1lisis. De all\u00ed la relevancia de esta obra. El libro incluye doce trabajos de destacados\/as acad\u00e9micos\/as nacionales, quienes analizan las instituciones m\u00e1s relevantes del derecho privado nacional desde una perspectiva feminista y de g\u00e9nero. A partir de ellos, esta obra propone explorar la ruta que nos lleve a (re)pensar el derecho privado desde el teor\u00eda feminista, incorporando las experiencias de las mujeres en el an\u00e1lisis de tem\u00e1ticas como el trabajo sexual, las cuotas en los directorios de empresas, la sociedad conyugal, el derecho de propiedad, y el derecho de da\u00f1os. \u00cdndice Feminismo, G\u00e9nero y Derecho Privado: consideraciones introductorias\u00a0\u00a0 \u00a0\u00a0\u00a0 \u00a011 Natalia Morales Cerda Hugo C\u00e1rdenas Villarreal Notas sobre la cr\u00edtica feminista al Derecho\u00a0\u00a0 \u00a0\u00a0\u00a0 \u00a031 Claudia Iriarte Rivas La mujer como persona en el Derecho chileno\u00a0\u00a0 \u00a0\u00a0\u00a0 \u00a061 Laura Albornoz Pollmann 30 a\u00f1os de interseccionalidad: reflexiones sobre su aplicaci\u00f3n en el derecho\u00a0\u00a0 \u00a0\u00a0\u00a0 \u00a089 B\u00e1rbara Sep\u00falveda Hales El mercado del trabajo sexual femenino \u00bfProhibir o descriminalizar la prostituci\u00f3n?\u00a0\u00a0 \u00a0\u00a0\u00a0 \u00a0113 Mar\u00eda Jos\u00e9 Calder\u00f3n Hern\u00e1ndez Pablo Aguayo Westwood Las cuotas de g\u00e9nero en los directorios de empresas\u00a0\u00a0 \u00a0\u00a0\u00a0 \u00a0153 Astrid Schudeck D\u00edaz Incidencia de la sociedad conyugal en la mujer empresaria\u00a0\u00a0 \u00a0\u00a0\u00a0 \u00a0167 Susana Espada Mallorqu\u00edn Mujeres y propiedad en Chile: las secuelas de la invisibilidad\u00a0\u00a0 \u00a0\u00a0\u00a0 \u00a0193 Mar\u00eda Agnes Salah Abusleme (Auto)propiedad y mujeres ind\u00edgenas\u00a0\u00a0 \u00a0\u00a0\u00a0 \u00a0209 Luis Villavicencio Miranda Del buen padre de familia a la persona razonable: \u00bfverdadera neutralidad de g\u00e9nero?\u00a0\u00a0 \u00a0\u00a0\u00a0 \u00a0229 Mar\u00eda Paz Gatica Rodr\u00edguez Da\u00f1os por discriminaci\u00f3n: indemnizaci\u00f3n de perjuicios y Ley N\u00ba 20.609\u00a0\u00a0 \u00a0\u00a0\u00a0 \u00a0245 Catalina Lagos Tschorne Lidia Poza Matus Camila Troncoso Z\u00fa\u00f1iga El rol del derecho de da\u00f1os en la consolidaci\u00f3n del derecho a la autodeterminaci\u00f3n reproductiva de la mujer en chile\u00a0\u00a0 \u00a0\u00a0\u00a0 \u00a0285 Hugo C\u00e1rdenas Villarreal<\/p>\n","protected":false},"featured_media":3736,"comment_status":"open","ping_status":"closed","template":"","meta":{"inline_featured_image":false,"_joinchat":[]},"product_brand":[],"product_cat":[29],"product_tag":[],"class_list":{"0":"post-3706","1":"product","2":"type-product","3":"status-publish","4":"has-post-thumbnail","6":"product_cat-familia-y-del-menor","7":"product_shipping_class-a-convenir","9":"first","10":"instock","11":"shipping-taxable","12":"purchasable","13":"product-type-simple"},"_links":{"self":[{"href":"https:\/\/bibliotecajuridicavirtual.cl\/index.php\/wp-json\/wp\/v2\/product\/3706","targetHints":{"allow":["GET"]}}],"collection":[{"href":"https:\/\/bibliotecajuridicavirtual.cl\/index.php\/wp-json\/wp\/v2\/product"}],"about":[{"href":"https:\/\/bibliotecajuridicavirtual.cl\/index.php\/wp-json\/wp\/v2\/types\/product"}],"replies":[{"embeddable":true,"href":"https:\/\/bibliotecajuridicavirtual.cl\/index.php\/wp-json\/wp\/v2\/comments?post=3706"}],"wp:featuredmedia":[{"embeddable":true,"href":"https:\/\/bibliotecajuridicavirtual.cl\/index.php\/wp-json\/wp\/v2\/media\/3736"}],"wp:attachment":[{"href":"https:\/\/bibliotecajuridicavirtual.cl\/index.php\/wp-json\/wp\/v2\/media?parent=3706"}],"wp:term":[{"taxonomy":"product_brand","embeddable":true,"href":"https:\/\/bibliotecajuridicavirtual.cl\/index.php\/wp-json\/wp\/v2\/product_brand?post=3706"},{"taxonomy":"product_cat","embeddable":true,"href":"https:\/\/bibliotecajuridicavirtual.cl\/index.php\/wp-json\/wp\/v2\/product_cat?post=3706"},{"taxonomy":"product_tag","embeddable":true,"href":"https:\/\/bibliotecajuridicavirtual.cl\/index.php\/wp-json\/wp\/v2\/product_tag?post=3706"}],"curies":[{"name":"wp","href":"https:\/\/api.w.org\/{rel}","templated":true}]}}