{"id":3746,"date":"2026-02-28T01:20:05","date_gmt":"2026-02-28T04:20:05","guid":{"rendered":"https:\/\/bibliotecajuridicavirtual.cl\/?post_type=product&#038;p=3746"},"modified":"2026-02-28T01:20:17","modified_gmt":"2026-02-28T04:20:17","slug":"derecho-privado-chileno-y-comparado-ante-los-principios-de-prevencion-y-de-precaucion-ano-2022-218-pag-autor-cristian-antonio-banfi-del-rio","status":"publish","type":"product","link":"https:\/\/bibliotecajuridicavirtual.cl\/index.php\/product\/derecho-privado-chileno-y-comparado-ante-los-principios-de-prevencion-y-de-precaucion-ano-2022-218-pag-autor-cristian-antonio-banfi-del-rio\/","title":{"rendered":"Derecho privado chileno y comparado ante los principios de prevenci\u00f3n y de precauci\u00f3n. A\u00f1o 2022\/ 218 P\u00e1g. Autor Cristi\u00e1n Antonio Banfi del R\u00edo"},"content":{"rendered":"<p>Esta monograf\u00eda explica el concepto, fundamento e importancia de los principios de prevenci\u00f3n y de precauci\u00f3n ?originados en el derecho ambiental? en el derecho privado, chileno y comparado. El libro demuestra el impacto del razonamiento basado en el riesgo sobre la doctrina y jurisprudencia. El texto argumenta que la responsabilidad civil extracontractual puede ayudar s\u00f3lo marginalmente al efectivo cumplimiento de los mencionados principios, atendida la estructura y fin esencialmente reparador de dicha instituci\u00f3n. En contraste, las acciones preventivas consagradas en el C\u00f3digo de Bello (interdictos posesorios y acci\u00f3n por da\u00f1o contingente) pueden contribuir de forma eficiente y eficaz a evitar la materializaci\u00f3n de los riesgos de da\u00f1o ciertos e inciertos que son objeto de los principios preventivo y precautorio, respectivamente.<\/p>\n<p>\u00cdndice<br \/>\nAbreviaturas principales\u00a0\u00a0 \u00a0\u00a0\u00a0 \u00a011<br \/>\nIntroducci\u00f3n<br \/>\n1. Objetivos\u00a0\u00a0 \u00a0\u00a0\u00a0 \u00a013<br \/>\n2. Conceptos preliminares\u00a0\u00a0 \u00a0\u00a0\u00a0 \u00a015<br \/>\n3. Riesgo, percepci\u00f3n y regulaci\u00f3n\u00a0\u00a0 \u00a0\u00a0\u00a0 \u00a016<br \/>\n4. Evoluci\u00f3n moderna del riesgo y su impacto en la responsabilidad civil\u00a0\u00a0 \u00a0\u00a0\u00a0 \u00a032<br \/>\nCap\u00edtulo I<br \/>\nPrincipio precautorio<br \/>\n1. Principio Preventivo y Principio Precautorio\u00a0\u00a0 \u00a0\u00a0\u00a0 \u00a041<br \/>\n2. Influencia del Principio Precautorio en la aproximaci\u00f3n moderna al riesgo\u00a0\u00a0 \u00a0\u00a0\u00a0 \u00a053<br \/>\n3. Pol\u00e9mica en torno al Principio Precautorio\u00a0\u00a0 \u00a0\u00a0\u00a0 \u00a056<br \/>\n4. Versiones del Principio Precautorio. Objeciones y defensas\u00a0\u00a0 \u00a0\u00a0\u00a0 \u00a057<br \/>\nCap\u00edtulo II<br \/>\nLa l\u00f3gica preventiva del derecho privado<br \/>\n1. Introducci\u00f3n\u00a0\u00a0 \u00a0\u00a0\u00a0 \u00a069<br \/>\n2. El Principio Precautorio en la jurisprudencia chilena\u00a0\u00a0 \u00a0\u00a0\u00a0 \u00a072<br \/>\n3. Acci\u00f3n constitucional de protecci\u00f3n\u00a0\u00a0 \u00a0\u00a0\u00a0 \u00a076<br \/>\n4. El Principio Precautorio, la acci\u00f3n de responsabilidad civil y las acciones preventivas\u00a0\u00a0 \u00a0\u00a0\u00a0 \u00a088<br \/>\n5. Principio Precautorio, Principio Preventivo e inmisiones\u00a0\u00a0 \u00a0\u00a0\u00a0 \u00a092<br \/>\n6. Principio Precautorio, Principio Preventivo y acci\u00f3n por da\u00f1o contingente.\u00a0\u00a0 \u00a0\u00a0\u00a0 \u00a0101<br \/>\n7. Principio Precautorio, Principio Preventivo e interdictos posesorios.\u00a0\u00a0 \u00a0\u00a0\u00a0 \u00a0110<br \/>\n8. Principio Precautorio y medidas precautorias\u00a0\u00a0 \u00a0\u00a0\u00a0 \u00a0121<br \/>\n9. Acciones negatoria e indemnizatoria\u00a0\u00a0 \u00a0\u00a0\u00a0 \u00a0122<br \/>\n10. Algunos aspectos de derecho comparado sobre las acciones preventivas<br \/>\ny resarcitorias\u00a0\u00a0 \u00a0\u00a0\u00a0 \u00a0126<br \/>\n11. Apreciaci\u00f3n\u00a0\u00a0 \u00a0\u00a0\u00a0 \u00a0149<br \/>\nCap\u00edtulo III<br \/>\nTensi\u00f3n entre responsabilidad civil y principio precautorio<br \/>\n1. Introducci\u00f3n\u00a0\u00a0 \u00a0\u00a0\u00a0 \u00a0151<br \/>\n2. Principio Precautorio y culpa\u00a0\u00a0 \u00a0\u00a0\u00a0 \u00a0151<br \/>\n3. Principio Precautorio y causalidad\u00a0\u00a0 \u00a0\u00a0\u00a0 \u00a0169<br \/>\n4. Aplicaci\u00f3n del Principio Precautorio en la responsabilidad civil francesa\u00a0\u00a0 \u00a0\u00a0\u00a0 \u00a0175<br \/>\n5. Apreciaciones\u00a0\u00a0 \u00a0\u00a0\u00a0 \u00a0197<br \/>\nBibliograf\u00eda<br \/>\nLibros\u00a0\u00a0 \u00a0\u00a0\u00a0 \u00a0201<\/p>\n","protected":false},"excerpt":{"rendered":"<p>Esta monograf\u00eda explica el concepto, fundamento e importancia de los principios de prevenci\u00f3n y de precauci\u00f3n ?originados en el derecho ambiental? en el derecho privado, chileno y comparado. El libro demuestra el impacto del razonamiento basado en el riesgo sobre la doctrina y jurisprudencia. El texto argumenta que la responsabilidad civil extracontractual puede ayudar s\u00f3lo marginalmente al efectivo cumplimiento de los mencionados principios, atendida la estructura y fin esencialmente reparador de dicha instituci\u00f3n. En contraste, las acciones preventivas consagradas en el C\u00f3digo de Bello (interdictos posesorios y acci\u00f3n por da\u00f1o contingente) pueden contribuir de forma eficiente y eficaz a evitar la materializaci\u00f3n de los riesgos de da\u00f1o ciertos e inciertos que son objeto de los principios preventivo y precautorio, respectivamente. \u00cdndice Abreviaturas principales\u00a0\u00a0 \u00a0\u00a0\u00a0 \u00a011 Introducci\u00f3n 1. Objetivos\u00a0\u00a0 \u00a0\u00a0\u00a0 \u00a013 2. Conceptos preliminares\u00a0\u00a0 \u00a0\u00a0\u00a0 \u00a015 3. Riesgo, percepci\u00f3n y regulaci\u00f3n\u00a0\u00a0 \u00a0\u00a0\u00a0 \u00a016 4. Evoluci\u00f3n moderna del riesgo y su impacto en la responsabilidad civil\u00a0\u00a0 \u00a0\u00a0\u00a0 \u00a032 Cap\u00edtulo I Principio precautorio 1. Principio Preventivo y Principio Precautorio\u00a0\u00a0 \u00a0\u00a0\u00a0 \u00a041 2. Influencia del Principio Precautorio en la aproximaci\u00f3n moderna al riesgo\u00a0\u00a0 \u00a0\u00a0\u00a0 \u00a053 3. Pol\u00e9mica en torno al Principio Precautorio\u00a0\u00a0 \u00a0\u00a0\u00a0 \u00a056 4. Versiones del Principio Precautorio. Objeciones y defensas\u00a0\u00a0 \u00a0\u00a0\u00a0 \u00a057 Cap\u00edtulo II La l\u00f3gica preventiva del derecho privado 1. Introducci\u00f3n\u00a0\u00a0 \u00a0\u00a0\u00a0 \u00a069 2. El Principio Precautorio en la jurisprudencia chilena\u00a0\u00a0 \u00a0\u00a0\u00a0 \u00a072 3. Acci\u00f3n constitucional de protecci\u00f3n\u00a0\u00a0 \u00a0\u00a0\u00a0 \u00a076 4. El Principio Precautorio, la acci\u00f3n de responsabilidad civil y las acciones preventivas\u00a0\u00a0 \u00a0\u00a0\u00a0 \u00a088 5. Principio Precautorio, Principio Preventivo e inmisiones\u00a0\u00a0 \u00a0\u00a0\u00a0 \u00a092 6. Principio Precautorio, Principio Preventivo y acci\u00f3n por da\u00f1o contingente.\u00a0\u00a0 \u00a0\u00a0\u00a0 \u00a0101 7. Principio Precautorio, Principio Preventivo e interdictos posesorios.\u00a0\u00a0 \u00a0\u00a0\u00a0 \u00a0110 8. Principio Precautorio y medidas precautorias\u00a0\u00a0 \u00a0\u00a0\u00a0 \u00a0121 9. Acciones negatoria e indemnizatoria\u00a0\u00a0 \u00a0\u00a0\u00a0 \u00a0122 10. Algunos aspectos de derecho comparado sobre las acciones preventivas y resarcitorias\u00a0\u00a0 \u00a0\u00a0\u00a0 \u00a0126 11. Apreciaci\u00f3n\u00a0\u00a0 \u00a0\u00a0\u00a0 \u00a0149 Cap\u00edtulo III Tensi\u00f3n entre responsabilidad civil y principio precautorio 1. Introducci\u00f3n\u00a0\u00a0 \u00a0\u00a0\u00a0 \u00a0151 2. Principio Precautorio y culpa\u00a0\u00a0 \u00a0\u00a0\u00a0 \u00a0151 3. Principio Precautorio y causalidad\u00a0\u00a0 \u00a0\u00a0\u00a0 \u00a0169 4. Aplicaci\u00f3n del Principio Precautorio en la responsabilidad civil francesa\u00a0\u00a0 \u00a0\u00a0\u00a0 \u00a0175 5. Apreciaciones\u00a0\u00a0 \u00a0\u00a0\u00a0 \u00a0197 Bibliograf\u00eda Libros\u00a0\u00a0 \u00a0\u00a0\u00a0 \u00a0201<\/p>\n","protected":false},"featured_media":3776,"comment_status":"open","ping_status":"closed","template":"","meta":{"inline_featured_image":false,"_joinchat":[]},"product_brand":[],"product_cat":[27],"product_tag":[],"class_list":{"0":"post-3746","1":"product","2":"type-product","3":"status-publish","4":"has-post-thumbnail","6":"product_cat-civil","7":"product_shipping_class-a-convenir","9":"first","10":"instock","11":"shipping-taxable","12":"purchasable","13":"product-type-simple"},"_links":{"self":[{"href":"https:\/\/bibliotecajuridicavirtual.cl\/index.php\/wp-json\/wp\/v2\/product\/3746","targetHints":{"allow":["GET"]}}],"collection":[{"href":"https:\/\/bibliotecajuridicavirtual.cl\/index.php\/wp-json\/wp\/v2\/product"}],"about":[{"href":"https:\/\/bibliotecajuridicavirtual.cl\/index.php\/wp-json\/wp\/v2\/types\/product"}],"replies":[{"embeddable":true,"href":"https:\/\/bibliotecajuridicavirtual.cl\/index.php\/wp-json\/wp\/v2\/comments?post=3746"}],"wp:featuredmedia":[{"embeddable":true,"href":"https:\/\/bibliotecajuridicavirtual.cl\/index.php\/wp-json\/wp\/v2\/media\/3776"}],"wp:attachment":[{"href":"https:\/\/bibliotecajuridicavirtual.cl\/index.php\/wp-json\/wp\/v2\/media?parent=3746"}],"wp:term":[{"taxonomy":"product_brand","embeddable":true,"href":"https:\/\/bibliotecajuridicavirtual.cl\/index.php\/wp-json\/wp\/v2\/product_brand?post=3746"},{"taxonomy":"product_cat","embeddable":true,"href":"https:\/\/bibliotecajuridicavirtual.cl\/index.php\/wp-json\/wp\/v2\/product_cat?post=3746"},{"taxonomy":"product_tag","embeddable":true,"href":"https:\/\/bibliotecajuridicavirtual.cl\/index.php\/wp-json\/wp\/v2\/product_tag?post=3746"}],"curies":[{"name":"wp","href":"https:\/\/api.w.org\/{rel}","templated":true}]}}