{"id":3754,"date":"2026-02-28T01:20:05","date_gmt":"2026-02-28T04:20:05","guid":{"rendered":"https:\/\/bibliotecajuridicavirtual.cl\/?post_type=product&#038;p=3754"},"modified":"2026-02-28T01:20:22","modified_gmt":"2026-02-28T04:20:22","slug":"cuestiones-procesales-civiles-veinticuatro-problemas-procesales-chile-ano-2020-224-pag-autor-alejandro-romero-seguel","status":"publish","type":"product","link":"https:\/\/bibliotecajuridicavirtual.cl\/index.php\/product\/cuestiones-procesales-civiles-veinticuatro-problemas-procesales-chile-ano-2020-224-pag-autor-alejandro-romero-seguel\/","title":{"rendered":"Cuestiones procesales civiles . Veinticuatro problemas procesales (Chile) A\u00f1o 2020\/ 224 P\u00e1g. Autor Alejandro Romero Seguel"},"content":{"rendered":"<p>En este libro se contiene un an\u00e1lisis de veinticuatro cuestiones pr\u00e1cticas suscitadas en el proceso civil chileno. Se trata de conflictos surgidos en relaci\u00f3n a instituciones generales y tambi\u00e9n a los procedimientos especiales m\u00e1s relevantes, como el de libre competencia,la protecci\u00f3n del medio ambiente, arbitrales, contrataci\u00f3n p\u00fablica y derecho comercial.<\/p>\n<p>La reconocida experiencia acad\u00e9mica del autor, unida a su pr\u00e1ctica profesional como abogado y \u00e1rbitro, asegura que este material sea de gran utilidad para jueces y abogados.<\/p>\n<p>La referencia a la jurisprudencia permite saber cu\u00e1les son los criterios de decisi\u00f3n de los tribunales superiores de justicia en cada uno de los temas examinados en esta investigaci\u00f3n.<\/p>\n<p>\u00cdndice<br \/>\nPresentaci\u00f3n\u00a0\u00a0 \u00a0\u00a0\u00a0 \u00a013<\/p>\n<p>Cap\u00edtulo I<br \/>\nEl concurso de acciones en materia de competencia desleal y de la libre competencia<br \/>\n1. Explicaci\u00f3n preliminar del concurso de acciones\u00a0\u00a0 \u00a0\u00a0\u00a0 \u00a015<br \/>\n2. El concurso en materia de libre competencia y competencia desleal\u00a0\u00a0 \u00a0\u00a0\u00a0 \u00a017<br \/>\n3. La prejudicialidad y sus funciones en el proceso \u00a0\u00a0 \u00a0\u00a0\u00a0 \u00a018<br \/>\n4. La prejudicialidad en la acci\u00f3n y la competencia desleal \u00a0\u00a0 \u00a0\u00a0\u00a0 \u00a020<br \/>\n5. La justificaci\u00f3n t\u00e9cnica de la soluci\u00f3n \u00a0\u00a0 \u00a0\u00a0\u00a0 \u00a023<br \/>\n6. La declaraci\u00f3n de incompetencia como soluci\u00f3n\u00a0\u00a0 \u00a0\u00a0\u00a0 \u00a028<\/p>\n<p>Cap\u00edtulo II<br \/>\nDerecho de defensa y el deber de fundamentar el requerimiento en materia de libre competencia<br \/>\n1. La colusi\u00f3n como il\u00edcito y el litisconsorcio voluntario \u00a0\u00a0 \u00a0\u00a0\u00a0 \u00a031<br \/>\n2. El deber de fundar f\u00e1cticamente el requerimiento por la FNE \u00a0\u00a0 \u00a0\u00a0\u00a0 \u00a034<br \/>\n3. Los l\u00edmites al privilegio procesal de la FNE para recabar antecedentes de hecho\u00a0\u00a0 \u00a0\u00a0\u00a0 \u00a036<br \/>\n4. Los l\u00edmites de la prueba entre colitigantes con intereses contradictorios\u00a0\u00a0 \u00a0\u00a0\u00a0 \u00a038<br \/>\n5. La designaci\u00f3n del procurador com\u00fan \u00a0\u00a0 \u00a0\u00a0\u00a0 \u00a040<\/p>\n<p>Cap\u00edtulo III<br \/>\nLos est\u00e1ndares de prueba y la valoraci\u00f3n hol\u00edstica como trasplantes jur\u00eddicos<br \/>\n1. \u201cLos trasplantes jur\u00eddicos\u201d y el acto de prueba\u00a0\u00a0 \u00a0\u00a0\u00a0 \u00a043<br \/>\n2. Los est\u00e1ndares de prueba\u00a0\u00a0 \u00a0\u00a0\u00a0 \u00a045<br \/>\n3. La ponderaci\u00f3n hol\u00edstica de la prueba\u00a0\u00a0 \u00a0\u00a0\u00a0 \u00a050<br \/>\n4. El juez y el ret\u00f3rico \u00a0\u00a0 \u00a0\u00a0\u00a0 \u00a051<\/p>\n<p>Cap\u00edtulo IV<br \/>\nLa competencia de la Corte Suprema y la delaci\u00f3n compensada en materia de libre competencia<br \/>\n1. La naturaleza contenciosa del debate sobre la delaci\u00f3n compensada \u00a0\u00a0\u00a0 \u00a0\u00a0\u00a0 \u00a053<br \/>\n2. Naturaleza del recurso de reclamaci\u00f3n \u00a0\u00a0 \u00a0\u00a0\u00a0 \u00a057<br \/>\n3. El recurso de reclamaci\u00f3n no admite el reenv\u00edo\u00a0\u00a0 \u00a0\u00a0\u00a0 \u00a058<\/p>\n<p>Cap\u00edtulo V<br \/>\nEl objeto del proceso medio ambiental y el control de la prueba<br \/>\n1. La tutela jurisdiccional y administrativa del medio ambiente\u00a0\u00a0 \u00a0\u00a0\u00a0 \u00a061<br \/>\n2. La conciliaci\u00f3n de tutela jurisdiccional con la actuaci\u00f3n de la administraci\u00f3n \u00a0\u00a0 \u00a0\u00a0\u00a0 \u00a065<br \/>\n3. El objeto del proceso en materia medio ambiental \u00a0\u00a0 \u00a0\u00a0\u00a0 \u00a067<br \/>\n4. La fundamentaci\u00f3n de la sentencia y el deber de ponderar la prueba conforme a las reglas de la sana critica \u00a0\u00a0 \u00a0\u00a0\u00a0 \u00a070<br \/>\n5. La exoneraci\u00f3n a la t\u00e9cnica utilizada para denunciar las leyes reguladoras de la prueba \u00a0\u00a0 \u00a0\u00a0\u00a0 \u00a071<\/p>\n<p>Cap\u00edtulo VI<br \/>\nEl arbitraje en el contrato de seguro y el liquidador de seguros<br \/>\n1. El arbitraje y el contrato de seguros\u00a0\u00a0 \u00a0\u00a0\u00a0 \u00a075<br \/>\n2. La competencia del \u00e1rbitro\u00a0\u00a0 \u00a0\u00a0\u00a0 \u00a077<\/p>\n<p>Cap\u00edtulo VII<br \/>\nLa falta legitimaci\u00f3n y la acci\u00f3n de la nulidad de derecho p\u00fablico deducida por un diputado<br \/>\n1. La nulidad de derecho p\u00fablico \u00a0\u00a0 \u00a0\u00a0\u00a0 \u00a079<br \/>\n2. La legitimaci\u00f3n y las situaciones legitimantes \u00a0\u00a0 \u00a0\u00a0\u00a0 \u00a081<\/p>\n<p>Cap\u00edtulo VIII<br \/>\nAlgunos problemas de la incorporaci\u00f3n de los documentos electr\u00f3nicos<br \/>\n1. El proceso como realidad f\u00edsica o digital\u00a0\u00a0 \u00a0\u00a0\u00a0 \u00a085<br \/>\n2. El documento electr\u00f3nico y el no electr\u00f3nico\u00a0\u00a0 \u00a0\u00a0\u00a0 \u00a088<br \/>\n3. El documento electr\u00f3nico y el documento digitalizado\u00a0\u00a0 \u00a0\u00a0\u00a0 \u00a093<br \/>\n4. La aportaci\u00f3n al juicio del documento electr\u00f3nico\u00a0\u00a0 \u00a0\u00a0\u00a0 \u00a095<\/p>\n<p>Cap\u00edtulo IX.<br \/>\nEl derecho al recurso de casaci\u00f3n del tercero al que se le deniega su intervenci\u00f3n en un juicio pendiente<br \/>\n1. La legitimaci\u00f3n para recurrir en casaci\u00f3n\u00a0\u00a0 \u00a0\u00a0\u00a0 \u00a099<br \/>\n2. Las resoluciones que \u201cponen t\u00e9rmino al juicio o hacen imposible su continuaci\u00f3n\u201d\u00a0\u00a0 \u00a0\u00a0\u00a0 \u00a0100<\/p>\n<p>Cap\u00edtulo X<br \/>\nLa improcedencia de la absoluci\u00f3n del \u00e1rbitro en el incidente de recusaci\u00f3n<br \/>\n1. El objetivo del incidente de recusaci\u00f3n\u00a0\u00a0 \u00a0\u00a0\u00a0 \u00a0103<br \/>\n2. La inadmisibilidad de la absoluci\u00f3n de posiciones \u00a0\u00a0 \u00a0\u00a0\u00a0 \u00a0104<\/p>\n<p>Cap\u00edtulo XI<br \/>\nLa determinaci\u00f3n de la competencia en el caso de personas jur\u00eddicas con pluralidad de domicilios<br \/>\n1. Una distinci\u00f3n necesaria para determinar la competencia\u00a0\u00a0 \u00a0\u00a0\u00a0 \u00a0105<br \/>\n2. La relevancia del domicilio de la oficina que representa a la sociedad\u00a0\u00a0 \u00a0\u00a0\u00a0 \u00a0106<\/p>\n<p>Cap\u00edtulo XII<br \/>\nAlgunos problemas para determinar el juez natural en materia de contrataci\u00f3n p\u00fablica<br \/>\n1. El origen del problema\u00a0\u00a0 \u00a0\u00a0\u00a0 \u00a0113<br \/>\n2. Algunos l\u00edmites en la competencia del TCP\u00a0\u00a0 \u00a0\u00a0\u00a0 \u00a0117<br \/>\n3. La declaraci\u00f3n de incompetencia y el abuso del derecho \u00a0\u00a0 \u00a0\u00a0\u00a0 \u00a0118<br \/>\n4. La aplicaci\u00f3n de la regla electa una via per partem ad aliam potest venire \u00a0\u00a0 \u00a0\u00a0\u00a0 \u00a0123<\/p>\n<p>Cap\u00edtulo XIII<br \/>\nConciliaci\u00f3n laboral y efecto de cosa juzgada<br \/>\n1. Efecto de cosa juzgada y la conciliaci\u00f3n \u00a0\u00a0 \u00a0\u00a0\u00a0 \u00a0126<br \/>\n2. La determinaci\u00f3n del objeto pedido en ambos juicios\u00a0\u00a0 \u00a0\u00a0\u00a0 \u00a0127<br \/>\n3. La eficacia positiva o prejudicial \u00a0\u00a0 \u00a0\u00a0\u00a0 \u00a0130<br \/>\n4. El deber de coherencia y el respeto a los actos propios \u00a0\u00a0 \u00a0\u00a0\u00a0 \u00a0131<\/p>\n<p>Cap\u00edtulo XIV<br \/>\nLa legitimaci\u00f3n para el ejercicio de la acci\u00f3n derivativa en una sociedad an\u00f3nima disuelta<br \/>\n1. La disoluci\u00f3n de la sociedad y su incidencia en el ejercicio de la acci\u00f3n derivativa\u00a0\u00a0 \u00a0\u00a0\u00a0 \u00a0135<br \/>\n2. La legitimaci\u00f3n del liquidador \u00a0\u00a0 \u00a0\u00a0\u00a0 \u00a0136<\/p>\n<p>Cap\u00edtulo XV<br \/>\nProblemas jur\u00eddicos del acto del retiro de la demanda<br \/>\n1. La naturaleza procesal del acto de retiro de la demanda\u00a0\u00a0 \u00a0\u00a0\u00a0 \u00a0143<br \/>\n2. La inadmisibilidad de la notificaci\u00f3n posterior \u00a0\u00a0 \u00a0\u00a0\u00a0 \u00a0145<\/p>\n<p>Cap\u00edtulo XVI<br \/>\nLa calidad de parte y una sociedad constituida para la litigaci\u00f3n<br \/>\n1. La improcedencia de poder adquirir la calidad de demandante\u00a0\u00a0 \u00a0\u00a0\u00a0 \u00a0149<br \/>\n2. La improcedencia de poder adquirir la calidad de tercero \u00a0\u00a0 \u00a0\u00a0\u00a0 \u00a0150<\/p>\n<p>Cap\u00edtulo XVII<br \/>\nLa copropiedad inmobiliaria y la constituci\u00f3n de servidumbres en bienes comunes<br \/>\n1. La copropiedad inmobiliaria de la Ley N\u00ba 19.537 \u00a0\u00a0 \u00a0\u00a0\u00a0 \u00a0153<br \/>\n2. La recepci\u00f3n en la jurisprudencia \u00a0\u00a0 \u00a0\u00a0\u00a0 \u00a0155<br \/>\n3. La opci\u00f3n para emplazar a la comunidad\u00a0\u00a0 \u00a0\u00a0\u00a0 \u00a0157<\/p>\n<p>Cap\u00edtulo XVIII<br \/>\nAvenimiento y cumplimiento incidental de sentencias<br \/>\n1. Los presupuestos de la ejecuci\u00f3n\u00a0\u00a0 \u00a0\u00a0\u00a0 \u00a0161<br \/>\n2. La naturaleza del acta de avenimiento\u00a0\u00a0 \u00a0\u00a0\u00a0 \u00a0162<br \/>\n3. Referencia jurisprudencial\u00a0\u00a0 \u00a0\u00a0\u00a0 \u00a0162<\/p>\n<p>Cap\u00edtulo XIX<br \/>\nNotas sobre el valor probatorio de una sentencia judicial firme invocada por un tercero en un juicio civil<br \/>\n1. Valor de una sentencia firme y ejecutoriada \u00a0\u00a0 \u00a0\u00a0\u00a0 \u00a0168<br \/>\n2. La sentencia judicial como un hecho jur\u00eddico\u00a0\u00a0 \u00a0\u00a0\u00a0 \u00a0170<br \/>\n3. Referencias jurisprudenciales relevantes \u00a0\u00a0 \u00a0\u00a0\u00a0 \u00a0171<br \/>\n4. La litis pendencia por conexi\u00f3n \u00a0\u00a0 \u00a0\u00a0\u00a0 \u00a0173<\/p>\n<p>Cap\u00edtulo XX<br \/>\nLa legitimaci\u00f3n pasiva en la acci\u00f3n de disoluci\u00f3n de una Sociedad An\u00f3nima cerrada<br \/>\n1. La legitimaci\u00f3n como componente de la acci\u00f3n\u00a0\u00a0 \u00a0\u00a0\u00a0 \u00a0177<br \/>\n2. La naturaleza constitutiva de la disoluci\u00f3n\u00a0\u00a0 \u00a0\u00a0\u00a0 \u00a0178<br \/>\n3. La legitimaci\u00f3n pasiva\u00a0\u00a0 \u00a0\u00a0\u00a0 \u00a0182<\/p>\n<p>Cap\u00edtulo XXI<br \/>\nLa improcedencia de las medidas prejudiciales precautorias en el proceso concursal<br \/>\n1. Presupuestos para decretar el concurso \u00a0\u00a0 \u00a0\u00a0\u00a0 \u00a0185<br \/>\n2. Proceso concursal y protecci\u00f3n cautelar\u00a0\u00a0 \u00a0\u00a0\u00a0 \u00a0187<\/p>\n<p>Cap\u00edtulo XXII<br \/>\nLa cosa juzgada y su control mediante el recurso de casaci\u00f3n<br \/>\n1. El car\u00e1cter formal y de derecho estricto del recurso de casaci\u00f3n\u00a0\u00a0 \u00a0\u00a0\u00a0 \u00a0191<br \/>\n2. La actual contradicci\u00f3n jurisprudencial \u00a0\u00a0 \u00a0\u00a0\u00a0 \u00a0192<br \/>\n3. La cosa juzgada como \u00f3bice procesal\u00a0\u00a0 \u00a0\u00a0\u00a0 \u00a0195<\/p>\n<p>Cap\u00edtulo XXIII<br \/>\nLa indivisibilidad de la acci\u00f3n de condena con reserva<br \/>\n1. La acci\u00f3n de condena con reserva y sus fines\u00a0\u00a0 \u00a0\u00a0\u00a0 \u00a0199<br \/>\n2. La acci\u00f3n de condena con reserva y las modalidades en los actos procesales\u00a0\u00a0 \u00a0\u00a0\u00a0 \u00a0201<br \/>\n3. El ideal de \u201cla sentencia completa\u201d y la petici\u00f3n de condena con reserva\u00a0\u00a0 \u00a0\u00a0\u00a0 \u00a0203<br \/>\n4. La incompatibilidad en los procesos de ejecuci\u00f3n\u00a0\u00a0 \u00a0\u00a0\u00a0 \u00a0204<br \/>\n5. El cumplimiento incidental de una sentencia que es t\u00edtulo ejecutivo imperfecto\u00a0\u00a0 \u00a0\u00a0\u00a0 \u00a0206<br \/>\n6. La historia de la ley y el art. 235 N\u00ba 6 del CPC \u00a0\u00a0 \u00a0\u00a0\u00a0 \u00a0208<br \/>\n7. La inadmisibilidad procesal como ineficacia \u00a0\u00a0 \u00a0\u00a0\u00a0 \u00a0210<\/p>\n<p>Cap\u00edtulo XXIV<br \/>\nLa renovaci\u00f3n del concepto de acci\u00f3n en la jurisprudencia reciente<br \/>\n1. El cambio de paradigma\u00a0\u00a0 \u00a0\u00a0\u00a0 \u00a0213<br \/>\n2. La acci\u00f3n de condena, declarativa y constitutiva\u00a0\u00a0 \u00a0\u00a0\u00a0 \u00a0216<br \/>\n3. La legitimaci\u00f3n conjunta como categor\u00eda jurisprudencial\u00a0\u00a0 \u00a0\u00a0\u00a0 \u00a0219<\/p>\n","protected":false},"excerpt":{"rendered":"<p>En este libro se contiene un an\u00e1lisis de veinticuatro cuestiones pr\u00e1cticas suscitadas en el proceso civil chileno. Se trata de conflictos surgidos en relaci\u00f3n a instituciones generales y tambi\u00e9n a los procedimientos especiales m\u00e1s relevantes, como el de libre competencia,la protecci\u00f3n del medio ambiente, arbitrales, contrataci\u00f3n p\u00fablica y derecho comercial. La reconocida experiencia acad\u00e9mica del autor, unida a su pr\u00e1ctica profesional como abogado y \u00e1rbitro, asegura que este material sea de gran utilidad para jueces y abogados. La referencia a la jurisprudencia permite saber cu\u00e1les son los criterios de decisi\u00f3n de los tribunales superiores de justicia en cada uno de los temas examinados en esta investigaci\u00f3n. \u00cdndice Presentaci\u00f3n\u00a0\u00a0 \u00a0\u00a0\u00a0 \u00a013 Cap\u00edtulo I El concurso de acciones en materia de competencia desleal y de la libre competencia 1. Explicaci\u00f3n preliminar del concurso de acciones\u00a0\u00a0 \u00a0\u00a0\u00a0 \u00a015 2. El concurso en materia de libre competencia y competencia desleal\u00a0\u00a0 \u00a0\u00a0\u00a0 \u00a017 3. La prejudicialidad y sus funciones en el proceso \u00a0\u00a0 \u00a0\u00a0\u00a0 \u00a018 4. La prejudicialidad en la acci\u00f3n y la competencia desleal \u00a0\u00a0 \u00a0\u00a0\u00a0 \u00a020 5. La justificaci\u00f3n t\u00e9cnica de la soluci\u00f3n \u00a0\u00a0 \u00a0\u00a0\u00a0 \u00a023 6. La declaraci\u00f3n de incompetencia como soluci\u00f3n\u00a0\u00a0 \u00a0\u00a0\u00a0 \u00a028 Cap\u00edtulo II Derecho de defensa y el deber de fundamentar el requerimiento en materia de libre competencia 1. La colusi\u00f3n como il\u00edcito y el litisconsorcio voluntario \u00a0\u00a0 \u00a0\u00a0\u00a0 \u00a031 2. El deber de fundar f\u00e1cticamente el requerimiento por la FNE \u00a0\u00a0 \u00a0\u00a0\u00a0 \u00a034 3. Los l\u00edmites al privilegio procesal de la FNE para recabar antecedentes de hecho\u00a0\u00a0 \u00a0\u00a0\u00a0 \u00a036 4. Los l\u00edmites de la prueba entre colitigantes con intereses contradictorios\u00a0\u00a0 \u00a0\u00a0\u00a0 \u00a038 5. La designaci\u00f3n del procurador com\u00fan \u00a0\u00a0 \u00a0\u00a0\u00a0 \u00a040 Cap\u00edtulo III Los est\u00e1ndares de prueba y la valoraci\u00f3n hol\u00edstica como trasplantes jur\u00eddicos 1. \u201cLos trasplantes jur\u00eddicos\u201d y el acto de prueba\u00a0\u00a0 \u00a0\u00a0\u00a0 \u00a043 2. Los est\u00e1ndares de prueba\u00a0\u00a0 \u00a0\u00a0\u00a0 \u00a045 3. La ponderaci\u00f3n hol\u00edstica de la prueba\u00a0\u00a0 \u00a0\u00a0\u00a0 \u00a050 4. El juez y el ret\u00f3rico \u00a0\u00a0 \u00a0\u00a0\u00a0 \u00a051 Cap\u00edtulo IV La competencia de la Corte Suprema y la delaci\u00f3n compensada en materia de libre competencia 1. La naturaleza contenciosa del debate sobre la delaci\u00f3n compensada \u00a0\u00a0\u00a0 \u00a0\u00a0\u00a0 \u00a053 2. Naturaleza del recurso de reclamaci\u00f3n \u00a0\u00a0 \u00a0\u00a0\u00a0 \u00a057 3. El recurso de reclamaci\u00f3n no admite el reenv\u00edo\u00a0\u00a0 \u00a0\u00a0\u00a0 \u00a058 Cap\u00edtulo V El objeto del proceso medio ambiental y el control de la prueba 1. La tutela jurisdiccional y administrativa del medio ambiente\u00a0\u00a0 \u00a0\u00a0\u00a0 \u00a061 2. La conciliaci\u00f3n de tutela jurisdiccional con la actuaci\u00f3n de la administraci\u00f3n \u00a0\u00a0 \u00a0\u00a0\u00a0 \u00a065 3. El objeto del proceso en materia medio ambiental \u00a0\u00a0 \u00a0\u00a0\u00a0 \u00a067 4. La fundamentaci\u00f3n de la sentencia y el deber de ponderar la prueba conforme a las reglas de la sana critica \u00a0\u00a0 \u00a0\u00a0\u00a0 \u00a070 5. La exoneraci\u00f3n a la t\u00e9cnica utilizada para denunciar las leyes reguladoras de la prueba \u00a0\u00a0 \u00a0\u00a0\u00a0 \u00a071 Cap\u00edtulo VI El arbitraje en el contrato de seguro y el liquidador de seguros 1. El arbitraje y el contrato de seguros\u00a0\u00a0 \u00a0\u00a0\u00a0 \u00a075 2. La competencia del \u00e1rbitro\u00a0\u00a0 \u00a0\u00a0\u00a0 \u00a077 Cap\u00edtulo VII La falta legitimaci\u00f3n y la acci\u00f3n de la nulidad de derecho p\u00fablico deducida por un diputado 1. La nulidad de derecho p\u00fablico \u00a0\u00a0 \u00a0\u00a0\u00a0 \u00a079 2. La legitimaci\u00f3n y las situaciones legitimantes \u00a0\u00a0 \u00a0\u00a0\u00a0 \u00a081 Cap\u00edtulo VIII Algunos problemas de la incorporaci\u00f3n de los documentos electr\u00f3nicos 1. El proceso como realidad f\u00edsica o digital\u00a0\u00a0 \u00a0\u00a0\u00a0 \u00a085 2. El documento electr\u00f3nico y el no electr\u00f3nico\u00a0\u00a0 \u00a0\u00a0\u00a0 \u00a088 3. El documento electr\u00f3nico y el documento digitalizado\u00a0\u00a0 \u00a0\u00a0\u00a0 \u00a093 4. La aportaci\u00f3n al juicio del documento electr\u00f3nico\u00a0\u00a0 \u00a0\u00a0\u00a0 \u00a095 Cap\u00edtulo IX. El derecho al recurso de casaci\u00f3n del tercero al que se le deniega su intervenci\u00f3n en un juicio pendiente 1. La legitimaci\u00f3n para recurrir en casaci\u00f3n\u00a0\u00a0 \u00a0\u00a0\u00a0 \u00a099 2. Las resoluciones que \u201cponen t\u00e9rmino al juicio o hacen imposible su continuaci\u00f3n\u201d\u00a0\u00a0 \u00a0\u00a0\u00a0 \u00a0100 Cap\u00edtulo X La improcedencia de la absoluci\u00f3n del \u00e1rbitro en el incidente de recusaci\u00f3n 1. El objetivo del incidente de recusaci\u00f3n\u00a0\u00a0 \u00a0\u00a0\u00a0 \u00a0103 2. La inadmisibilidad de la absoluci\u00f3n de posiciones \u00a0\u00a0 \u00a0\u00a0\u00a0 \u00a0104 Cap\u00edtulo XI La determinaci\u00f3n de la competencia en el caso de personas jur\u00eddicas con pluralidad de domicilios 1. Una distinci\u00f3n necesaria para determinar la competencia\u00a0\u00a0 \u00a0\u00a0\u00a0 \u00a0105 2. La relevancia del domicilio de la oficina que representa a la sociedad\u00a0\u00a0 \u00a0\u00a0\u00a0 \u00a0106 Cap\u00edtulo XII Algunos problemas para determinar el juez natural en materia de contrataci\u00f3n p\u00fablica 1. El origen del problema\u00a0\u00a0 \u00a0\u00a0\u00a0 \u00a0113 2. Algunos l\u00edmites en la competencia del TCP\u00a0\u00a0 \u00a0\u00a0\u00a0 \u00a0117 3. La declaraci\u00f3n de incompetencia y el abuso del derecho \u00a0\u00a0 \u00a0\u00a0\u00a0 \u00a0118 4. La aplicaci\u00f3n de la regla electa una via per partem ad aliam potest venire \u00a0\u00a0 \u00a0\u00a0\u00a0 \u00a0123 Cap\u00edtulo XIII Conciliaci\u00f3n laboral y efecto de cosa juzgada 1. Efecto de cosa juzgada y la conciliaci\u00f3n \u00a0\u00a0 \u00a0\u00a0\u00a0 \u00a0126 2. La determinaci\u00f3n del objeto pedido en ambos juicios\u00a0\u00a0 \u00a0\u00a0\u00a0 \u00a0127 3. La eficacia positiva o prejudicial \u00a0\u00a0 \u00a0\u00a0\u00a0 \u00a0130 4. El deber de coherencia y el respeto a los actos propios \u00a0\u00a0 \u00a0\u00a0\u00a0 \u00a0131 Cap\u00edtulo XIV La legitimaci\u00f3n para el ejercicio de la acci\u00f3n derivativa en una sociedad an\u00f3nima disuelta 1. La disoluci\u00f3n de la sociedad y su incidencia en el ejercicio de la acci\u00f3n derivativa\u00a0\u00a0 \u00a0\u00a0\u00a0 \u00a0135 2. La legitimaci\u00f3n del liquidador \u00a0\u00a0 \u00a0\u00a0\u00a0 \u00a0136 Cap\u00edtulo XV Problemas jur\u00eddicos del acto del retiro de la demanda 1. La naturaleza procesal del acto de retiro de la demanda\u00a0\u00a0 \u00a0\u00a0\u00a0 \u00a0143 2. La inadmisibilidad de la notificaci\u00f3n posterior \u00a0\u00a0 \u00a0\u00a0\u00a0 \u00a0145 Cap\u00edtulo XVI La calidad de parte y una sociedad constituida para la litigaci\u00f3n 1. La improcedencia de poder adquirir la calidad de demandante\u00a0\u00a0 \u00a0\u00a0\u00a0 \u00a0149 2. La improcedencia de poder adquirir la calidad de tercero \u00a0\u00a0 \u00a0\u00a0\u00a0 \u00a0150 Cap\u00edtulo XVII La copropiedad inmobiliaria y la constituci\u00f3n de servidumbres en bienes comunes 1. La copropiedad inmobiliaria de la Ley N\u00ba 19.537 \u00a0\u00a0 \u00a0\u00a0\u00a0 \u00a0153 2. La recepci\u00f3n en la jurisprudencia \u00a0\u00a0 \u00a0\u00a0\u00a0 \u00a0155 3. La opci\u00f3n para emplazar a la comunidad\u00a0\u00a0 \u00a0\u00a0\u00a0 \u00a0157 Cap\u00edtulo XVIII Avenimiento y cumplimiento incidental de sentencias 1. Los presupuestos de la ejecuci\u00f3n\u00a0\u00a0 \u00a0\u00a0\u00a0 \u00a0161 2. La<\/p>\n","protected":false},"featured_media":3784,"comment_status":"open","ping_status":"closed","template":"","meta":{"inline_featured_image":false,"_joinchat":[]},"product_brand":[],"product_cat":[39],"product_tag":[],"class_list":{"0":"post-3754","1":"product","2":"type-product","3":"status-publish","4":"has-post-thumbnail","6":"product_cat-procesal-civil","7":"product_shipping_class-a-convenir","9":"first","10":"instock","11":"shipping-taxable","12":"purchasable","13":"product-type-simple"},"_links":{"self":[{"href":"https:\/\/bibliotecajuridicavirtual.cl\/index.php\/wp-json\/wp\/v2\/product\/3754","targetHints":{"allow":["GET"]}}],"collection":[{"href":"https:\/\/bibliotecajuridicavirtual.cl\/index.php\/wp-json\/wp\/v2\/product"}],"about":[{"href":"https:\/\/bibliotecajuridicavirtual.cl\/index.php\/wp-json\/wp\/v2\/types\/product"}],"replies":[{"embeddable":true,"href":"https:\/\/bibliotecajuridicavirtual.cl\/index.php\/wp-json\/wp\/v2\/comments?post=3754"}],"wp:featuredmedia":[{"embeddable":true,"href":"https:\/\/bibliotecajuridicavirtual.cl\/index.php\/wp-json\/wp\/v2\/media\/3784"}],"wp:attachment":[{"href":"https:\/\/bibliotecajuridicavirtual.cl\/index.php\/wp-json\/wp\/v2\/media?parent=3754"}],"wp:term":[{"taxonomy":"product_brand","embeddable":true,"href":"https:\/\/bibliotecajuridicavirtual.cl\/index.php\/wp-json\/wp\/v2\/product_brand?post=3754"},{"taxonomy":"product_cat","embeddable":true,"href":"https:\/\/bibliotecajuridicavirtual.cl\/index.php\/wp-json\/wp\/v2\/product_cat?post=3754"},{"taxonomy":"product_tag","embeddable":true,"href":"https:\/\/bibliotecajuridicavirtual.cl\/index.php\/wp-json\/wp\/v2\/product_tag?post=3754"}],"curies":[{"name":"wp","href":"https:\/\/api.w.org\/{rel}","templated":true}]}}