{"id":3755,"date":"2026-02-28T01:20:05","date_gmt":"2026-02-28T04:20:05","guid":{"rendered":"https:\/\/bibliotecajuridicavirtual.cl\/?post_type=product&#038;p=3755"},"modified":"2026-02-28T01:20:23","modified_gmt":"2026-02-28T04:20:23","slug":"las-costas-ano-2021-164-pag-autor-jonatan-valenzuela","status":"publish","type":"product","link":"https:\/\/bibliotecajuridicavirtual.cl\/index.php\/product\/las-costas-ano-2021-164-pag-autor-jonatan-valenzuela\/","title":{"rendered":"Las Costas. A\u00f1o 2021 \/ 164 P\u00e1g. Autor Jonatan Valenzuela"},"content":{"rendered":"<p>&#8220;El mundo de los juicios rebasa al derecho. Chile es un pa\u00eds que ha estallado muchas veces. Una de ellas ocurri\u00f3 en 1998 con la detenci\u00f3n en Londres del dictador Augusto Pinochet. Otra ocurri\u00f3 el 18 de octubre de 2019 con el &#8220;etallido social&#8221;. &#8220;Las Costas&#8221; presenta la historia de un estudiante universitario, Camilo Aracena, que vive las crisis con escepticismo radical e iron\u00eda (las del pa\u00eds y las propias que en alg\u00fan sentido son las mismas). Es una novela corta y acad\u00e9mica (en alg\u00fan sentido), que busca retratar a un personaje secundario en un pa\u00eds lejos de todo. Pensada para ser le\u00edda por cualquier interesada o interesado en las distintas dimensiones de Chile, los a\u00f1os noventa y los juicios&#8221;<\/p>\n<p>&nbsp;<\/p>\n","protected":false},"excerpt":{"rendered":"<p>&#8220;El mundo de los juicios rebasa al derecho. Chile es un pa\u00eds que ha estallado muchas veces. Una de ellas ocurri\u00f3 en 1998 con la detenci\u00f3n en Londres del dictador Augusto Pinochet. Otra ocurri\u00f3 el 18 de octubre de 2019 con el &#8220;etallido social&#8221;. &#8220;Las Costas&#8221; presenta la historia de un estudiante universitario, Camilo Aracena, que vive las crisis con escepticismo radical e iron\u00eda (las del pa\u00eds y las propias que en alg\u00fan sentido son las mismas). Es una novela corta y acad\u00e9mica (en alg\u00fan sentido), que busca retratar a un personaje secundario en un pa\u00eds lejos de todo. Pensada para ser le\u00edda por cualquier interesada o interesado en las distintas dimensiones de Chile, los a\u00f1os noventa y los juicios&#8221; &nbsp;<\/p>\n","protected":false},"featured_media":3785,"comment_status":"open","ping_status":"closed","template":"","meta":{"inline_featured_image":false,"_joinchat":[]},"product_brand":[],"product_cat":[47],"product_tag":[],"class_list":{"0":"post-3755","1":"product","2":"type-product","3":"status-publish","4":"has-post-thumbnail","6":"product_cat-sin-categorizar","7":"product_shipping_class-a-convenir","9":"first","10":"instock","11":"shipping-taxable","12":"purchasable","13":"product-type-simple"},"_links":{"self":[{"href":"https:\/\/bibliotecajuridicavirtual.cl\/index.php\/wp-json\/wp\/v2\/product\/3755","targetHints":{"allow":["GET"]}}],"collection":[{"href":"https:\/\/bibliotecajuridicavirtual.cl\/index.php\/wp-json\/wp\/v2\/product"}],"about":[{"href":"https:\/\/bibliotecajuridicavirtual.cl\/index.php\/wp-json\/wp\/v2\/types\/product"}],"replies":[{"embeddable":true,"href":"https:\/\/bibliotecajuridicavirtual.cl\/index.php\/wp-json\/wp\/v2\/comments?post=3755"}],"wp:featuredmedia":[{"embeddable":true,"href":"https:\/\/bibliotecajuridicavirtual.cl\/index.php\/wp-json\/wp\/v2\/media\/3785"}],"wp:attachment":[{"href":"https:\/\/bibliotecajuridicavirtual.cl\/index.php\/wp-json\/wp\/v2\/media?parent=3755"}],"wp:term":[{"taxonomy":"product_brand","embeddable":true,"href":"https:\/\/bibliotecajuridicavirtual.cl\/index.php\/wp-json\/wp\/v2\/product_brand?post=3755"},{"taxonomy":"product_cat","embeddable":true,"href":"https:\/\/bibliotecajuridicavirtual.cl\/index.php\/wp-json\/wp\/v2\/product_cat?post=3755"},{"taxonomy":"product_tag","embeddable":true,"href":"https:\/\/bibliotecajuridicavirtual.cl\/index.php\/wp-json\/wp\/v2\/product_tag?post=3755"}],"curies":[{"name":"wp","href":"https:\/\/api.w.org\/{rel}","templated":true}]}}