{"id":3757,"date":"2026-02-28T01:20:06","date_gmt":"2026-02-28T04:20:06","guid":{"rendered":"https:\/\/bibliotecajuridicavirtual.cl\/?post_type=product&#038;p=3757"},"modified":"2026-02-28T01:20:25","modified_gmt":"2026-02-28T04:20:25","slug":"las-sanciones-administrativas-el-problema-de-la-proporcionalidad-ano-2017-162-pag-autor-nicolas-enteiche-rosales","status":"publish","type":"product","link":"https:\/\/bibliotecajuridicavirtual.cl\/index.php\/product\/las-sanciones-administrativas-el-problema-de-la-proporcionalidad-ano-2017-162-pag-autor-nicolas-enteiche-rosales\/","title":{"rendered":"Las Sanciones Administrativas: el Problema de la Proporcionalidad. A\u00f1o 2017 \/ 162 P\u00e1g. Autor Nicol\u00e1s Enteiche  Rosales"},"content":{"rendered":"<p>Libro en papel s\u00f3lo disponible en IBD (impresi\u00f3n bajo demanda). El libro bajo demanda se imprime de forma autom\u00e1tica y de manera exclusiva para cada cliente. No admite devoluci\u00f3n.<\/p>\n<p>En esta obra se analiza el principio de proporcionalidad, como parte del Derecho Administrativo Sancionador chileno, espec\u00edficamente en cuanto a la sanci\u00f3n de multa. En raz\u00f3n de un criterio esencialmente pr\u00e1ctico, se presenta un modelo \u00fatil para dilucidar el modo en que debe ser aplicado el principio de proporcionalidad en \u00e1reas reguladas, por la Administraci\u00f3n del Estado, el Legislador y los tribunales de justicia. El esquema que se plantea comprende a la proporcionalidad legislativa y a la proporcionalidad en concreto. En cuanto a la proporcionalidad legislativa, la propuesta consiste en lo siguiente: Las leyes deben respetar la proporcionalidad legislativa en la ley sancionadora administrativa, lo que comprende el imperativo de describir las infracciones y su sanci\u00f3n en una ley especial; y la necesidad de castigar, con m\u00e1s rigor, aquellas conductas que transgredan de mayor forma al bien perseguido por la norma. Las leyes adem\u00e1s deben contemplar la proporcionalidad legislativa para la aplicaci\u00f3n de la ley sancionadora administrativa, consistente en la fijaci\u00f3n de m\u00e1rgenes preestablecidos, dentro de los cuales se especifique el valor de la multa; y la existencia de par\u00e1metros objetivos para la consideraci\u00f3n de la cuant\u00eda del castigo. En vista de lo anterior, los \u00f3rganos administrativos sancionadores y los jueces podr\u00e1n determinar la espec\u00edfica multa que le corresponder\u00e1 a un determinado infractor, cuando apliquen la proporcionalidad en concreto. Por \u00faltimo, se contrasta el modelo expuesto, con las normas sancionadoras de las superintendencias -en especial de cara a la Ley N\u00b0 18.410 que ?crea la Superintendencia de Electricidad y Combustibles?- y con los actos sancionadores emitidos por esta Superintendencia.<\/p>\n<p>&nbsp;<\/p>\n","protected":false},"excerpt":{"rendered":"<p>Libro en papel s\u00f3lo disponible en IBD (impresi\u00f3n bajo demanda). El libro bajo demanda se imprime de forma autom\u00e1tica y de manera exclusiva para cada cliente. No admite devoluci\u00f3n. En esta obra se analiza el principio de proporcionalidad, como parte del Derecho Administrativo Sancionador chileno, espec\u00edficamente en cuanto a la sanci\u00f3n de multa. En raz\u00f3n de un criterio esencialmente pr\u00e1ctico, se presenta un modelo \u00fatil para dilucidar el modo en que debe ser aplicado el principio de proporcionalidad en \u00e1reas reguladas, por la Administraci\u00f3n del Estado, el Legislador y los tribunales de justicia. El esquema que se plantea comprende a la proporcionalidad legislativa y a la proporcionalidad en concreto. En cuanto a la proporcionalidad legislativa, la propuesta consiste en lo siguiente: Las leyes deben respetar la proporcionalidad legislativa en la ley sancionadora administrativa, lo que comprende el imperativo de describir las infracciones y su sanci\u00f3n en una ley especial; y la necesidad de castigar, con m\u00e1s rigor, aquellas conductas que transgredan de mayor forma al bien perseguido por la norma. Las leyes adem\u00e1s deben contemplar la proporcionalidad legislativa para la aplicaci\u00f3n de la ley sancionadora administrativa, consistente en la fijaci\u00f3n de m\u00e1rgenes preestablecidos, dentro de los cuales se especifique el valor de la multa; y la existencia de par\u00e1metros objetivos para la consideraci\u00f3n de la cuant\u00eda del castigo. En vista de lo anterior, los \u00f3rganos administrativos sancionadores y los jueces podr\u00e1n determinar la espec\u00edfica multa que le corresponder\u00e1 a un determinado infractor, cuando apliquen la proporcionalidad en concreto. Por \u00faltimo, se contrasta el modelo expuesto, con las normas sancionadoras de las superintendencias -en especial de cara a la Ley N\u00b0 18.410 que ?crea la Superintendencia de Electricidad y Combustibles?- y con los actos sancionadores emitidos por esta Superintendencia. &nbsp;<\/p>\n","protected":false},"featured_media":3787,"comment_status":"open","ping_status":"closed","template":"","meta":{"inline_featured_image":false,"_joinchat":[]},"product_brand":[],"product_cat":[45],"product_tag":[],"class_list":{"0":"post-3757","1":"product","2":"type-product","3":"status-publish","4":"has-post-thumbnail","6":"product_cat-administrativo","7":"product_shipping_class-a-convenir","9":"first","10":"instock","11":"shipping-taxable","12":"purchasable","13":"product-type-simple"},"_links":{"self":[{"href":"https:\/\/bibliotecajuridicavirtual.cl\/index.php\/wp-json\/wp\/v2\/product\/3757","targetHints":{"allow":["GET"]}}],"collection":[{"href":"https:\/\/bibliotecajuridicavirtual.cl\/index.php\/wp-json\/wp\/v2\/product"}],"about":[{"href":"https:\/\/bibliotecajuridicavirtual.cl\/index.php\/wp-json\/wp\/v2\/types\/product"}],"replies":[{"embeddable":true,"href":"https:\/\/bibliotecajuridicavirtual.cl\/index.php\/wp-json\/wp\/v2\/comments?post=3757"}],"wp:featuredmedia":[{"embeddable":true,"href":"https:\/\/bibliotecajuridicavirtual.cl\/index.php\/wp-json\/wp\/v2\/media\/3787"}],"wp:attachment":[{"href":"https:\/\/bibliotecajuridicavirtual.cl\/index.php\/wp-json\/wp\/v2\/media?parent=3757"}],"wp:term":[{"taxonomy":"product_brand","embeddable":true,"href":"https:\/\/bibliotecajuridicavirtual.cl\/index.php\/wp-json\/wp\/v2\/product_brand?post=3757"},{"taxonomy":"product_cat","embeddable":true,"href":"https:\/\/bibliotecajuridicavirtual.cl\/index.php\/wp-json\/wp\/v2\/product_cat?post=3757"},{"taxonomy":"product_tag","embeddable":true,"href":"https:\/\/bibliotecajuridicavirtual.cl\/index.php\/wp-json\/wp\/v2\/product_tag?post=3757"}],"curies":[{"name":"wp","href":"https:\/\/api.w.org\/{rel}","templated":true}]}}