{"id":3798,"date":"2026-02-28T01:20:30","date_gmt":"2026-02-28T04:20:30","guid":{"rendered":"https:\/\/bibliotecajuridicavirtual.cl\/?post_type=product&#038;p=3798"},"modified":"2026-02-28T01:20:41","modified_gmt":"2026-02-28T04:20:41","slug":"excepcion-de-contrato-no-cumplido-sebastian-bozzo-hauri-ano-2021-352-pag","status":"publish","type":"product","link":"https:\/\/bibliotecajuridicavirtual.cl\/index.php\/product\/excepcion-de-contrato-no-cumplido-sebastian-bozzo-hauri-ano-2021-352-pag\/","title":{"rendered":"Excepci\u00f3n de contrato no cumplido * Sebasti\u00e1n Bozzo Hauri &#8211; A\u00f1o 2021 * 352 P\u00e1g."},"content":{"rendered":"<p>La Excepci\u00f3n de contrato no cumplido es uno de los remedios contractuales que hasta la fecha a\u00fan no hab\u00edan sido abordado en Chile a trav\u00e9s de un trabajo monogr\u00e1fico. Sin embargo, el principal m\u00e9rito de la obra es tratar distintos aspectos de la figura con profundidad, realizando adem\u00e1s un an\u00e1lisis comparado, principalmente con Espa\u00f1a, y, a su vez, revisa exhaustivamente la jurisprudencia nacional para efectos de entregar un enfoque no solo te\u00f3rico sino pr\u00e1ctico con relaci\u00f3n a cuestiones tales como sus presupuestos, su \u00e1mbito de aplicaci\u00f3n y en especial la diferencia que existe con la excepci\u00f3n conocida como exceptio non rite adimpleti contractus. Asimismo, podr\u00e1 encontrar en esta obra cuestiones relacionadas a su ejercicio, tratando temas como la carga de la prueba, la oportunidad para ejercitarla y su plazo de prescripci\u00f3n, su aplicabilidad en el juicio ejecutivo y en la declaraci?n de concurso de acreedores, entre otros puntos. De esta forma, la presente monograf\u00eda se constituye en un t\u00edtulo indispensable para el estudio cabal de los remedios contractuales, resultando muy \u00fatil para el ejercicio profesional y su aplicaci\u00f3n jurisprudencial.<\/p>\n<p>Sebasti\u00e1n Bozzo Hauri: Licenciado en Ciencias Jur\u00eddicas y Sociales por la Universidad Aut\u00f3noma de Chile, Abogado, M\u00e1ster en Derecho de la Empresa y Doctor en Derecho por la Universidad de Valencia Espa\u00f1a. Decano de la Facultad de Derecho de la Universidad Aut\u00f3noma de Chile (Chile), investigador del Centro de Regulaci\u00f3n y Consumo y profesor de Derecho Civil de la misma Universidad.<\/p>\n<p>\u00cdndice<br \/>\nPR\u00d3LOGO\u00a0\u00a0 \u00a0\u00a0\u00a0 \u00a013<br \/>\nPARTE GENERAL<br \/>\nCap\u00edtulo I<br \/>\nCONCEPTOS GENERALES, ANTECEDENTES HIST\u00d3RICOS Y ELEMENTOS DE DELIMITACI\u00d3N<br \/>\n1. Planteamiento\u00a0\u00a0 \u00a0\u00a0\u00a0 \u00a017<br \/>\n2. Delimitaci\u00f3n conceptual\u00a0\u00a0 \u00a0\u00a0\u00a0 \u00a024<br \/>\n3. Antecedentes hist\u00f3ricos\u00a0\u00a0 \u00a0\u00a0\u00a0 \u00a029<br \/>\n4. La existencia de la exceptio non adimpleti contractus y su consagraci\u00f3n legal en el Derecho chileno\u00a0\u00a0 \u00a0\u00a0\u00a0 \u00a041<br \/>\n5. Distinci\u00f3n con figuras afines\u00a0\u00a0 \u00a0\u00a0\u00a0 \u00a048<br \/>\n5.1.\u00a0\u00a0 \u00a0Distinci\u00f3n con el derecho de retenci\u00f3n\u00a0\u00a0 \u00a0\u00a0\u00a0 \u00a049<br \/>\n5.2.\u00a0\u00a0 \u00a0Distinci\u00f3n con la compensaci\u00f3n\u00a0\u00a0 \u00a0\u00a0\u00a0 \u00a054<br \/>\n5.3.\u00a0\u00a0 \u00a0Distinci\u00f3n con la facultad resolutoria\u00a0\u00a0 \u00a0\u00a0\u00a0 \u00a056<br \/>\nCap\u00edtulo II<br \/>\nNATURALEZA JUR\u00cdDICA, FUNDAMENTO Y FUNCI\u00d3N DE LA EXCEPCI\u00d3N DE CONTRATO NO CUMPLIDO<br \/>\n1. Naturaleza jur\u00eddica de la excepci\u00f3n\u00a0\u00a0 \u00a0\u00a0\u00a0 \u00a063<br \/>\n2. Fundamento de la excepci\u00f3n de contrato no cumplido\u00a0\u00a0 \u00a0\u00a0\u00a0 \u00a072<br \/>\n2.1.\u00a0\u00a0 \u00a0Teor\u00eda de la causa rec\u00edproca\u00a0\u00a0 \u00a0\u00a0\u00a0 \u00a074<br \/>\n2.2.\u00a0\u00a0 \u00a0Teor\u00eda del sinalagma funcional\u00a0\u00a0 \u00a0\u00a0\u00a0 \u00a079<br \/>\n2.3.\u00a0\u00a0 \u00a0Teor\u00eda de la equidad\u00a0\u00a0 \u00a0\u00a0\u00a0 \u00a080<br \/>\n2.4.\u00a0\u00a0 \u00a0Otros fundamentos\u00a0\u00a0 \u00a0\u00a0\u00a0 \u00a082<br \/>\n3. Funci\u00f3n de la excepci\u00f3n\u00a0\u00a0 \u00a0\u00a0\u00a0 \u00a086<br \/>\nCap\u00edtulo III<br \/>\nPRESUPUESTOS PARA EL EJERCICIO DE LA EXCEPCI\u00d3N Y SU \u00c1MBITO DE APLICACI\u00d3N<br \/>\n1. Presupuestos\u00a0\u00a0 \u00a0\u00a0\u00a0 \u00a089<br \/>\n1.1.\u00a0\u00a0 \u00a0Obligaciones rec\u00edprocas o sinalagm\u00e1ticas\u00a0\u00a0 \u00a0\u00a0\u00a0 \u00a091<br \/>\n1.2.\u00a0\u00a0 \u00a0Obligaciones de cumplimiento simult\u00e1neo\u00a0\u00a0 \u00a0\u00a0\u00a0 \u00a0101<br \/>\n1.3.\u00a0\u00a0 \u00a0Incumplimiento de las obligaciones\u00a0\u00a0 \u00a0\u00a0\u00a0 \u00a0106<br \/>\n1.3.1.\u00a0\u00a0 \u00a0Obligaci\u00f3n del excipen y demandante no ejecutadas\u00a0\u00a0 \u00a0\u00a0\u00a0 \u00a0107<br \/>\na)\u00a0\u00a0 \u00a0El incumplimiento esencial\u00a0\u00a0 \u00a0\u00a0\u00a0 \u00a0110<br \/>\nb)\u00a0\u00a0 \u00a0Incumplimiento resolutorio\u00a0\u00a0 \u00a0\u00a0\u00a0 \u00a0116<br \/>\n1.3.2.\u00a0\u00a0 \u00a0La exceptio ante riesgo de incumplimiento\u00a0\u00a0 \u00a0\u00a0\u00a0 \u00a0124<br \/>\n1.4.\u00a0\u00a0 \u00a0Alegaci\u00f3n no contraria a la buena fe\u00a0\u00a0 \u00a0\u00a0\u00a0 \u00a0132<br \/>\n2. \u00c1mbito de aplicaci\u00f3n de la exceptio\u00a0\u00a0 \u00a0\u00a0\u00a0 \u00a0138<br \/>\n2.1.\u00a0\u00a0 \u00a0Contratos bilaterales\u00a0\u00a0 \u00a0\u00a0\u00a0 \u00a0139<br \/>\n2.2.\u00a0\u00a0 \u00a0Contratos bilaterales imperfectos\u00a0\u00a0 \u00a0\u00a0\u00a0 \u00a0142<br \/>\n2.3.\u00a0\u00a0 \u00a0Contratos unilaterales onerosos\u00a0\u00a0 \u00a0\u00a0\u00a0 \u00a0143<br \/>\n2.4.\u00a0\u00a0 \u00a0Obligaciones rec\u00edprocas no contractuales\u00a0\u00a0 \u00a0\u00a0\u00a0 \u00a0146<br \/>\n2.5.\u00a0\u00a0 \u00a0Contratos Plurilaterales\u00a0\u00a0 \u00a0\u00a0\u00a0 \u00a0148<br \/>\nCap\u00edtulo IV<br \/>\nEXCEPTIO NON RITE ADIMPLETI CONTRACTUS<br \/>\n1. Planteamiento\u00a0\u00a0 \u00a0\u00a0\u00a0 \u00a0149<br \/>\n2. Configuraci\u00f3n de la exceptio\u00a0\u00a0 \u00a0\u00a0\u00a0 \u00a0151<br \/>\n3. Consagraci\u00f3n legal\u00a0\u00a0 \u00a0\u00a0\u00a0 \u00a0156<br \/>\n4. \u00c1mbito de aplicaci\u00f3n\u00a0\u00a0 \u00a0\u00a0\u00a0 \u00a0157<br \/>\n4.1.\u00a0\u00a0 \u00a0Cumplimiento parcial\u00a0\u00a0 \u00a0\u00a0\u00a0 \u00a0158<br \/>\n4.2.\u00a0\u00a0 \u00a0Cumplimiento defectuoso\u00a0\u00a0 \u00a0\u00a0\u00a0 \u00a0160<br \/>\n4.3.\u00a0\u00a0 \u00a0Aplicaci\u00f3n de la exceptio en obligaciones de medios o actividad\u00a0\u00a0 \u00a0\u00a0\u00a0 \u00a0163<br \/>\n5. Presupuestos\u00a0\u00a0 \u00a0\u00a0\u00a0 \u00a0168<br \/>\n5.1.\u00a0\u00a0 \u00a0Que el incumplimiento parcial o cumplimiento defectuoso sea de cierta importancia o trascendencia en relaci\u00f3n con la finalidad perseguida\u00a0\u00a0 \u00a0\u00a0\u00a0 \u00a0168<br \/>\n5.2.\u00a0\u00a0 \u00a0El cumplimiento defectuoso debe ser imputable\u00a0\u00a0 \u00a0\u00a0\u00a0 \u00a0173<br \/>\n5.3.\u00a0\u00a0 \u00a0El cumplimiento defectuoso no debe ser de f\u00e1cil subsanaci\u00f3n\u00a0\u00a0 \u00a0\u00a0\u00a0 \u00a0177<br \/>\n5.4.\u00a0\u00a0 \u00a0El cumplimiento defectuoso debe ser de una suficiente entidad en relaci\u00f3n con la parte ejecutada regularmente\u00a0\u00a0 \u00a0\u00a0\u00a0 \u00a0177<br \/>\n6. Efectos\u00a0\u00a0 \u00a0\u00a0\u00a0 \u00a0180<br \/>\n7. Articulaci\u00f3n de la exceptio non rite adimpleti contractus y la acci\u00f3n de cumplimiento\u00a0\u00a0 \u00a0\u00a0\u00a0 \u00a0181<br \/>\n7.1.\u00a0\u00a0 \u00a0Coordinaci\u00f3n de la exceptio non rite adimpleti contractus y acci\u00f3n de cumplimiento en el contrato de compraventa\u00a0\u00a0 \u00a0\u00a0\u00a0 \u00a0183<br \/>\nCap\u00edtulo V<br \/>\nCUESTIONES RELATIVAS AL EJERCICIO DE LA EXCEPTIO<br \/>\n1. Formas de ejercitar la excepci\u00f3n\u00a0\u00a0 \u00a0\u00a0\u00a0 \u00a0193<br \/>\n1.1.\u00a0\u00a0 \u00a0Ejercicio extrajudicial\u00a0\u00a0 \u00a0\u00a0\u00a0 \u00a0193<br \/>\n1.1.1.\u00a0\u00a0 \u00a0Posibilidad de reconocer judicialmente el ejercicio extrajudicial de la exceptio\u00a0\u00a0 \u00a0\u00a0\u00a0 \u00a0195<br \/>\n1.1.2.\u00a0\u00a0 \u00a0Consecuencias del ejercicio extrajudicial\u00a0\u00a0 \u00a0\u00a0\u00a0 \u00a0195<br \/>\n1.2.\u00a0\u00a0 \u00a0Ejercicio Judicial\u00a0\u00a0 \u00a0\u00a0\u00a0 \u00a0197<br \/>\n1.2.1.\u00a0\u00a0 \u00a0Excepci\u00f3n material dilatoria\u00a0\u00a0 \u00a0\u00a0\u00a0 \u00a0199<br \/>\n1.2.2.\u00a0\u00a0 \u00a0Excepci\u00f3n perentoria\u00a0\u00a0 \u00a0\u00a0\u00a0 \u00a0200<br \/>\n1.2.3.\u00a0\u00a0 \u00a0Conclusi\u00f3n\u00a0\u00a0 \u00a0\u00a0\u00a0 \u00a0201<br \/>\n2. La carga de la prueba\u00a0\u00a0 \u00a0\u00a0\u00a0 \u00a0205<br \/>\n2.1.\u00a0\u00a0 \u00a0Exceptio non adimpleti contractus\u00a0\u00a0 \u00a0\u00a0\u00a0 \u00a0205<br \/>\n2.2.\u00a0\u00a0 \u00a0Exceptio non rite adimpleti contractus\u00a0\u00a0 \u00a0\u00a0\u00a0 \u00a0212<br \/>\n3. Sentencia que se pronuncia sobre la exceptio non adimpleti contractus\u00a0\u00a0 \u00a0\u00a0\u00a0 \u00a0214<br \/>\n3.1.\u00a0\u00a0 \u00a0Planteamiento\u00a0\u00a0 \u00a0\u00a0\u00a0 \u00a0214<br \/>\n3.2.\u00a0\u00a0 \u00a0Sentencia condicional\u00a0\u00a0 \u00a0\u00a0\u00a0 \u00a0216<br \/>\n3.3.\u00a0\u00a0 \u00a0Sentencia que rechaza la acci\u00f3n del demandante\u00a0\u00a0 \u00a0\u00a0\u00a0 \u00a0219<br \/>\n4. La exceptio como medio de defensa ante la acci\u00f3n resolutoria\u00a0\u00a0 \u00a0\u00a0\u00a0 \u00a0220<br \/>\n4.1.\u00a0\u00a0 \u00a0Planteamiento de la cuesti\u00f3n\u00a0\u00a0 \u00a0\u00a0\u00a0 \u00a0220<br \/>\n4.2.\u00a0\u00a0 \u00a0Incumplimientos rec\u00edprocos\u00a0\u00a0 \u00a0\u00a0\u00a0 \u00a0221<br \/>\n4.2.1.\u00a0\u00a0 \u00a0Incumplimiento que genera otro incumplimiento\u00a0\u00a0 \u00a0\u00a0\u00a0 \u00a0221<br \/>\n4.2.2.\u00a0\u00a0 \u00a0Incumplimiento rec\u00edproco simult\u00e1neo\u00a0\u00a0 \u00a0\u00a0\u00a0 \u00a0227<br \/>\n4.3.\u00a0\u00a0 \u00a0Articulaci\u00f3n de las acciones de cumplimiento, resoluci\u00f3n e indemnizaci\u00f3n con la excepci\u00f3n de contrato no cumplido\u00a0\u00a0 \u00a0\u00a0\u00a0 \u00a0235<br \/>\n4.3.1.\u00a0\u00a0 \u00a0La acci\u00f3n de cumplimiento\u00a0\u00a0 \u00a0\u00a0\u00a0 \u00a0235<br \/>\n4.3.2.\u00a0\u00a0 \u00a0La acci\u00f3n resolutoria\u00a0\u00a0 \u00a0\u00a0\u00a0 \u00a0237<br \/>\n4.3.3.\u00a0\u00a0 \u00a0La acci\u00f3n indemnizatoria\u00a0\u00a0 \u00a0\u00a0\u00a0 \u00a0237<br \/>\n5. El ejercicio de la exceptio en la declaraci\u00f3n de concurso de acreedores\u00a0\u00a0 \u00a0\u00a0\u00a0 \u00a0238<br \/>\n5.1.\u00a0\u00a0 \u00a0Planteamiento\u00a0\u00a0 \u00a0\u00a0\u00a0 \u00a0238<br \/>\n5.2.\u00a0\u00a0 \u00a0Efectos de la declaraci\u00f3n de concurso en los contratos con obligaciones rec\u00edprocas\u00a0\u00a0 \u00a0\u00a0\u00a0 \u00a0239<br \/>\n5.3.\u00a0\u00a0 \u00a0Admisibilidad de la exceptio non adimpleti contractus una vez declarado el concurso\u00a0\u00a0 \u00a0\u00a0\u00a0 \u00a0240<br \/>\n5.4.\u00a0\u00a0 \u00a0Oposici\u00f3n de la exceptio por riesgo de incumplimiento\u00a0\u00a0 \u00a0\u00a0\u00a0 \u00a0246<br \/>\n5.5.\u00a0\u00a0 \u00a0Ejercicio de la excepci\u00f3n de contrato no cumplido por parte del comprador, si el promotor concursado le exige el cumplimiento de su obligaci\u00f3n sin haber garantizado la devoluci\u00f3n de las cantidades entregadas anticipadamente\u00a0\u00a0 \u00a0\u00a0\u00a0 \u00a0250<br \/>\n6. Ejercicio de la exceptio en el \u00e1mbito de la contrataci\u00f3n administrativa\u00a0\u00a0 \u00a0\u00a0\u00a0 \u00a0255<br \/>\n6.1.\u00a0\u00a0 \u00a0Planteamiento\u00a0\u00a0 \u00a0\u00a0\u00a0 \u00a0255<br \/>\n6.2.\u00a0\u00a0 \u00a0Ejercicio de la exceptio\u00a0\u00a0 \u00a0\u00a0\u00a0 \u00a0258<br \/>\n6.2.1.\u00a0\u00a0 \u00a0Ejercicio de la exceptio por parte de la Administraci\u00f3n\u00a0\u00a0 \u00a0\u00a0\u00a0 \u00a0258<br \/>\n6.2.2.\u00a0\u00a0 \u00a0Ejercicio de la exceptio por parte del contratista\u00a0\u00a0 \u00a0\u00a0\u00a0 \u00a0259<br \/>\n7. Ejercicio de la excepci\u00f3n de contrato no cumplido en el contrato de arrendamiento de obra seg\u00fan la jurisprudencia\u00a0\u00a0 \u00a0\u00a0\u00a0 \u00a0260<br \/>\n7.1.\u00a0\u00a0 \u00a0Planteamiento\u00a0\u00a0 \u00a0\u00a0\u00a0 \u00a0260<br \/>\n7.2.\u00a0\u00a0 \u00a0Exceptio non adimpleti contractus\u00a0\u00a0 \u00a0\u00a0\u00a0 \u00a0262<br \/>\n7.2.1.\u00a0\u00a0 \u00a0Contenido\u00a0\u00a0 \u00a0\u00a0\u00a0 \u00a0262<br \/>\n7.2.2.\u00a0\u00a0 \u00a0Procedencia\u00a0\u00a0 \u00a0\u00a0\u00a0 \u00a0263<br \/>\n7.2.2.1.\u00a0\u00a0 \u00a0Incumplimiento real y efectivo\u00a0\u00a0 \u00a0\u00a0\u00a0 \u00a0263<br \/>\n7.2.2.2.\u00a0\u00a0 \u00a0Entrega de cosa diversa\u00a0\u00a0 \u00a0\u00a0\u00a0 \u00a0267<br \/>\n7.2.2.3.\u00a0\u00a0 \u00a0No seguir las indicaciones del due\u00f1o de la obra\u00a0\u00a0 \u00a0\u00a0\u00a0 \u00a0268<br \/>\n7.2.3.\u00a0\u00a0 \u00a0Prueba del incumplimiento\u00a0\u00a0 \u00a0\u00a0\u00a0 \u00a0269<br \/>\n7.2.4.\u00a0\u00a0 \u00a0Improcedencia\u00a0\u00a0 \u00a0\u00a0\u00a0 \u00a0270<br \/>\n7.2.5.\u00a0\u00a0 \u00a0Efectos\u00a0\u00a0 \u00a0\u00a0\u00a0 \u00a0278<br \/>\n7.2.5.1.\u00a0\u00a0 \u00a0Reducci\u00f3n del precio\u00a0\u00a0 \u00a0\u00a0\u00a0 \u00a0278<br \/>\n7.2.5.2.\u00a0\u00a0 \u00a0Reparaci\u00f3n\u00a0\u00a0 \u00a0\u00a0\u00a0 \u00a0280<br \/>\n7.2.5.3.\u00a0\u00a0 \u00a0Indemnizaci\u00f3n\u00a0\u00a0 \u00a0\u00a0\u00a0 \u00a0281<br \/>\n7.3.\u00a0\u00a0 \u00a0Exceptio non rite adimpleti contractus\u00a0\u00a0 \u00a0\u00a0\u00a0 \u00a0282<br \/>\n7.3.1.\u00a0\u00a0 \u00a0Contenido\u00a0\u00a0 \u00a0\u00a0\u00a0 \u00a0282<br \/>\n7.3.2.\u00a0\u00a0 \u00a0Procedencia\u00a0\u00a0 \u00a0\u00a0\u00a0 \u00a0285<br \/>\n7.3.2.1.\u00a0\u00a0 \u00a0Manifiesta intenci\u00f3n de incumplir\u00a0\u00a0 \u00a0\u00a0\u00a0 \u00a0285<br \/>\n7.3.2.2.\u00a0\u00a0 \u00a0Suficiente entidad del da\u00f1o originado\u00a0\u00a0 \u00a0\u00a0\u00a0 \u00a0286<br \/>\n7.3.2.3.\u00a0\u00a0 \u00a0Falta de ejecuci\u00f3n de la totalidad de la obra\u00a0\u00a0 \u00a0\u00a0\u00a0 \u00a0288<br \/>\n7.3.2.4.\u00a0\u00a0 \u00a0Retraso importante en la realizaci\u00f3n de la obra\u00a0\u00a0 \u00a0\u00a0\u00a0 \u00a0289<br \/>\n7.3.3.\u00a0\u00a0 \u00a0Improcedencia\u00a0\u00a0 \u00a0\u00a0\u00a0 \u00a0290<br \/>\n7.3.3.1.\u00a0\u00a0 \u00a0Existencia de mala fe\u00a0\u00a0 \u00a0\u00a0\u00a0 \u00a0290<br \/>\n7.3.3.2.\u00a0\u00a0 \u00a0Defectos de peque\u00f1a entidad\u00a0\u00a0 \u00a0\u00a0\u00a0 \u00a0291<br \/>\n7.3.3.3.\u00a0\u00a0 \u00a0Defectos ya reparados\u00a0\u00a0 \u00a0\u00a0\u00a0 \u00a0291<br \/>\n7.3.3.4.\u00a0\u00a0 \u00a0Falta de acreditaci\u00f3n\u00a0\u00a0 \u00a0\u00a0\u00a0 \u00a0292<br \/>\n7.3.3.5.\u00a0\u00a0 \u00a0Defectos no imputables al contratista\u00a0\u00a0 \u00a0\u00a0\u00a0 \u00a0294<br \/>\n7.3.3.6.\u00a0\u00a0 \u00a0Recepci\u00f3n satisfactoria\u00a0\u00a0 \u00a0\u00a0\u00a0 \u00a0294<br \/>\n7.3.4.\u00a0\u00a0 \u00a0Efectos\u00a0\u00a0 \u00a0\u00a0\u00a0 \u00a0294<br \/>\n7.3.5.\u00a0\u00a0 \u00a0Coordinaci\u00f3n de la exceptio non rite adimpleti contractus y acci\u00f3n de cumplimiento en el contrato de arrendamiento de obra\u00a0\u00a0 \u00a0\u00a0\u00a0 \u00a0296<br \/>\n8. La eficacia de la excepci\u00f3n de contrato no cumplido frente al incumplimiento de contratos vinculados en el \u00e1mbito del consumo; an\u00e1lisis sobre su ejercicio en procesos de ejecuci\u00f3n\u00a0\u00a0 \u00a0\u00a0\u00a0 \u00a0298<br \/>\n8.1.\u00a0\u00a0 \u00a0Planteamiento\u00a0\u00a0 \u00a0\u00a0\u00a0 \u00a0298<br \/>\n8.2.\u00a0\u00a0 \u00a0Algunas consideraciones sobre los contratos vinculados\u00a0\u00a0 \u00a0\u00a0\u00a0 \u00a0300<br \/>\n8.2.1.\u00a0\u00a0 \u00a0Noci\u00f3n de contratos vinculados\u00a0\u00a0 \u00a0\u00a0\u00a0 \u00a0300<br \/>\n8.2.2.\u00a0\u00a0 \u00a0Presupuestos de los contratos vinculados\u00a0\u00a0 \u00a0\u00a0\u00a0 \u00a0301<br \/>\n8.2.1.\u00a0\u00a0 \u00a0Presupuestos bajo la Directiva 2008\/48\/CE\u00a0\u00a0 \u00a0\u00a0\u00a0 \u00a0302<br \/>\n8.2.2.\u00a0\u00a0 \u00a0Presupuestos bajo la Ley 16\/2011 de Cr\u00e9dito al Consumo espa\u00f1ola\u00a0\u00a0 \u00a0\u00a0\u00a0 \u00a0302<br \/>\n8.2.3.\u00a0\u00a0 \u00a0Situaci\u00f3n en Chile\u00a0\u00a0 \u00a0\u00a0\u00a0 \u00a0303<br \/>\n8.3.\u00a0\u00a0 \u00a0Ejercicio de la exceptio en procedimientos de ejecuci\u00f3n\u00a0\u00a0 \u00a0\u00a0\u00a0 \u00a0304<br \/>\n8.3.1.\u00a0\u00a0 \u00a0Oposici\u00f3n de la exceptio en el juicio ejecutivo\u00a0\u00a0 \u00a0\u00a0\u00a0 \u00a0304<br \/>\n8.3.2.\u00a0\u00a0 \u00a0Ejercicio de la exceptio en un procedimiento de ejecuci\u00f3n ante el incumplimiento de contratos vinculados\u00a0\u00a0 \u00a0\u00a0\u00a0 \u00a0306<br \/>\n8.4.\u00a0\u00a0 \u00a0El ejercicio de la exceptio respecto de otros juicios de ejecuci\u00f3n\u00a0\u00a0 \u00a0\u00a0\u00a0 \u00a0309<br \/>\n8.4.1.\u00a0\u00a0 \u00a0Cobro ejecutivo de letras, pagar\u00e9s y cheques\u00a0\u00a0 \u00a0\u00a0\u00a0 \u00a0309<br \/>\n8.4.2.\u00a0\u00a0 \u00a0Cobro ejecutivo de facturas\u00a0\u00a0 \u00a0\u00a0\u00a0 \u00a0311<br \/>\nCap\u00edtulo VI<br \/>\nEFECTOS DE LA EXCEPCI\u00d3N DE CONTRATO NO CUMPLIDO<br \/>\n1. Efectos de la excepci\u00f3n\u00a0\u00a0 \u00a0\u00a0\u00a0 \u00a0315<br \/>\n1.1.\u00a0\u00a0 \u00a0Efecto principal de la excepci\u00f3n\u00a0\u00a0 \u00a0\u00a0\u00a0 \u00a0315<br \/>\n1.2.\u00a0\u00a0 \u00a0Efectos secundarios de la excepci\u00f3n\u00a0\u00a0 \u00a0\u00a0\u00a0 \u00a0323<br \/>\n1.2.1.\u00a0\u00a0 \u00a0Sobre los riesgos por p\u00e9rdida fortuita\u00a0\u00a0 \u00a0\u00a0\u00a0 \u00a0323<br \/>\n1.2.2.\u00a0\u00a0 \u00a0Respecto a los frutos\u00a0\u00a0 \u00a0\u00a0\u00a0 \u00a0324<br \/>\n1.2.3.\u00a0\u00a0 \u00a0Respecto a la interrupci\u00f3n de la prescripci\u00f3n\u00a0\u00a0 \u00a0\u00a0\u00a0 \u00a0325<br \/>\n1.2.5.\u00a0\u00a0 \u00a0Conclusi\u00f3n\u00a0\u00a0 \u00a0\u00a0\u00a0 \u00a0325<br \/>\n2. Extensi\u00f3n de los efectos de la excepci\u00f3n de contrato no cumplido\u00a0\u00a0 \u00a0\u00a0\u00a0 \u00a0327<br \/>\n2.1.\u00a0\u00a0 \u00a0Cesi\u00f3n de cr\u00e9dito\u00a0\u00a0 \u00a0\u00a0\u00a0 \u00a0329<br \/>\n2.2.\u00a0\u00a0 \u00a0Contrato a favor de terceros\u00a0\u00a0 \u00a0\u00a0\u00a0 \u00a0330<br \/>\n2.3.\u00a0\u00a0 \u00a0Asunci\u00f3n de deuda liberatoria\u00a0\u00a0 \u00a0\u00a0\u00a0 \u00a0332<br \/>\n3. Cese de los efectos de la exceptio non adimpleti contractus\u00a0\u00a0 \u00a0\u00a0\u00a0 \u00a0334<br \/>\n3.1.\u00a0\u00a0 \u00a0Extinci\u00f3n del cr\u00e9dito que le sirve de fundamento\u00a0\u00a0 \u00a0\u00a0\u00a0 \u00a0334<br \/>\n3.2.\u00a0\u00a0 \u00a0Extinci\u00f3n propia de la excepci\u00f3n\u00a0\u00a0 \u00a0\u00a0\u00a0 \u00a0334<br \/>\nBIBLIOGRAF\u00cdA\u00a0\u00a0 \u00a0\u00a0\u00a0 \u00a0337<\/p>\n","protected":false},"excerpt":{"rendered":"<p>Buscas un libro Jur\u00eddico.? Lo puedes encontrar en nuestra tienda virtual.<br \/>\nContamos con prestigiosos autores y muchas alternativas en sus diferentes materias al igual que grandes descuentos.! Vis\u00edtanos en <a class=\"PxxmMLACwEGNeKyVHxYCskDzzJAEcLVgZk \" tabindex=\"0\" href=\"https:\/\/lnkd.in\/eiAG7jdZ\" target=\"_blank\" rel=\"noopener\" data-test-app-aware-link=\"\">https:\/\/lnkd.in\/eiAG7jdZ<\/a><br \/>\nEscr\u00edbenos al +56930565235 \/ <a class=\"PxxmMLACwEGNeKyVHxYCskDzzJAEcLVgZk \" tabindex=\"0\" href=\"mailto:ventaslegallexglobal@gmail.com\" target=\"_self\" data-test-app-aware-link=\"\">ventaslegallexglobal@gmail.com<\/a><br \/>\nHacemos env\u00edos a todo Chile \u2013 Starken o Correos Chile \/ Te esperamos<\/p>\n","protected":false},"featured_media":3828,"comment_status":"open","ping_status":"closed","template":"","meta":{"inline_featured_image":false,"_joinchat":[]},"product_brand":[],"product_cat":[27],"product_tag":[],"class_list":{"0":"post-3798","1":"product","2":"type-product","3":"status-publish","4":"has-post-thumbnail","6":"product_cat-civil","7":"product_shipping_class-a-convenir","9":"first","10":"instock","11":"shipping-taxable","12":"purchasable","13":"product-type-simple"},"_links":{"self":[{"href":"https:\/\/bibliotecajuridicavirtual.cl\/index.php\/wp-json\/wp\/v2\/product\/3798","targetHints":{"allow":["GET"]}}],"collection":[{"href":"https:\/\/bibliotecajuridicavirtual.cl\/index.php\/wp-json\/wp\/v2\/product"}],"about":[{"href":"https:\/\/bibliotecajuridicavirtual.cl\/index.php\/wp-json\/wp\/v2\/types\/product"}],"replies":[{"embeddable":true,"href":"https:\/\/bibliotecajuridicavirtual.cl\/index.php\/wp-json\/wp\/v2\/comments?post=3798"}],"wp:featuredmedia":[{"embeddable":true,"href":"https:\/\/bibliotecajuridicavirtual.cl\/index.php\/wp-json\/wp\/v2\/media\/3828"}],"wp:attachment":[{"href":"https:\/\/bibliotecajuridicavirtual.cl\/index.php\/wp-json\/wp\/v2\/media?parent=3798"}],"wp:term":[{"taxonomy":"product_brand","embeddable":true,"href":"https:\/\/bibliotecajuridicavirtual.cl\/index.php\/wp-json\/wp\/v2\/product_brand?post=3798"},{"taxonomy":"product_cat","embeddable":true,"href":"https:\/\/bibliotecajuridicavirtual.cl\/index.php\/wp-json\/wp\/v2\/product_cat?post=3798"},{"taxonomy":"product_tag","embeddable":true,"href":"https:\/\/bibliotecajuridicavirtual.cl\/index.php\/wp-json\/wp\/v2\/product_tag?post=3798"}],"curies":[{"name":"wp","href":"https:\/\/api.w.org\/{rel}","templated":true}]}}