{"id":3811,"date":"2026-02-28T01:20:30","date_gmt":"2026-02-28T04:20:30","guid":{"rendered":"https:\/\/bibliotecajuridicavirtual.cl\/?post_type=product&#038;p=3811"},"modified":"2026-02-28T01:20:57","modified_gmt":"2026-02-28T04:20:57","slug":"normas-generales-antielusion-y-su-sancion-en-el-derecho-chileno-500-pag-autor-maria-pilar-navarro-schiappacasse","status":"publish","type":"product","link":"https:\/\/bibliotecajuridicavirtual.cl\/index.php\/product\/normas-generales-antielusion-y-su-sancion-en-el-derecho-chileno-500-pag-autor-maria-pilar-navarro-schiappacasse\/","title":{"rendered":"Normas generales Antielusi\u00f3n y su sanci\u00f3n en el Derecho Chileno \/ 500 P\u00e1g. Autor  Mar\u00eda Pilar Navarro Schiappacasse"},"content":{"rendered":"<p>La autora aborda en esta monograf\u00eda una problem\u00e1tica tributaria mundial, como es la elusi\u00f3n de las normas impositivas, centrando el an\u00e1lisis en la normativa general antielusi\u00f3n chilena. En concreto, el estudio abarca la revisi\u00f3n dos figuras que persiguen la correcta determinaci\u00f3n de la obligaci\u00f3n tributaria: el abuso formas jur\u00eddicas y la simulaci\u00f3n, las que adem\u00e1s son calificadas como supuestos de elusi\u00f3n tributaria. Junto a ellas, se somete a revisi\u00f3n el injusto vinculado a las conductas elusivas, cuyo sujeto activo es el asesor tributario, que es quien aporta un bien escaso en la planificaci\u00f3n tributaria que luego es declarada abusiva o simulada por un tribunal. La tipificaci\u00f3n de esta conducta consagra de manera positiva los postulados del Plan BEPS de la OCDE, atacando lo que estima es el origen de la elusi\u00f3n: la intervenci\u00f3n del asesor tributario.<br \/>\nEste trabajo realiza un examen \u00a0dogm\u00e1tico y cr\u00edtico de la normativa antielusiva chilena, abordando tem\u00e1ticas de gran complejidad de manera clara y sencilla, combinando la revisi\u00f3n te\u00f3rica de las materias tratadas con aplicaci\u00f3n pr\u00e1ctica de las mismas. En primer lugar, el estudio fija las bases te\u00f3ricas de la planificaci\u00f3n tributaria y de los principios constitucionales que rigen la potestad impositiva; en segundo lugar, analiza la lucha contra la elusi\u00f3n a trav\u00e9s de cl\u00e1usulas generales; y, finalmente, examina la admisibilidad de recurrir al derecho administrativo sancionador para castigar conductas vinculadas a la aplicaci\u00f3n del abuso de las formas jur\u00eddicas y la simulaci\u00f3n.<br \/>\nBasada en una copiosa revisi\u00f3n de fuentes doctrinales, que incluye m\u00e1s de cuatrocientos trabajos, as\u00ed como el an\u00e1lisis y sistematizaci\u00f3n de diversas fuentes normativas y jurisprudenciales, esta obra representa un notable aporte cient\u00edfico para el estudio de la parte general del derecho tributario chileno, siendo material de consulta obligatorio para los operadores jur\u00eddicos: asesores tributarios, Administraci\u00f3n tributaria y tribunales de justicia, as\u00ed como un material de apoyo indispensable para docentes y estudiantes de derecho.<\/p>\n","protected":false},"excerpt":{"rendered":"<p>La autora aborda en esta monograf\u00eda una problem\u00e1tica tributaria mundial, como es la elusi\u00f3n de las normas impositivas, centrando el an\u00e1lisis en la normativa general antielusi\u00f3n chilena. En concreto, el estudio abarca la revisi\u00f3n dos figuras que persiguen la correcta determinaci\u00f3n de la obligaci\u00f3n tributaria: el abuso formas jur\u00eddicas y la simulaci\u00f3n, las que adem\u00e1s son calificadas como supuestos de elusi\u00f3n tributaria. Junto a ellas, se somete a revisi\u00f3n el injusto vinculado a las conductas elusivas, cuyo sujeto activo es el asesor tributario, que es quien aporta un bien escaso en la planificaci\u00f3n tributaria que luego es declarada abusiva o simulada por un tribunal. La tipificaci\u00f3n de esta conducta consagra de manera positiva los postulados del Plan BEPS de la OCDE, atacando lo que estima es el origen de la elusi\u00f3n: la intervenci\u00f3n del asesor tributario. Este trabajo realiza un examen \u00a0dogm\u00e1tico y cr\u00edtico de la normativa antielusiva chilena, abordando tem\u00e1ticas de gran complejidad de manera clara y sencilla, combinando la revisi\u00f3n te\u00f3rica de las materias tratadas con aplicaci\u00f3n pr\u00e1ctica de las mismas. En primer lugar, el estudio fija las bases te\u00f3ricas de la planificaci\u00f3n tributaria y de los principios constitucionales que rigen la potestad impositiva; en segundo lugar, analiza la lucha contra la elusi\u00f3n a trav\u00e9s de cl\u00e1usulas generales; y, finalmente, examina la admisibilidad de recurrir al derecho administrativo sancionador para castigar conductas vinculadas a la aplicaci\u00f3n del abuso de las formas jur\u00eddicas y la simulaci\u00f3n. Basada en una copiosa revisi\u00f3n de fuentes doctrinales, que incluye m\u00e1s de cuatrocientos trabajos, as\u00ed como el an\u00e1lisis y sistematizaci\u00f3n de diversas fuentes normativas y jurisprudenciales, esta obra representa un notable aporte cient\u00edfico para el estudio de la parte general del derecho tributario chileno, siendo material de consulta obligatorio para los operadores jur\u00eddicos: asesores tributarios, Administraci\u00f3n tributaria y tribunales de justicia, as\u00ed como un material de apoyo indispensable para docentes y estudiantes de derecho.<\/p>\n","protected":false},"featured_media":3867,"comment_status":"open","ping_status":"closed","template":"","meta":{"inline_featured_image":false,"_joinchat":[]},"product_brand":[],"product_cat":[28],"product_tag":[],"class_list":{"0":"post-3811","1":"product","2":"type-product","3":"status-publish","4":"has-post-thumbnail","6":"product_cat-tributario","7":"product_shipping_class-a-convenir","9":"first","10":"instock","11":"shipping-taxable","12":"purchasable","13":"product-type-simple"},"_links":{"self":[{"href":"https:\/\/bibliotecajuridicavirtual.cl\/index.php\/wp-json\/wp\/v2\/product\/3811","targetHints":{"allow":["GET"]}}],"collection":[{"href":"https:\/\/bibliotecajuridicavirtual.cl\/index.php\/wp-json\/wp\/v2\/product"}],"about":[{"href":"https:\/\/bibliotecajuridicavirtual.cl\/index.php\/wp-json\/wp\/v2\/types\/product"}],"replies":[{"embeddable":true,"href":"https:\/\/bibliotecajuridicavirtual.cl\/index.php\/wp-json\/wp\/v2\/comments?post=3811"}],"wp:featuredmedia":[{"embeddable":true,"href":"https:\/\/bibliotecajuridicavirtual.cl\/index.php\/wp-json\/wp\/v2\/media\/3867"}],"wp:attachment":[{"href":"https:\/\/bibliotecajuridicavirtual.cl\/index.php\/wp-json\/wp\/v2\/media?parent=3811"}],"wp:term":[{"taxonomy":"product_brand","embeddable":true,"href":"https:\/\/bibliotecajuridicavirtual.cl\/index.php\/wp-json\/wp\/v2\/product_brand?post=3811"},{"taxonomy":"product_cat","embeddable":true,"href":"https:\/\/bibliotecajuridicavirtual.cl\/index.php\/wp-json\/wp\/v2\/product_cat?post=3811"},{"taxonomy":"product_tag","embeddable":true,"href":"https:\/\/bibliotecajuridicavirtual.cl\/index.php\/wp-json\/wp\/v2\/product_tag?post=3811"}],"curies":[{"name":"wp","href":"https:\/\/api.w.org\/{rel}","templated":true}]}}