{"id":3813,"date":"2026-02-28T01:20:30","date_gmt":"2026-02-28T04:20:30","guid":{"rendered":"https:\/\/bibliotecajuridicavirtual.cl\/?post_type=product&#038;p=3813"},"modified":"2026-02-28T01:20:59","modified_gmt":"2026-02-28T04:20:59","slug":"concurso-de-delitos-problemas-fundamentales-ano-2021-360-pag-autor-francisco-maldonado-fuentes","status":"publish","type":"product","link":"https:\/\/bibliotecajuridicavirtual.cl\/index.php\/product\/concurso-de-delitos-problemas-fundamentales-ano-2021-360-pag-autor-francisco-maldonado-fuentes\/","title":{"rendered":"Concurso de Delitos. Problemas fundamentales. A\u00f1o 2021\/ 360 P\u00e1g. Autor Francisco Maldonado  Fuentes"},"content":{"rendered":"<p>El presente volumen se construye a partir de las ponencias presentadas en una jornada de trabajo colectiva llevada a cabo los d\u00edas 5 y 6 de Septiembre de 2019, en el campus Quebec de la Universidad de Talca, en Santiago de Chile, dedicada al tratamiento de algunos problemas &#8220;fundamentales&#8221; asociados al Concurso de Delitos. La reuni\u00f3n aparece de sobra justificada teniendo en cuenta que el concurso de delitos ha ofrecido desde siempre numerosos cuestionamientos y puntos de vista opuestos o cuando menos &#8220;alternativos&#8221;, constituyendo uno de los \u00e1mbitos del Derecho penal que carece en general de consensos. Lo dicho es particularmente preocupante si se tiene en cuenta que la materia se extiende a una amplia gama de casos y que son numerosos aquellos en los que jueces, fiscales y defensores debaten a diario acerca de la forma como se debe reaccionar frente a un individuo que debe responder en un mismo proceso por la comisi\u00f3n dos o m\u00e1s delitos.<\/p>\n<p>\u00cdndice<br \/>\nCapitulo I<br \/>\nNaturaleza del problema tratado bajo el r\u00f3tulo \u201cconcurso aparente de leyes penales\u201d<br \/>\nSobre el rol expresivo del principio \u201cne bis in \u00eddem\u201d: Una aproximaci\u00f3n inferencial al concurso aparente por especialidad<br \/>\nFederico Szczaranski*<br \/>\n1. Introducci\u00f3n\u00a0\u00a0 \u00a025<br \/>\n2. Sobre la posibilidad de diferenciar entre correcci\u00f3n material y validez formal.\u00a0\u00a0 \u00a026<br \/>\n3. Sobre las relaciones inferenciales entre las reglas en relaci\u00f3n de especialidad.\u00a0\u00a0 \u00a030<br \/>\n4. Arribando a la conclusi\u00f3n materialmente correcta.\u00a0\u00a0 \u00a032<br \/>\n5. De relaciones inferenciales materiales a conclusiones sancionatorias derrotables.\u00a0\u00a0 \u00a036<br \/>\n6. Conclusi\u00f3n\u00a0\u00a0 \u00a039<br \/>\nBibliograf\u00eda.\u00a0\u00a0 \u00a040<br \/>\nSobre la naturaleza del concurso aparente de leyes penales<br \/>\nFrancisco Maldonado Fuentes*<br \/>\n1. Introducci\u00f3n\u00a0\u00a0 \u00a043<br \/>\n1.1. Consideraciones preliminares\u00a0\u00a0 \u00a043<br \/>\n1.2. Aproximaciones diversas.\u00a0\u00a0 \u00a046<br \/>\n2. Presentaci\u00f3n (exposici\u00f3n) de las tesis en juego\u00a0\u00a0 \u00a048<br \/>\n2.1. Tesis de la interpretaci\u00f3n\u00a0\u00a0 \u00a048<br \/>\n2.2. Tesis de la aplicabilidad\u00a0\u00a0 \u00a053<br \/>\n3. Principales objeciones formuladas en contra de la tesis interpretativa\u00a0\u00a0 \u00a066<br \/>\n4. Principales objeciones necesarias de considerar en contra de la tesis de la aplicabilidad.\u00a0\u00a0 \u00a071<br \/>\n5. Conclusiones.\u00a0\u00a0 \u00a078<br \/>\nBibliograf\u00eda\u00a0\u00a0 \u00a083<br \/>\nCAPITULO II<br \/>\nFundamento subyacente a la consunci\u00f3n. Especial referencia a casos configurados en base a supuestos de \u201cinclusi\u00f3n\u201d<br \/>\nLa regularidad como factor relevante para la aplicaci\u00f3n de la regla de preferencia consunci\u00f3n. An\u00e1lisis cr\u00edtico.<br \/>\nOsvaldo Artaza Varela*<br \/>\n1. Descripci\u00f3n del problema\u00a0\u00a0 \u00a095<br \/>\n2. Delimitaci\u00f3n conceptual del concurso aparente de leyes\u00a0\u00a0 \u00a097<br \/>\n2.1. Consideraciones previas\u00a0\u00a0 \u00a097<br \/>\n2.2. Concurso aparente como problema relativo a la aplicabilidad externa.\u00a0\u00a0 \u00a0101<br \/>\n2.3. Regularidad y su rol a prop\u00f3sito de la aplicaci\u00f3n de la regla de preferencia \u201cconsunci\u00f3n\u201d\u00a0\u00a0 \u00a0105<br \/>\nBibliograf\u00eda\u00a0\u00a0 \u00a0115<br \/>\nLa realizaci\u00f3n de m\u00faltiples formas cualificadas de un mismo tipo\u2013base como concurso aparente<br \/>\nJuan Pablo Ma\u00f1alich R*<br \/>\n1. La especialidad y la consunci\u00f3n como criterios de desconocimiento penol\u00f3gico.\u00a0\u00a0 \u00a0119<br \/>\n2. La concurrencia de realizaciones de m\u00faltiples formas cualificadas de un mismo tipo\u2013base.\u00a0\u00a0 \u00a0124<br \/>\n3. El criterio (negativo) de la identidad de realizaci\u00f3n del tipo\u2013base.\u00a0\u00a0 \u00a0128<br \/>\n4. El criterio (positivo) de la mayor intensidad comparativa del \u00e9nfasis calificante o privilegiante.\u00a0\u00a0 \u00a0133<br \/>\nBibliograf\u00eda\u00a0\u00a0 \u00a0137<br \/>\nCAPITULO III<br \/>\nCasos l\u00edmite entre la consunci\u00f3n y la subsidiariedad<br \/>\nConsideraciones conceptuales para el tratamiento del peligro abstracto en supuestos de concurso de delitos<br \/>\nGonzalo Bascur Retamal*<br \/>\n1. Introducci\u00f3n\u00a0\u00a0 \u00a0143<br \/>\n2. Diferencias cualitativas entre distintas clases de bienes y distintas clases de menoscabo\u00a0\u00a0 \u00a0146<br \/>\n2.1. El menoscabo de bienes colectivos\u00a0\u00a0 \u00a0148<br \/>\n2.2. \u00bfEl menoscabo (abstracto) de bienes jur\u00eddicos individuales?\u00a0\u00a0 \u00a0156<br \/>\n3. Balance provisional\u00a0\u00a0 \u00a0159<br \/>\n4. Las categor\u00edas de concurso aparente pertinentes\u00a0\u00a0 \u00a0159<br \/>\n4.1. Subsidiariedad material o t\u00e1cita\u00a0\u00a0 \u00a0160<br \/>\n4.1.1. Regla general: \u00bfSubsidiariedad del peligro?\u00a0\u00a0 \u00a0161<br \/>\n4.1.2. Tipos de peligro com\u00fan y subsidiariedad\u00a0\u00a0 \u00a0162<br \/>\n4.1.3. Tipos contra bienes jur\u00eddicos colectivos y subsidiariedad\u00a0\u00a0 \u00a0164<br \/>\n4.2. Absorci\u00f3n o consunci\u00f3n\u00a0\u00a0 \u00a0167<br \/>\n4.2.1. Actos posteriores copenados\u00a0\u00a0 \u00a0168<br \/>\n4.2.2. Actos acompa\u00f1antes copenados\u00a0\u00a0 \u00a0170<br \/>\n5. Balance e ideas finales\u00a0\u00a0 \u00a0174<br \/>\nBibliograf\u00eda\u00a0\u00a0 \u00a0177<br \/>\nSobre la posible consunci\u00f3n de tipos de tenencia ilegal de armas en tipos de lesi\u00f3n<br \/>\nGonzalo J. Basso*<br \/>\n1. Introducci\u00f3n\u00a0\u00a0 \u00a0185<br \/>\n2. Reglas concursales como reglas de determinaci\u00f3n judicial de la pena\u00a0\u00a0 \u00a0187<br \/>\n3. La estructura de los tipos penales de portaci\u00f3n ilegal de armas\u00a0\u00a0 \u00a0200<br \/>\n4. Sobre la posible relaci\u00f3n de concurso de leyes entre tipos penales de peligro abstracto de portaci\u00f3n ilegal de armas y tipos penales de lesi\u00f3n\u00a0\u00a0 \u00a0203<br \/>\n5. Reflexi\u00f3n final\u00a0\u00a0 \u00a0210<br \/>\nBibliograf\u00eda\u00a0\u00a0 \u00a0211<br \/>\nConcurso aparente de leyes penales: La categor\u00eda de la consunci\u00f3n frente al sistema de reacci\u00f3n concursal<br \/>\nClaudio Quintana*<br \/>\n1. Delimitaci\u00f3n conceptual y descripci\u00f3n del problema\u00a0\u00a0 \u00a0217<br \/>\n2. Sistema concursal chileno: Lesi\u00f3n plural y valoraci\u00f3n m\u00faltiple\u00a0\u00a0 \u00a0222<br \/>\n3. Ex \u2013 curso: Naturaleza del concurso aparente de leyes penales\u00a0\u00a0 \u00a0226<br \/>\n4. \u00a0Principios: estado de la cuesti\u00f3n y valoraci\u00f3n preliminar\u00a0\u00a0 \u00a0232<br \/>\n5. Principios de soluci\u00f3n: revaloraci\u00f3n.\u00a0\u00a0 \u00a0243<br \/>\n6. Principio de consunci\u00f3n: valoraci\u00f3n cr\u00edtica.\u00a0\u00a0 \u00a0253<br \/>\n7. Principio de consunci\u00f3n: ex post.\u00a0\u00a0 \u00a0261<br \/>\n8. Conclusiones\u00a0\u00a0 \u00a0263<br \/>\nBibliograf\u00eda\u00a0\u00a0 \u00a0264<br \/>\nCAPITULO IV<br \/>\nSupuesto propio y fundamento de la soluci\u00f3n penol\u00f3gica diferenciada en el llamado \u201cconcurso ideal\u201d<br \/>\nUnidad de hecho y unidad de resultado antijur\u00eddico como supuestos del concurso ideal de delitos<br \/>\nLuis Emilio Rojas A.*<br \/>\n1. Introducci\u00f3n\u00a0\u00a0 \u00a0273<br \/>\n2. El concurso ideal situado entre el concurso aparente de leyes penales y el con\u00adcurso real de delitos\u00a0\u00a0 \u00a0275<br \/>\n3. El art. 75 CP como regla de determinaci\u00f3n legal de la pena\u00a0\u00a0 \u00a0279<br \/>\n4. Propuesta de reinterpretaci\u00f3n del art. 75 CP\u00a0\u00a0 \u00a0284<br \/>\n4.1. Concurso ideal de delitos por unidad de hecho\u00a0\u00a0 \u00a0286<br \/>\n4.2. Concurso ideal de delitos por unidad de resultado antijur\u00eddico\u00a0\u00a0 \u00a0291<br \/>\n5. Conclusi\u00f3n y algunas consecuencias\u00a0\u00a0 \u00a0295<br \/>\nBibliograf\u00eda.\u00a0\u00a0 \u00a0298<br \/>\nUnidad de hecho concursal<br \/>\nAlex van Weezel*<br \/>\n1. El concurso ideal y su regulaci\u00f3n.\u00a0\u00a0 \u00a0301<br \/>\n2. Una primera aproximaci\u00f3n al significado de \u201cun solo hecho\u201d en el art. 75.\u00a0\u00a0 \u00a0303<br \/>\n3. Cu\u00e1l es el problema que el art. 75 intenta resolver (y una propuesta de soluci\u00f3n).\u00a0\u00a0 \u00a0305<br \/>\n4. La soluci\u00f3n del art. 75 no es la aventurada en el apartado anterior. Intentando formular las preguntas correctas.\u00a0\u00a0 \u00a0308<br \/>\n5. \u00bfUnidad de contexto o unidad de efecto.\u00a0\u00a0 \u00a0314<br \/>\n6. El estatus del peligro y algunas constelaciones paradigm\u00e1ticas.\u00a0\u00a0 \u00a0318<br \/>\n7. En s\u00edntesis:\u00a0\u00a0 \u00a0324<br \/>\nBibliograf\u00eda.\u00a0\u00a0 \u00a0325<br \/>\nCAPITULO V<br \/>\nProblemas valorativos y concurso real o material de delitos<br \/>\n\u00bfSe justifica la acumulaci\u00f3n material de penas privativas de libertad a trav\u00e9s su cumplimiento sucesivo? Consideraciones cr\u00edticas, a partir del principio de proporcionalidad de las penas, y en perspectiva comparada<br \/>\nJaime Couso Salas*<br \/>\n1. Introducci\u00f3n\u00a0\u00a0 \u00a0331<br \/>\n2. Fundamentos de la objeci\u00f3n \u201cde sentido com\u00fan\u201d.\u00a0\u00a0 \u00a0335<br \/>\n3. Relativizando el \u201csentido com\u00fan\u201d, en perspectiva comparada.\u00a0\u00a0 \u00a0338<br \/>\n4. Problemas de proporcionalidad del cumplimiento sucesivo de las penas privativas de libertad.\u00a0\u00a0 \u00a0342<br \/>\n4.1. Proporcionalidad ordinal y cardinal.\u00a0\u00a0 \u00a0343<br \/>\n4.2. Proporcionalidad ordinal corregida para hip\u00f3tesis de reiteraci\u00f3n de la misma especie de delitos.\u00a0\u00a0 \u00a0344<br \/>\n4.3. \u00bfProporcionalidad cardinal espec\u00edfica para diversos tramos de delitos?\u00a0\u00a0 \u00a0348<br \/>\n4.4. Contumacia frente intervenciones previas de la justicia, como l\u00edmite a las consideraciones de proporcionalidad\u00a0\u00a0 \u00a0349<br \/>\n5. De vuelta al derecho chileno. Y algunas conclusiones de lege ferenda y de lege lata.\u00a0\u00a0 \u00a0350<br \/>\n5.1. La absorci\u00f3n agravada como criterio para fijar una pena total\u00a0\u00a0 \u00a0350<br \/>\n5.2. Proporcionalidad ordinal ajustada a diversos tramos de gravedad delictiva\u00a0\u00a0 \u00a0353<br \/>\n5.3. \u00bfSe vuelve necesariamente ilusoria una pena privativa de libertad cumplida simult\u00e1neamente con otra?\u00a0\u00a0 \u00a0355<br \/>\nBibliograf\u00eda\u00a0\u00a0 \u00a0356<\/p>\n","protected":false},"excerpt":{"rendered":"<p>El presente volumen se construye a partir de las ponencias presentadas en una jornada de trabajo colectiva llevada a cabo los d\u00edas 5 y 6 de Septiembre de 2019, en el campus Quebec de la Universidad de Talca, en Santiago de Chile, dedicada al tratamiento de algunos problemas &#8220;fundamentales&#8221; asociados al Concurso de Delitos. La reuni\u00f3n aparece de sobra justificada teniendo en cuenta que el concurso de delitos ha ofrecido desde siempre numerosos cuestionamientos y puntos de vista opuestos o cuando menos &#8220;alternativos&#8221;, constituyendo uno de los \u00e1mbitos del Derecho penal que carece en general de consensos. Lo dicho es particularmente preocupante si se tiene en cuenta que la materia se extiende a una amplia gama de casos y que son numerosos aquellos en los que jueces, fiscales y defensores debaten a diario acerca de la forma como se debe reaccionar frente a un individuo que debe responder en un mismo proceso por la comisi\u00f3n dos o m\u00e1s delitos. \u00cdndice Capitulo I Naturaleza del problema tratado bajo el r\u00f3tulo \u201cconcurso aparente de leyes penales\u201d Sobre el rol expresivo del principio \u201cne bis in \u00eddem\u201d: Una aproximaci\u00f3n inferencial al concurso aparente por especialidad Federico Szczaranski* 1. Introducci\u00f3n\u00a0\u00a0 \u00a025 2. Sobre la posibilidad de diferenciar entre correcci\u00f3n material y validez formal.\u00a0\u00a0 \u00a026 3. Sobre las relaciones inferenciales entre las reglas en relaci\u00f3n de especialidad.\u00a0\u00a0 \u00a030 4. Arribando a la conclusi\u00f3n materialmente correcta.\u00a0\u00a0 \u00a032 5. De relaciones inferenciales materiales a conclusiones sancionatorias derrotables.\u00a0\u00a0 \u00a036 6. Conclusi\u00f3n\u00a0\u00a0 \u00a039 Bibliograf\u00eda.\u00a0\u00a0 \u00a040 Sobre la naturaleza del concurso aparente de leyes penales Francisco Maldonado Fuentes* 1. Introducci\u00f3n\u00a0\u00a0 \u00a043 1.1. Consideraciones preliminares\u00a0\u00a0 \u00a043 1.2. Aproximaciones diversas.\u00a0\u00a0 \u00a046 2. Presentaci\u00f3n (exposici\u00f3n) de las tesis en juego\u00a0\u00a0 \u00a048 2.1. Tesis de la interpretaci\u00f3n\u00a0\u00a0 \u00a048 2.2. Tesis de la aplicabilidad\u00a0\u00a0 \u00a053 3. Principales objeciones formuladas en contra de la tesis interpretativa\u00a0\u00a0 \u00a066 4. Principales objeciones necesarias de considerar en contra de la tesis de la aplicabilidad.\u00a0\u00a0 \u00a071 5. Conclusiones.\u00a0\u00a0 \u00a078 Bibliograf\u00eda\u00a0\u00a0 \u00a083 CAPITULO II Fundamento subyacente a la consunci\u00f3n. Especial referencia a casos configurados en base a supuestos de \u201cinclusi\u00f3n\u201d La regularidad como factor relevante para la aplicaci\u00f3n de la regla de preferencia consunci\u00f3n. An\u00e1lisis cr\u00edtico. Osvaldo Artaza Varela* 1. Descripci\u00f3n del problema\u00a0\u00a0 \u00a095 2. Delimitaci\u00f3n conceptual del concurso aparente de leyes\u00a0\u00a0 \u00a097 2.1. Consideraciones previas\u00a0\u00a0 \u00a097 2.2. Concurso aparente como problema relativo a la aplicabilidad externa.\u00a0\u00a0 \u00a0101 2.3. Regularidad y su rol a prop\u00f3sito de la aplicaci\u00f3n de la regla de preferencia \u201cconsunci\u00f3n\u201d\u00a0\u00a0 \u00a0105 Bibliograf\u00eda\u00a0\u00a0 \u00a0115 La realizaci\u00f3n de m\u00faltiples formas cualificadas de un mismo tipo\u2013base como concurso aparente Juan Pablo Ma\u00f1alich R* 1. La especialidad y la consunci\u00f3n como criterios de desconocimiento penol\u00f3gico.\u00a0\u00a0 \u00a0119 2. La concurrencia de realizaciones de m\u00faltiples formas cualificadas de un mismo tipo\u2013base.\u00a0\u00a0 \u00a0124 3. El criterio (negativo) de la identidad de realizaci\u00f3n del tipo\u2013base.\u00a0\u00a0 \u00a0128 4. El criterio (positivo) de la mayor intensidad comparativa del \u00e9nfasis calificante o privilegiante.\u00a0\u00a0 \u00a0133 Bibliograf\u00eda\u00a0\u00a0 \u00a0137 CAPITULO III Casos l\u00edmite entre la consunci\u00f3n y la subsidiariedad Consideraciones conceptuales para el tratamiento del peligro abstracto en supuestos de concurso de delitos Gonzalo Bascur Retamal* 1. Introducci\u00f3n\u00a0\u00a0 \u00a0143 2. Diferencias cualitativas entre distintas clases de bienes y distintas clases de menoscabo\u00a0\u00a0 \u00a0146 2.1. El menoscabo de bienes colectivos\u00a0\u00a0 \u00a0148 2.2. \u00bfEl menoscabo (abstracto) de bienes jur\u00eddicos individuales?\u00a0\u00a0 \u00a0156 3. Balance provisional\u00a0\u00a0 \u00a0159 4. Las categor\u00edas de concurso aparente pertinentes\u00a0\u00a0 \u00a0159 4.1. Subsidiariedad material o t\u00e1cita\u00a0\u00a0 \u00a0160 4.1.1. Regla general: \u00bfSubsidiariedad del peligro?\u00a0\u00a0 \u00a0161 4.1.2. Tipos de peligro com\u00fan y subsidiariedad\u00a0\u00a0 \u00a0162 4.1.3. Tipos contra bienes jur\u00eddicos colectivos y subsidiariedad\u00a0\u00a0 \u00a0164 4.2. Absorci\u00f3n o consunci\u00f3n\u00a0\u00a0 \u00a0167 4.2.1. Actos posteriores copenados\u00a0\u00a0 \u00a0168 4.2.2. Actos acompa\u00f1antes copenados\u00a0\u00a0 \u00a0170 5. Balance e ideas finales\u00a0\u00a0 \u00a0174 Bibliograf\u00eda\u00a0\u00a0 \u00a0177 Sobre la posible consunci\u00f3n de tipos de tenencia ilegal de armas en tipos de lesi\u00f3n Gonzalo J. Basso* 1. Introducci\u00f3n\u00a0\u00a0 \u00a0185 2. Reglas concursales como reglas de determinaci\u00f3n judicial de la pena\u00a0\u00a0 \u00a0187 3. La estructura de los tipos penales de portaci\u00f3n ilegal de armas\u00a0\u00a0 \u00a0200 4. Sobre la posible relaci\u00f3n de concurso de leyes entre tipos penales de peligro abstracto de portaci\u00f3n ilegal de armas y tipos penales de lesi\u00f3n\u00a0\u00a0 \u00a0203 5. Reflexi\u00f3n final\u00a0\u00a0 \u00a0210 Bibliograf\u00eda\u00a0\u00a0 \u00a0211 Concurso aparente de leyes penales: La categor\u00eda de la consunci\u00f3n frente al sistema de reacci\u00f3n concursal Claudio Quintana* 1. Delimitaci\u00f3n conceptual y descripci\u00f3n del problema\u00a0\u00a0 \u00a0217 2. Sistema concursal chileno: Lesi\u00f3n plural y valoraci\u00f3n m\u00faltiple\u00a0\u00a0 \u00a0222 3. Ex \u2013 curso: Naturaleza del concurso aparente de leyes penales\u00a0\u00a0 \u00a0226 4. \u00a0Principios: estado de la cuesti\u00f3n y valoraci\u00f3n preliminar\u00a0\u00a0 \u00a0232 5. Principios de soluci\u00f3n: revaloraci\u00f3n.\u00a0\u00a0 \u00a0243 6. Principio de consunci\u00f3n: valoraci\u00f3n cr\u00edtica.\u00a0\u00a0 \u00a0253 7. Principio de consunci\u00f3n: ex post.\u00a0\u00a0 \u00a0261 8. Conclusiones\u00a0\u00a0 \u00a0263 Bibliograf\u00eda\u00a0\u00a0 \u00a0264 CAPITULO IV Supuesto propio y fundamento de la soluci\u00f3n penol\u00f3gica diferenciada en el llamado \u201cconcurso ideal\u201d Unidad de hecho y unidad de resultado antijur\u00eddico como supuestos del concurso ideal de delitos Luis Emilio Rojas A.* 1. Introducci\u00f3n\u00a0\u00a0 \u00a0273 2. El concurso ideal situado entre el concurso aparente de leyes penales y el con\u00adcurso real de delitos\u00a0\u00a0 \u00a0275 3. El art. 75 CP como regla de determinaci\u00f3n legal de la pena\u00a0\u00a0 \u00a0279 4. Propuesta de reinterpretaci\u00f3n del art. 75 CP\u00a0\u00a0 \u00a0284 4.1. Concurso ideal de delitos por unidad de hecho\u00a0\u00a0 \u00a0286 4.2. Concurso ideal de delitos por unidad de resultado antijur\u00eddico\u00a0\u00a0 \u00a0291 5. Conclusi\u00f3n y algunas consecuencias\u00a0\u00a0 \u00a0295 Bibliograf\u00eda.\u00a0\u00a0 \u00a0298 Unidad de hecho concursal Alex van Weezel* 1. El concurso ideal y su regulaci\u00f3n.\u00a0\u00a0 \u00a0301 2. Una primera aproximaci\u00f3n al significado de \u201cun solo hecho\u201d en el art. 75.\u00a0\u00a0 \u00a0303 3. Cu\u00e1l es el problema que el art. 75 intenta resolver (y una propuesta de soluci\u00f3n).\u00a0\u00a0 \u00a0305 4. La soluci\u00f3n del art. 75 no es la aventurada en el apartado anterior. Intentando formular las preguntas correctas.\u00a0\u00a0 \u00a0308 5. \u00bfUnidad de contexto o unidad de efecto.\u00a0\u00a0 \u00a0314 6. El estatus del peligro y algunas constelaciones paradigm\u00e1ticas.\u00a0\u00a0 \u00a0318 7. En s\u00edntesis:\u00a0\u00a0 \u00a0324 Bibliograf\u00eda.\u00a0\u00a0 \u00a0325 CAPITULO V Problemas valorativos y concurso real o material de delitos \u00bfSe justifica la acumulaci\u00f3n material de penas privativas de libertad a trav\u00e9s su cumplimiento sucesivo? Consideraciones cr\u00edticas, a partir del principio de proporcionalidad<\/p>\n","protected":false},"featured_media":3869,"comment_status":"open","ping_status":"closed","template":"","meta":{"inline_featured_image":false,"_joinchat":[]},"product_brand":[],"product_cat":[30],"product_tag":[],"class_list":{"0":"post-3813","1":"product","2":"type-product","3":"status-publish","4":"has-post-thumbnail","6":"product_cat-penal","7":"product_shipping_class-a-convenir","9":"first","10":"instock","11":"shipping-taxable","12":"purchasable","13":"product-type-simple"},"_links":{"self":[{"href":"https:\/\/bibliotecajuridicavirtual.cl\/index.php\/wp-json\/wp\/v2\/product\/3813","targetHints":{"allow":["GET"]}}],"collection":[{"href":"https:\/\/bibliotecajuridicavirtual.cl\/index.php\/wp-json\/wp\/v2\/product"}],"about":[{"href":"https:\/\/bibliotecajuridicavirtual.cl\/index.php\/wp-json\/wp\/v2\/types\/product"}],"replies":[{"embeddable":true,"href":"https:\/\/bibliotecajuridicavirtual.cl\/index.php\/wp-json\/wp\/v2\/comments?post=3813"}],"wp:featuredmedia":[{"embeddable":true,"href":"https:\/\/bibliotecajuridicavirtual.cl\/index.php\/wp-json\/wp\/v2\/media\/3869"}],"wp:attachment":[{"href":"https:\/\/bibliotecajuridicavirtual.cl\/index.php\/wp-json\/wp\/v2\/media?parent=3813"}],"wp:term":[{"taxonomy":"product_brand","embeddable":true,"href":"https:\/\/bibliotecajuridicavirtual.cl\/index.php\/wp-json\/wp\/v2\/product_brand?post=3813"},{"taxonomy":"product_cat","embeddable":true,"href":"https:\/\/bibliotecajuridicavirtual.cl\/index.php\/wp-json\/wp\/v2\/product_cat?post=3813"},{"taxonomy":"product_tag","embeddable":true,"href":"https:\/\/bibliotecajuridicavirtual.cl\/index.php\/wp-json\/wp\/v2\/product_tag?post=3813"}],"curies":[{"name":"wp","href":"https:\/\/api.w.org\/{rel}","templated":true}]}}