{"id":3814,"date":"2026-02-28T01:20:30","date_gmt":"2026-02-28T04:20:30","guid":{"rendered":"https:\/\/bibliotecajuridicavirtual.cl\/?post_type=product&#038;p=3814"},"modified":"2026-02-28T01:21:00","modified_gmt":"2026-02-28T04:21:00","slug":"derecho-al-futuro-el-derecho-de-la-inteligencia-artificial-dia-ano-2022-136-pag-autor-marcos-lopez-oneto","status":"publish","type":"product","link":"https:\/\/bibliotecajuridicavirtual.cl\/index.php\/product\/derecho-al-futuro-el-derecho-de-la-inteligencia-artificial-dia-ano-2022-136-pag-autor-marcos-lopez-oneto\/","title":{"rendered":"Derecho al Futuro. El Derecho de la Inteligencia Artificial (DIA). A\u00f1o 2022\/ 136 P\u00e1g. Autor Marcos L\u00f3pez Oneto"},"content":{"rendered":"<p>Consistentemente avanzamos hacia la era de la Inteligencia Artificial (IA). Y al parecer, se trata de una marcha que ya no puede detenerse. As\u00ed como ofrece indudables beneficios para el desarrollo sustentable, tambi\u00e9n propone una serie de amenazas. La IA, al igual que la energ\u00eda nuclear, \u00a0tiene el potencial de conducir a la humanidad hacia mejores estados de desarrollo o hacia su t\u00e9rmino civilizacional. En un primer momento, la expansi\u00f3n de la IA sin controles \u00e9ticos y jur\u00eddicos, y como ya est\u00e1 dando se\u00f1ales concretas de poder hacerlo, afectar\u00e1 la privacidad, la libertad y la igualdad de las personas. Pero a la largo plazo, lo que estar\u00e1 en juego ser\u00e1 la continuidad misma del Homo sapiens.<br \/>\nEn libro \u00a0que presentamos constituye el primer intento de construcci\u00f3n de los fundamentos de un Derecho de la Inteligencia Artificial, cuyo fin regulativo es orientar el desarrollo de la IA en funci\u00f3n de la continuidad y sustentabilidad de la humanidad. En la hora presente, se trata de un libro necesario que, conjuntamente con presentar cr\u00edticamente el estado del arte, propone caminos y abre horizontes. \u00a0Se trata as\u00ed de un libro que debiese llegar a las manos de todo lector interesado en la reflexi\u00f3n sobre el impacto de la IA en el curso evolutivo de la humanidad.<br \/>\nMarcos L\u00f3pez Oneto, es abogado, Doctor en Derecho por la Universidad de Chile y profesor de Derecho de la Inteligencia Artificial y Derecho del Trabajo en universidades chilenas y extranjeras. Con anterioridad a esta obra, public\u00f3 el a\u00f1o 2020 con Tirant lo Blanch, Valencia (Espa\u00f1a), el libro Fundamentos para un Derecho de la Inteligencia Artificial: \u00bfqueremos seguir siendo humanos?<\/p>\n<p>\u00cdNDICE<br \/>\nINTRODUCCI\u00d3N\u00a0\u00a0 \u00a0\u00a0\u00a0 \u00a09<br \/>\nCap\u00edtulo 1<br \/>\nLA CUARTA REVOLUCI\u00d3N INDUSTRIAL Y LA ERA DE LA INFORMACI\u00d3N COMO FUENTES MATERIALES DEL DERECHO DE LA INTELIGENCIA ARTIFICIAL (DIA)\u00a0\u00a0 \u00a0\u00a0\u00a0 \u00a021<br \/>\n1.1.\u00a0\u00a0 \u00a0CARACTERIZACI\u00d3N DE LA 4RI\u00a0\u00a0 \u00a0\u00a0\u00a0 \u00a025<br \/>\n1.1.1.\u00a0\u00a0 \u00a0La cuarta revoluci\u00f3n industrial en la Era de la Informaci\u00f3n\u00a0\u00a0 \u00a0\u00a0\u00a0 \u00a030<br \/>\n1.2.\u00a0\u00a0 \u00a0Las tecnolog\u00edas de la cuarta revoluci\u00f3n y en particular de la Inteligencia Artificial (IA)\u00a0\u00a0 \u00a0\u00a0\u00a0 \u00a032<br \/>\n1.2.1.\u00a0\u00a0 \u00a0\u00bfQu\u00e9 es la Inteligencia Artificial?\u00a0\u00a0 \u00a0\u00a0\u00a0 \u00a033<br \/>\n1.3.\u00a0\u00a0 \u00a0IMPACTO DE LA IA EN LA SOCIEDAD\u00a0\u00a0 \u00a0\u00a0\u00a0 \u00a044<br \/>\n1.3.1.\u00a0\u00a0 \u00a0El impacto de la IA en el trabajo y en el empleo\u00a0\u00a0 \u00a0\u00a0\u00a0 \u00a046<br \/>\n1.3.2.\u00a0\u00a0 \u00a0El impacto en el curso evolutivo del homo sapiens sapiens y la humanidad.\u00a0\u00a0 \u00a0\u00a0\u00a0 \u00a053<br \/>\nCap\u00edtulo 2<br \/>\nFUNDAMENTOS \u00c9TICOS PARA UN DERECHO DE LA INTELIGENCIA ARTIFICIAL (DIA)\u00a0\u00a0 \u00a0\u00a0\u00a0 \u00a057<br \/>\n2.1.\u00a0\u00a0 \u00a0APROXIMACI\u00d3N CONCEPTUAL AL TRANSHUMANISMO\u00a0\u00a0 \u00a0\u00a0\u00a0 \u00a057<br \/>\n2.1.1.\u00a0\u00a0 \u00a0El transhumanismo como un neo-gnosticismo fundado en el tecnoptimismo\u00a0\u00a0 \u00a0\u00a0\u00a0 \u00a064<br \/>\n2.2.\u00a0\u00a0 \u00a0\u00c9TICA PARA UN DERECHO DE LA INTELIGENCIA ARTIFICIAL (DIA): RESPONSABILIDAD Y PRECAUCI\u00d3N\u00a0\u00a0 \u00a0\u00a0\u00a0 \u00a067<br \/>\n2.2.1.\u00a0\u00a0 \u00a0S\u00edntesis de la \u00e9tica para un DIA\u00a0\u00a0 \u00a0\u00a0\u00a0 \u00a073<br \/>\nCap\u00edtulo 3<br \/>\nCONFIGURACI\u00d3N UNIVERSAL DEL DERECHO DE LA INTELIGENCIA ARTIFICIAL (DIA)\u00a0\u00a0 \u00a0\u00a0\u00a0 \u00a075<br \/>\n3.1.\u00a0\u00a0 \u00a0UNA MIRADA A LA ONU: AI FOR GOOD\u00a0\u00a0 \u00a0\u00a0\u00a0 \u00a075<br \/>\n3.2.\u00a0\u00a0 \u00a0UNA MIRADA A EUROPA\u00a0\u00a0 \u00a0\u00a0\u00a0 \u00a077<br \/>\n3.3.\u00a0\u00a0 \u00a0UNA MIRADA A EE.UU.\u00a0\u00a0 \u00a0\u00a0\u00a0 \u00a084<br \/>\n3.4.\u00a0\u00a0 \u00a0PARA UN DERECHO DE LA INTELIGENCIA ARTIFICIAL (DIA)\u00a0\u00a0 \u00a0\u00a0\u00a0 \u00a089<br \/>\n3.4.1.\u00a0\u00a0 \u00a0El DIA como una manifestaci\u00f3n de DIDH\u00a0\u00a0 \u00a0\u00a0\u00a0 \u00a089<br \/>\n3.4.1.1.\u00a0\u00a0 \u00a0Una concepci\u00f3n razonable de los principios jur\u00eddicos\u00a0\u00a0 \u00a0\u00a0\u00a0 \u00a090<br \/>\n3.4.1.2.\u00a0\u00a0 \u00a0Principios expresos y principios impl\u00edcitos\u00a0\u00a0 \u00a0\u00a0\u00a0 \u00a094<br \/>\n3.4.1.3.\u00a0\u00a0 \u00a0Brev\u00edsima contextualizaci\u00f3n en materia de Derechos Humanos y Derecho Internacional de los Derechos Humanos (DIDH)\u00a0\u00a0 \u00a0\u00a0\u00a0 \u00a096<br \/>\n3.5.\u00a0\u00a0 \u00a0LOS PRINCIPIOS O LEYES FUNDAMENTALES DE LA IA\u00a0\u00a0 \u00a0\u00a0\u00a0 \u00a0100<br \/>\n3.5.1.\u00a0\u00a0 \u00a0Inferencia de los principios\u00a0\u00a0 \u00a0\u00a0\u00a0 \u00a0101<br \/>\n3.5.2.\u00a0\u00a0 \u00a0Casos gen\u00e9ricos de aplicaci\u00f3n de los principios\u00a0\u00a0 \u00a0\u00a0\u00a0 \u00a0105<br \/>\n3.6.\u00a0\u00a0 \u00a0DELIMITANDO CAMPOS ENTRE EL DIA Y ALGUNOS CAMPOS CERCANOS: LA INFORM\u00c1TICA JUR\u00cdDICA, EL DERECHO INFORM\u00c1TICO Y ARTIFICIAL INTELLIGENCE AND LAW \u00a0\u00a0 \u00a0\u00a0\u00a0 \u00a0107<br \/>\n3.6.1.\u00a0\u00a0 \u00a0Inform\u00e1tica Jur\u00eddica (IFJ)\u00a0\u00a0 \u00a0\u00a0\u00a0 \u00a0108<br \/>\n3.6.2.\u00a0\u00a0 \u00a0Derecho Inform\u00e1tico (DIF)\u00a0\u00a0 \u00a0\u00a0\u00a0 \u00a0109<br \/>\n3.6.3.\u00a0\u00a0 \u00a0Artificial Intelligence and Law\u00a0\u00a0 \u00a0\u00a0\u00a0 \u00a0111<br \/>\nCONCLUSIONES\u00a0\u00a0 \u00a0\u00a0\u00a0 \u00a0115<\/p>\n","protected":false},"excerpt":{"rendered":"<p>Consistentemente avanzamos hacia la era de la Inteligencia Artificial (IA). Y al parecer, se trata de una marcha que ya no puede detenerse. As\u00ed como ofrece indudables beneficios para el desarrollo sustentable, tambi\u00e9n propone una serie de amenazas. La IA, al igual que la energ\u00eda nuclear, \u00a0tiene el potencial de conducir a la humanidad hacia mejores estados de desarrollo o hacia su t\u00e9rmino civilizacional. En un primer momento, la expansi\u00f3n de la IA sin controles \u00e9ticos y jur\u00eddicos, y como ya est\u00e1 dando se\u00f1ales concretas de poder hacerlo, afectar\u00e1 la privacidad, la libertad y la igualdad de las personas. Pero a la largo plazo, lo que estar\u00e1 en juego ser\u00e1 la continuidad misma del Homo sapiens. En libro \u00a0que presentamos constituye el primer intento de construcci\u00f3n de los fundamentos de un Derecho de la Inteligencia Artificial, cuyo fin regulativo es orientar el desarrollo de la IA en funci\u00f3n de la continuidad y sustentabilidad de la humanidad. En la hora presente, se trata de un libro necesario que, conjuntamente con presentar cr\u00edticamente el estado del arte, propone caminos y abre horizontes. \u00a0Se trata as\u00ed de un libro que debiese llegar a las manos de todo lector interesado en la reflexi\u00f3n sobre el impacto de la IA en el curso evolutivo de la humanidad. Marcos L\u00f3pez Oneto, es abogado, Doctor en Derecho por la Universidad de Chile y profesor de Derecho de la Inteligencia Artificial y Derecho del Trabajo en universidades chilenas y extranjeras. Con anterioridad a esta obra, public\u00f3 el a\u00f1o 2020 con Tirant lo Blanch, Valencia (Espa\u00f1a), el libro Fundamentos para un Derecho de la Inteligencia Artificial: \u00bfqueremos seguir siendo humanos? \u00cdNDICE INTRODUCCI\u00d3N\u00a0\u00a0 \u00a0\u00a0\u00a0 \u00a09 Cap\u00edtulo 1 LA CUARTA REVOLUCI\u00d3N INDUSTRIAL Y LA ERA DE LA INFORMACI\u00d3N COMO FUENTES MATERIALES DEL DERECHO DE LA INTELIGENCIA ARTIFICIAL (DIA)\u00a0\u00a0 \u00a0\u00a0\u00a0 \u00a021 1.1.\u00a0\u00a0 \u00a0CARACTERIZACI\u00d3N DE LA 4RI\u00a0\u00a0 \u00a0\u00a0\u00a0 \u00a025 1.1.1.\u00a0\u00a0 \u00a0La cuarta revoluci\u00f3n industrial en la Era de la Informaci\u00f3n\u00a0\u00a0 \u00a0\u00a0\u00a0 \u00a030 1.2.\u00a0\u00a0 \u00a0Las tecnolog\u00edas de la cuarta revoluci\u00f3n y en particular de la Inteligencia Artificial (IA)\u00a0\u00a0 \u00a0\u00a0\u00a0 \u00a032 1.2.1.\u00a0\u00a0 \u00a0\u00bfQu\u00e9 es la Inteligencia Artificial?\u00a0\u00a0 \u00a0\u00a0\u00a0 \u00a033 1.3.\u00a0\u00a0 \u00a0IMPACTO DE LA IA EN LA SOCIEDAD\u00a0\u00a0 \u00a0\u00a0\u00a0 \u00a044 1.3.1.\u00a0\u00a0 \u00a0El impacto de la IA en el trabajo y en el empleo\u00a0\u00a0 \u00a0\u00a0\u00a0 \u00a046 1.3.2.\u00a0\u00a0 \u00a0El impacto en el curso evolutivo del homo sapiens sapiens y la humanidad.\u00a0\u00a0 \u00a0\u00a0\u00a0 \u00a053 Cap\u00edtulo 2 FUNDAMENTOS \u00c9TICOS PARA UN DERECHO DE LA INTELIGENCIA ARTIFICIAL (DIA)\u00a0\u00a0 \u00a0\u00a0\u00a0 \u00a057 2.1.\u00a0\u00a0 \u00a0APROXIMACI\u00d3N CONCEPTUAL AL TRANSHUMANISMO\u00a0\u00a0 \u00a0\u00a0\u00a0 \u00a057 2.1.1.\u00a0\u00a0 \u00a0El transhumanismo como un neo-gnosticismo fundado en el tecnoptimismo\u00a0\u00a0 \u00a0\u00a0\u00a0 \u00a064 2.2.\u00a0\u00a0 \u00a0\u00c9TICA PARA UN DERECHO DE LA INTELIGENCIA ARTIFICIAL (DIA): RESPONSABILIDAD Y PRECAUCI\u00d3N\u00a0\u00a0 \u00a0\u00a0\u00a0 \u00a067 2.2.1.\u00a0\u00a0 \u00a0S\u00edntesis de la \u00e9tica para un DIA\u00a0\u00a0 \u00a0\u00a0\u00a0 \u00a073 Cap\u00edtulo 3 CONFIGURACI\u00d3N UNIVERSAL DEL DERECHO DE LA INTELIGENCIA ARTIFICIAL (DIA)\u00a0\u00a0 \u00a0\u00a0\u00a0 \u00a075 3.1.\u00a0\u00a0 \u00a0UNA MIRADA A LA ONU: AI FOR GOOD\u00a0\u00a0 \u00a0\u00a0\u00a0 \u00a075 3.2.\u00a0\u00a0 \u00a0UNA MIRADA A EUROPA\u00a0\u00a0 \u00a0\u00a0\u00a0 \u00a077 3.3.\u00a0\u00a0 \u00a0UNA MIRADA A EE.UU.\u00a0\u00a0 \u00a0\u00a0\u00a0 \u00a084 3.4.\u00a0\u00a0 \u00a0PARA UN DERECHO DE LA INTELIGENCIA ARTIFICIAL (DIA)\u00a0\u00a0 \u00a0\u00a0\u00a0 \u00a089 3.4.1.\u00a0\u00a0 \u00a0El DIA como una manifestaci\u00f3n de DIDH\u00a0\u00a0 \u00a0\u00a0\u00a0 \u00a089 3.4.1.1.\u00a0\u00a0 \u00a0Una concepci\u00f3n razonable de los principios jur\u00eddicos\u00a0\u00a0 \u00a0\u00a0\u00a0 \u00a090 3.4.1.2.\u00a0\u00a0 \u00a0Principios expresos y principios impl\u00edcitos\u00a0\u00a0 \u00a0\u00a0\u00a0 \u00a094 3.4.1.3.\u00a0\u00a0 \u00a0Brev\u00edsima contextualizaci\u00f3n en materia de Derechos Humanos y Derecho Internacional de los Derechos Humanos (DIDH)\u00a0\u00a0 \u00a0\u00a0\u00a0 \u00a096 3.5.\u00a0\u00a0 \u00a0LOS PRINCIPIOS O LEYES FUNDAMENTALES DE LA IA\u00a0\u00a0 \u00a0\u00a0\u00a0 \u00a0100 3.5.1.\u00a0\u00a0 \u00a0Inferencia de los principios\u00a0\u00a0 \u00a0\u00a0\u00a0 \u00a0101 3.5.2.\u00a0\u00a0 \u00a0Casos gen\u00e9ricos de aplicaci\u00f3n de los principios\u00a0\u00a0 \u00a0\u00a0\u00a0 \u00a0105 3.6.\u00a0\u00a0 \u00a0DELIMITANDO CAMPOS ENTRE EL DIA Y ALGUNOS CAMPOS CERCANOS: LA INFORM\u00c1TICA JUR\u00cdDICA, EL DERECHO INFORM\u00c1TICO Y ARTIFICIAL INTELLIGENCE AND LAW \u00a0\u00a0 \u00a0\u00a0\u00a0 \u00a0107 3.6.1.\u00a0\u00a0 \u00a0Inform\u00e1tica Jur\u00eddica (IFJ)\u00a0\u00a0 \u00a0\u00a0\u00a0 \u00a0108 3.6.2.\u00a0\u00a0 \u00a0Derecho Inform\u00e1tico (DIF)\u00a0\u00a0 \u00a0\u00a0\u00a0 \u00a0109 3.6.3.\u00a0\u00a0 \u00a0Artificial Intelligence and Law\u00a0\u00a0 \u00a0\u00a0\u00a0 \u00a0111 CONCLUSIONES\u00a0\u00a0 \u00a0\u00a0\u00a0 \u00a0115<\/p>\n","protected":false},"featured_media":3870,"comment_status":"open","ping_status":"closed","template":"","meta":{"inline_featured_image":false,"_joinchat":[]},"product_brand":[],"product_cat":[27],"product_tag":[],"class_list":{"0":"post-3814","1":"product","2":"type-product","3":"status-publish","4":"has-post-thumbnail","6":"product_cat-civil","7":"product_shipping_class-a-convenir","9":"first","10":"instock","11":"shipping-taxable","12":"purchasable","13":"product-type-simple"},"_links":{"self":[{"href":"https:\/\/bibliotecajuridicavirtual.cl\/index.php\/wp-json\/wp\/v2\/product\/3814","targetHints":{"allow":["GET"]}}],"collection":[{"href":"https:\/\/bibliotecajuridicavirtual.cl\/index.php\/wp-json\/wp\/v2\/product"}],"about":[{"href":"https:\/\/bibliotecajuridicavirtual.cl\/index.php\/wp-json\/wp\/v2\/types\/product"}],"replies":[{"embeddable":true,"href":"https:\/\/bibliotecajuridicavirtual.cl\/index.php\/wp-json\/wp\/v2\/comments?post=3814"}],"wp:featuredmedia":[{"embeddable":true,"href":"https:\/\/bibliotecajuridicavirtual.cl\/index.php\/wp-json\/wp\/v2\/media\/3870"}],"wp:attachment":[{"href":"https:\/\/bibliotecajuridicavirtual.cl\/index.php\/wp-json\/wp\/v2\/media?parent=3814"}],"wp:term":[{"taxonomy":"product_brand","embeddable":true,"href":"https:\/\/bibliotecajuridicavirtual.cl\/index.php\/wp-json\/wp\/v2\/product_brand?post=3814"},{"taxonomy":"product_cat","embeddable":true,"href":"https:\/\/bibliotecajuridicavirtual.cl\/index.php\/wp-json\/wp\/v2\/product_cat?post=3814"},{"taxonomy":"product_tag","embeddable":true,"href":"https:\/\/bibliotecajuridicavirtual.cl\/index.php\/wp-json\/wp\/v2\/product_tag?post=3814"}],"curies":[{"name":"wp","href":"https:\/\/api.w.org\/{rel}","templated":true}]}}