{"id":3844,"date":"2026-02-28T01:20:56","date_gmt":"2026-02-28T04:20:56","guid":{"rendered":"https:\/\/bibliotecajuridicavirtual.cl\/?post_type=product&#038;p=3844"},"modified":"2026-02-28T01:21:03","modified_gmt":"2026-02-28T04:21:03","slug":"xii-jornadas-chilenas-de-derecho-comercial-ano-2022-382-pag-autor-pablo-manterola-dominguez-y-manuel-bernet-paez","status":"publish","type":"product","link":"https:\/\/bibliotecajuridicavirtual.cl\/index.php\/product\/xii-jornadas-chilenas-de-derecho-comercial-ano-2022-382-pag-autor-pablo-manterola-dominguez-y-manuel-bernet-paez\/","title":{"rendered":"XII Jornadas chilenas de Derecho Comercial. A\u00f1o 2022\/ 382 P\u00e1g. Autor Pablo Manterola Dom\u00ednguez y Manuel Bern\u00e9t P\u00e1ez"},"content":{"rendered":"<p>El presente volumen recoge las diecinueve ponencias presentadas en las XII\u00a0 Jornadas Chilenas de Derecho Comercial, que tuvieron lugar el 22 de octubre\u00a0 de 2021 en la Universidad de los Andes. La pandemia de Covid-19 no impidi\u00f3 ?con estrictas medidas sanitarias? mantener un contacto presencial que es decisivo para el debate acad\u00e9mico y para la consolidaci\u00f3n de la comunidad de profesores que cultivan el derecho comercial. Al tratarse del evento m\u00e1s importante para la comunidad acad\u00e9mica de nuestro pa\u00eds, sus actas constituyen un<br \/>\nvalioso aporte a la investigaci\u00f3n y discusi\u00f3n de problemas actuales en materia de derecho de la competencia y competencia leal, de derecho de sociedades y de derecho de los contratos mercantiles. Son asimismo \u00fatiles para quienes, por dedicarse a la asesor\u00eda de empresas, deben lidiar con los problemas que continuamente<br \/>\nplantea la pr\u00e1ctica. El consorcio de universidades que anualmente organiza las Jornadas Chilenas de Derecho Comercial est\u00e1 integrado por la Universidad de Chile, la Universidad de Concepci\u00f3n, la Pontificia Universidad Cat\u00f3lica de Valpara\u00edso, la Universidad Cat\u00f3lica del Norte, la Universidad Adolfo Ib\u00e1\u00f1ez y la Pontificia Universidad\u00a0 \u00a0Cat\u00f3lica de Chile, adem\u00e1s de la misma Universidad de los Andes.<\/p>\n<p>\u00cdndice<br \/>\nPresentaci\u00f3n\u00a0\u00a0 \u00a0\u00a0\u00a0 \u00a013<br \/>\nPrimera secci\u00f3n<br \/>\nDerecho de la competencia<br \/>\nColusi\u00f3n por algoritmos de precios\u00a0\u00a0 \u00a0\u00a0\u00a0 \u00a017<br \/>\nMar\u00eda Francisca Labb\u00e9 Figueroa<br \/>\n\u00c1mbito de aplicaci\u00f3n de los planes de cumplimiento de la LPDC frente a il\u00edcitos anticompetitivos. Otro aporte m\u00e1s del caso supermercado\u00a0\u00a0 \u00a0\u00a0\u00a0 \u00a027<br \/>\nAdolfo Silva Walbaum<br \/>\nLa publicidad denigratoria y la tutela de la dignidad del competidor en el derecho chileno: una aproximaci\u00f3n desde el c\u00f3digo chileno de \u00e9tica publicitaria y desde la Ley 20.169 sobre Competencia Desleal\u00a0\u00a0 \u00a0\u00a0\u00a0 \u00a043<br \/>\nPatricia Ver\u00f3nica L\u00f3pez D\u00edaz<br \/>\nLa captaci\u00f3n de trabajadores de un competidor como il\u00edcito desleal\u00a0\u00a0 \u00a0\u00a0\u00a0 \u00a067<br \/>\nManuel Bernet P\u00e1ez<br \/>\nSegunda secci\u00f3n<br \/>\nDerecho de sociedades<br \/>\nEl r\u00e9gimen de liquidaci\u00f3n por los socios en la sociedad de responsabilidad limitada comercial\u00a0\u00a0 \u00a0\u00a0\u00a0 \u00a095<br \/>\nGuillermo Caballero Germain<br \/>\nLa \u201cresponsabilidad ilimitada impropia\u201d del titular de la empresa individual de responsabilidad limitada\u00a0\u00a0 \u00a0\u00a0\u00a0 \u00a0109<br \/>\nJuan Luis Goldenberg Serrano<br \/>\n\u00bfQu\u00e9 podemos aprender de la codeterminaci\u00f3n alemana?\u00a0\u00a0 \u00a0\u00a0\u00a0 \u00a0133<br \/>\nGonzalo Islas y Osvaldo Lagos<br \/>\nNotas sobre las sociedades familiares en el derecho chileno\u00a0\u00a0 \u00a0\u00a0\u00a0 \u00a0157<br \/>\nIgnacio Araya Paredes<br \/>\nAlgunas reflexiones sobre las sociedades con misi\u00f3n en la legislaci\u00f3n francesa\u00a0\u00a0 \u00a0\u00a0\u00a0 \u00a0177<br \/>\nSara Moreno Fern\u00e1ndez<br \/>\nCostos de previsi\u00f3n y evaluaci\u00f3n en el modelo chileno de disoluci\u00f3n por causa grave de sociedades an\u00f3nimas cerradas\u00a0\u00a0 \u00a0\u00a0\u00a0 \u00a0187<br \/>\nPablo Manterola<br \/>\nNuevas posibilidades de la autocartera\u00a0\u00a0 \u00a0\u00a0\u00a0 \u00a0207<br \/>\nRa\u00fal Patricio Fuentes Mechasqui y Ra\u00fal Fuentes Ugalde<br \/>\nTercera secci\u00f3n<br \/>\nDerecho de los contratos<br \/>\nLa recepci\u00f3n de la factura en la Ley 19.983. Su importancia desde lo sustantivo y algunas tareas pendientes para el ordenamiento en cuanto a la forma \u00a0\u00a0 \u00a0\u00a0\u00a0 \u00a0229<br \/>\nMaximiliano Escobar Saavedra<br \/>\nContratos comerciales en una cadena de suministro transnacional: evoluci\u00f3n desde el derecho contractual cl\u00e1sico hacia el derecho contractual sostenible\u00a0\u00a0 \u00a0\u00a0\u00a0 \u00a0245<br \/>\nLorena Carvajal Arenas<br \/>\nSistematizaci\u00f3n y an\u00e1lisis de los derechos legales del pasajero a\u00e9reo\u00a0\u00a0 \u00a0\u00a0\u00a0 \u00a0261<br \/>\nRodrigo Hanan\u00edas Castillo<br \/>\nBuena fe y obligaciones del asegurador en el seguro de da\u00f1os contra la propiedad\u00a0\u00a0 \u00a0\u00a0\u00a0 \u00a0283<br \/>\nMarco Antonio Rosas Zambrano<br \/>\nEl seguro de garant\u00eda a primer requerimiento y la exceptio doli\u00a0\u00a0 \u00a0\u00a0\u00a0 \u00a0299<br \/>\nRoberto R\u00edos Ossa<br \/>\nCuarta secci\u00f3n<br \/>\nVaria<br \/>\nReflexiones en torno a una eventual recodificaci\u00f3n comercial chilena\u00a0\u00a0 \u00a0\u00a0\u00a0 \u00a0317<br \/>\nCamila Quijano Escobar<br \/>\nCompliance y canales de denuncia: An\u00e1lisis cr\u00edtico de la nueva figura del \u201cdenunciante an\u00f3nimo\u201d \u00a0\u00a0 \u00a0\u00a0\u00a0 \u00a0337<br \/>\n\u00c1ngela Natalia Toso Milos<br \/>\nAlgunas breves notas sobre el tratamiento de datos personales por terceros en la Ley 19.628 y sus consecuencias\u00a0\u00a0 \u00a0\u00a0\u00a0 \u00a0363<br \/>\nJaime Alcalde Silva<\/p>\n","protected":false},"excerpt":{"rendered":"<p>El presente volumen recoge las diecinueve ponencias presentadas en las XII\u00a0 Jornadas Chilenas de Derecho Comercial, que tuvieron lugar el 22 de octubre\u00a0 de 2021 en la Universidad de los Andes. La pandemia de Covid-19 no impidi\u00f3 ?con estrictas medidas sanitarias? mantener un contacto presencial que es decisivo para el debate acad\u00e9mico y para la consolidaci\u00f3n de la comunidad de profesores que cultivan el derecho comercial. Al tratarse del evento m\u00e1s importante para la comunidad acad\u00e9mica de nuestro pa\u00eds, sus actas constituyen un valioso aporte a la investigaci\u00f3n y discusi\u00f3n de problemas actuales en materia de derecho de la competencia y competencia leal, de derecho de sociedades y de derecho de los contratos mercantiles. Son asimismo \u00fatiles para quienes, por dedicarse a la asesor\u00eda de empresas, deben lidiar con los problemas que continuamente plantea la pr\u00e1ctica. El consorcio de universidades que anualmente organiza las Jornadas Chilenas de Derecho Comercial est\u00e1 integrado por la Universidad de Chile, la Universidad de Concepci\u00f3n, la Pontificia Universidad Cat\u00f3lica de Valpara\u00edso, la Universidad Cat\u00f3lica del Norte, la Universidad Adolfo Ib\u00e1\u00f1ez y la Pontificia Universidad\u00a0 \u00a0Cat\u00f3lica de Chile, adem\u00e1s de la misma Universidad de los Andes. \u00cdndice Presentaci\u00f3n\u00a0\u00a0 \u00a0\u00a0\u00a0 \u00a013 Primera secci\u00f3n Derecho de la competencia Colusi\u00f3n por algoritmos de precios\u00a0\u00a0 \u00a0\u00a0\u00a0 \u00a017 Mar\u00eda Francisca Labb\u00e9 Figueroa \u00c1mbito de aplicaci\u00f3n de los planes de cumplimiento de la LPDC frente a il\u00edcitos anticompetitivos. Otro aporte m\u00e1s del caso supermercado\u00a0\u00a0 \u00a0\u00a0\u00a0 \u00a027 Adolfo Silva Walbaum La publicidad denigratoria y la tutela de la dignidad del competidor en el derecho chileno: una aproximaci\u00f3n desde el c\u00f3digo chileno de \u00e9tica publicitaria y desde la Ley 20.169 sobre Competencia Desleal\u00a0\u00a0 \u00a0\u00a0\u00a0 \u00a043 Patricia Ver\u00f3nica L\u00f3pez D\u00edaz La captaci\u00f3n de trabajadores de un competidor como il\u00edcito desleal\u00a0\u00a0 \u00a0\u00a0\u00a0 \u00a067 Manuel Bernet P\u00e1ez Segunda secci\u00f3n Derecho de sociedades El r\u00e9gimen de liquidaci\u00f3n por los socios en la sociedad de responsabilidad limitada comercial\u00a0\u00a0 \u00a0\u00a0\u00a0 \u00a095 Guillermo Caballero Germain La \u201cresponsabilidad ilimitada impropia\u201d del titular de la empresa individual de responsabilidad limitada\u00a0\u00a0 \u00a0\u00a0\u00a0 \u00a0109 Juan Luis Goldenberg Serrano \u00bfQu\u00e9 podemos aprender de la codeterminaci\u00f3n alemana?\u00a0\u00a0 \u00a0\u00a0\u00a0 \u00a0133 Gonzalo Islas y Osvaldo Lagos Notas sobre las sociedades familiares en el derecho chileno\u00a0\u00a0 \u00a0\u00a0\u00a0 \u00a0157 Ignacio Araya Paredes Algunas reflexiones sobre las sociedades con misi\u00f3n en la legislaci\u00f3n francesa\u00a0\u00a0 \u00a0\u00a0\u00a0 \u00a0177 Sara Moreno Fern\u00e1ndez Costos de previsi\u00f3n y evaluaci\u00f3n en el modelo chileno de disoluci\u00f3n por causa grave de sociedades an\u00f3nimas cerradas\u00a0\u00a0 \u00a0\u00a0\u00a0 \u00a0187 Pablo Manterola Nuevas posibilidades de la autocartera\u00a0\u00a0 \u00a0\u00a0\u00a0 \u00a0207 Ra\u00fal Patricio Fuentes Mechasqui y Ra\u00fal Fuentes Ugalde Tercera secci\u00f3n Derecho de los contratos La recepci\u00f3n de la factura en la Ley 19.983. Su importancia desde lo sustantivo y algunas tareas pendientes para el ordenamiento en cuanto a la forma \u00a0\u00a0 \u00a0\u00a0\u00a0 \u00a0229 Maximiliano Escobar Saavedra Contratos comerciales en una cadena de suministro transnacional: evoluci\u00f3n desde el derecho contractual cl\u00e1sico hacia el derecho contractual sostenible\u00a0\u00a0 \u00a0\u00a0\u00a0 \u00a0245 Lorena Carvajal Arenas Sistematizaci\u00f3n y an\u00e1lisis de los derechos legales del pasajero a\u00e9reo\u00a0\u00a0 \u00a0\u00a0\u00a0 \u00a0261 Rodrigo Hanan\u00edas Castillo Buena fe y obligaciones del asegurador en el seguro de da\u00f1os contra la propiedad\u00a0\u00a0 \u00a0\u00a0\u00a0 \u00a0283 Marco Antonio Rosas Zambrano El seguro de garant\u00eda a primer requerimiento y la exceptio doli\u00a0\u00a0 \u00a0\u00a0\u00a0 \u00a0299 Roberto R\u00edos Ossa Cuarta secci\u00f3n Varia Reflexiones en torno a una eventual recodificaci\u00f3n comercial chilena\u00a0\u00a0 \u00a0\u00a0\u00a0 \u00a0317 Camila Quijano Escobar Compliance y canales de denuncia: An\u00e1lisis cr\u00edtico de la nueva figura del \u201cdenunciante an\u00f3nimo\u201d \u00a0\u00a0 \u00a0\u00a0\u00a0 \u00a0337 \u00c1ngela Natalia Toso Milos Algunas breves notas sobre el tratamiento de datos personales por terceros en la Ley 19.628 y sus consecuencias\u00a0\u00a0 \u00a0\u00a0\u00a0 \u00a0363 Jaime Alcalde Silva<\/p>\n","protected":false},"featured_media":3874,"comment_status":"open","ping_status":"closed","template":"","meta":{"inline_featured_image":false,"_joinchat":[]},"product_brand":[],"product_cat":[27,48],"product_tag":[],"class_list":{"0":"post-3844","1":"product","2":"type-product","3":"status-publish","4":"has-post-thumbnail","6":"product_cat-civil","7":"product_cat-comercial","8":"product_shipping_class-a-convenir","10":"first","11":"instock","12":"shipping-taxable","13":"purchasable","14":"product-type-simple"},"_links":{"self":[{"href":"https:\/\/bibliotecajuridicavirtual.cl\/index.php\/wp-json\/wp\/v2\/product\/3844","targetHints":{"allow":["GET"]}}],"collection":[{"href":"https:\/\/bibliotecajuridicavirtual.cl\/index.php\/wp-json\/wp\/v2\/product"}],"about":[{"href":"https:\/\/bibliotecajuridicavirtual.cl\/index.php\/wp-json\/wp\/v2\/types\/product"}],"replies":[{"embeddable":true,"href":"https:\/\/bibliotecajuridicavirtual.cl\/index.php\/wp-json\/wp\/v2\/comments?post=3844"}],"wp:featuredmedia":[{"embeddable":true,"href":"https:\/\/bibliotecajuridicavirtual.cl\/index.php\/wp-json\/wp\/v2\/media\/3874"}],"wp:attachment":[{"href":"https:\/\/bibliotecajuridicavirtual.cl\/index.php\/wp-json\/wp\/v2\/media?parent=3844"}],"wp:term":[{"taxonomy":"product_brand","embeddable":true,"href":"https:\/\/bibliotecajuridicavirtual.cl\/index.php\/wp-json\/wp\/v2\/product_brand?post=3844"},{"taxonomy":"product_cat","embeddable":true,"href":"https:\/\/bibliotecajuridicavirtual.cl\/index.php\/wp-json\/wp\/v2\/product_cat?post=3844"},{"taxonomy":"product_tag","embeddable":true,"href":"https:\/\/bibliotecajuridicavirtual.cl\/index.php\/wp-json\/wp\/v2\/product_tag?post=3844"}],"curies":[{"name":"wp","href":"https:\/\/api.w.org\/{rel}","templated":true}]}}