{"id":3858,"date":"2026-02-28T01:20:56","date_gmt":"2026-02-28T04:20:56","guid":{"rendered":"https:\/\/bibliotecajuridicavirtual.cl\/?post_type=product&#038;p=3858"},"modified":"2026-02-28T01:21:15","modified_gmt":"2026-02-28T04:21:15","slug":"vulnerabilidad-y-capacidad-estudios-sobre-vulnerabilidad-y-capacidad-juridica-en-el-derecho-comun-y-de-consumo-tomo-i-ano-2022-176-pag-autor-erika-isler-soto-y-daniela-jarufe-contreras","status":"publish","type":"product","link":"https:\/\/bibliotecajuridicavirtual.cl\/index.php\/product\/vulnerabilidad-y-capacidad-estudios-sobre-vulnerabilidad-y-capacidad-juridica-en-el-derecho-comun-y-de-consumo-tomo-i-ano-2022-176-pag-autor-erika-isler-soto-y-daniela-jarufe-contreras\/","title":{"rendered":"Vulnerabilidad y Capacidad &#8211; Estudios sobre Vulnerabilidad y Capacidad Jur\u00eddica en el Derecho Com\u00fan y de Consumo Tomo I . A\u00f1o 2022\/ 176 P\u00e1g. Autor Erika Isler Soto y Daniela Jarufe Contreras"},"content":{"rendered":"<p style=\"font-weight: 400;\">La voz \u201cvulnerabilidad\u201d ha tomado un innegable protagonismo, transform\u00e1ndose en un eslab\u00f3n crucial en el desarrollo de las distintas ramas del Derecho. Podemos definirla, muy a grandes rasgos, como aquella cualidad que hace a algo o a alguien susceptible de ser herido.<\/p>\n<p style=\"font-weight: 400;\">En el contexto jur\u00eddico, es vulnerable todo aquel sujeto que pueda verse expuesto a un perjuicio tanto en su persona como en su patrimonio, a causa de una cualidad que le es inherente y que puede traducirse en una posici\u00f3n de desventaja en el \u00e1mbito de la contrataci\u00f3n. Si bien en el derecho de consumo hay un desarrollo m\u00e1s acabado del concepto, poco se ha dicho respecto a los contratantes vulnerables en el \u00e1mbito de la contrataci\u00f3n civil, contexto en el que se torna indispensable relacionar la capacidad de obrar y la validez del consentimiento con la posibilidad real de actuaci\u00f3n de ni\u00f1os, ni\u00f1as y adolescentes y de personas con discapacidad intelectual.<\/p>\n<p style=\"font-weight: 400;\">Por su parte, la hipervulnerabilidad, entendida como el cruce de dos o m\u00e1s vulnerabilidades en una misma persona, requiere de un delineamiento de sus contornos en ambas ramas del Derecho. Un ni\u00f1o, por esencia vulnerable, lo es doblemente cuando act\u00faa como consumidor; o una persona mayor destinataria de bienes y servicios puede ser a\u00fan m\u00e1s vulnerable si, por ejemplo, padece de alguna discapacidad intelectual. Principios tales como la autonom\u00eda progresiva o la igualdad de toda persona, con o sin discapacidad, en el ejercicio de sus derechos, ponen de manifiesto la complejidad de una tem\u00e1tica con ribetes que deben ser abordados por nuestro legislador.<\/p>\n<p style=\"font-weight: 400;\">La obra se compone de nueve cap\u00edtulos. En el primero de ellos, Erika Isler aborda diversos sistemas para la determinaci\u00f3n de la vulnerabilidad, recalcando las ventajas y desventajas que pueden significar desde el punto de vista pr\u00e1ctico cada uno de ellos.<\/p>\n<p style=\"font-weight: 400;\">En el segundo cap\u00edtulo, Carlos Mart\u00ednez de Aguirre se refiere al d\u00e9ficit del consentimiento como factor causal de la vulnerabilidad de algunos contratantes, poniendo especial \u00e9nfasis en el supuesto de las personas con discapacidad y las razones por las cu\u00e1les son sujetos de una mayor protecci\u00f3n jur\u00eddica.<\/p>\n<p style=\"font-weight: 400;\">Sara Fernandes y Jorge Morais, en el tercer cap\u00edtulo de la obra, analizan si es razonable o no, diferenciar entre consumidores vulnerables y no vulnerables, compartiendo la experiencia que ha tenido en este sentido la legislaci\u00f3n portuguesa.<\/p>\n<p style=\"font-weight: 400;\">Posteriormente, en el cap\u00edtulo cuarto, Walter Krieger expone la recepci\u00f3n del concepto de vulnerabilidad en el derecho argentino y en espec\u00edfico la consideraci\u00f3n de consumidor vulnerable que se recoge en dicha legislaci\u00f3n.<\/p>\n<p style=\"font-weight: 400;\">Por su parte, y a continuaci\u00f3n, Sebasti\u00e1n Barocelli, da un paso m\u00e1s all\u00e1 y se refiere a la protecci\u00f3n de los denominados consumidores hipervulnerables en el \u00e1mbito universal y particularmente a su proyecci\u00f3n en Argentina y en el \u00e1mbito del MERCOSUR.<\/p>\n<p style=\"font-weight: 400;\">En el cap\u00edtulo sexto, Daniela Jarufe nos traslada al campo de la discapacidad y la irrupci\u00f3n de la Convenci\u00f3n Internacional sobre los Derechos de las Personas con Discapacidad y la flexibilizaci\u00f3n t\u00e1cita que significan para el Derecho Com\u00fan, y espec\u00edficamente para el consentimiento, las normas vigentes en materia de consumo.<\/p>\n<p style=\"font-weight: 400;\">Marcela Acu\u00f1a, en el cap\u00edtulo s\u00e9ptimo, nos sit\u00faa en el \u00e1mbito del derecho de familia y la necesaria consideraci\u00f3n de la vulnerabilidad en el contexto de los ni\u00f1os y adolescentes, aludiendo a las garant\u00edas y la protecci\u00f3n integral de sus derechos, dejando una vez m\u00e1s en evidencia la extensi\u00f3n que puede alcanzar la relaci\u00f3n entre el Derecho Com\u00fan y el Derecho de Consumo.<\/p>\n<p style=\"font-weight: 400;\">Refiri\u00e9ndose tambi\u00e9n a los menores de edad, en el cap\u00edtulo, octavo Rute Couto se enfoca en su vulnerabilidad en la contrataci\u00f3n digital, tem\u00e1tica de creciente inter\u00e9s en la sociedad actual del consumo.<\/p>\n<p style=\"font-weight: 400;\">Finalmente, en el cap\u00edtulo noveno, Ruperto Pinochet se refiere a la hipervulnerabilidad y el est\u00e1ndar aplicable para su determinaci\u00f3n en el caso del consumidor adulto mayor.<\/p>\n<p style=\"font-weight: 400;\">En resumidas cuentas, esta obra colectiva pretende ser un humilde aporte al ya instalado debate sobre el tratamiento legal de los sujetos vulnerables, intentando aquella necesaria mixtura entre el Derecho Com\u00fan y el Derecho de Consumo.<\/p>\n<p style=\"font-weight: 400;\"><em><b><strong>\u00bfQUI\u00c9NES SON VULNERABLES? REVISI\u00d3N DE ALGUNOS MODELOS DE DETERMINACI\u00d3N DE LA VULNERABILIDAD<\/strong><\/b><\/em><br \/>\nErika Isler Soto (Universidad Aut\u00f3noma de Chile)<\/p>\n<ol>\n<li style=\"font-weight: 400;\">Desigualdad, justicia, vulnerabilidad y reglas especiales2. \u00bfC\u00f3mo se determina la vulnerabilidad?<br \/>\n2.1. La vulnerabilidad en un sentido formal<br \/>\n2.1.1. El criterio formal<br \/>\n2.1.2. Ventajas y desventajas del sistema formal<br \/>\n2.2. La determinaci\u00f3n valorativa de la vulnerabilidad<br \/>\n2.3. Matices y atenuantes<\/p>\n<p>3. Reflexiones finales<\/li>\n<\/ol>\n<p style=\"font-weight: 400;\"><em><b><strong>VULNERABILIDAD Y CONSUMO: \u00bfTIENE SENTIDO DISTINGUIR ENTRE CONSUMIDORES VULNERABLES Y NO VULNERABLES?<\/strong><\/b><\/em><br \/>\nSara Fernandes Garcia (Nova School of Law) y Jorge Morais Carvalho (Nova School of Law)<\/p>\n<p>1. Introducci\u00f3n<br \/>\n2. Fundamentos del Derecho del Consumo<br \/>\n3. Crisis pand\u00e9mica y vulnerabilidad<br \/>\n4. Consumidor vulnerable en la Directiva 2005\/29\/CE<br \/>\n5. Consumidor vulnerable: \u00bfconceptualizaci\u00f3n o deconstrucci\u00f3n?<br \/>\n6. Conclusi\u00f3n: \u00bftiene sentido la distinci\u00f3n entre consumidores vulnerables y no vulnerables?<\/p>\n<p style=\"font-weight: 400;\"><em><b><strong>EL D\u00c9FICIT DEL CONSENTIMIENTO COMO DETERMINANTE DE VULNERABILIDAD<\/strong><\/b><\/em><br \/>\nCarlos Mart\u00ednez de Aguirre (Universidad de Zaragoza)<\/p>\n<ol>\n<li style=\"font-weight: 400;\">Planteamiento<br \/>\n2. Consentimiento contractual y situaciones t\u00edpicas de vulnerabilidad ocasional o coyuntural<br \/>\n3. Consentimiento contractual y situaciones t\u00edpicas de vulnerabilidad estructural<br \/>\n4. Consentimiento contractual y d\u00e9ficit de consentimiento en las relaciones de consumo: la situaci\u00f3n de vulnerabilidad de los consumidores<br \/>\n5. La vulnerabilidad agravada o hipervulnerabilidad: de nuevo el caso de los consumidores<br \/>\n6. Reflexiones finales<em><b><strong>EL CONCEPTO DE CONSUMIDOR HIPERVULNERABLE EN LA LEGISLACI\u00d3N ARGENTINA<\/strong><\/b><\/em><br \/>\nWalter Fernando Krieger (Universidad de Buenos Aires, CEMA, Universidad Cat\u00f3lica Argentina y El Salvador)<\/li>\n<li style=\"font-weight: 400;\">El concepto de consumidor hipervulnerable<br \/>\n2. Requisitos del consumidor \u201chipervulnerable\u201d y alcances del concepto<br \/>\n3. Las normas que establecen la categor\u00eda de \u201cconsumidor hipervulnerable\u201d en el derecho Argentino<br \/>\n4. Conclusiones<\/li>\n<\/ol>\n<p style=\"font-weight: 400;\"><em><b><strong>LA PROTECCI\u00d3N DE LOS CONSUMIDORES HIPERVULNERABLES EN EL \u00c1MBITO UNIVERSAL Y SU PROYECCI\u00d3N EN ARGENTINA Y EN EL MERCOSUR<\/strong><\/b><\/em><br \/>\nSergio Sebasti\u00e1n Barocelli (Universidad de Buenos Aires y Universidad Cat\u00f3lica Argentina)<\/p>\n<ol>\n<li style=\"font-weight: 400;\">Relaciones de consumo: vulnerabilidad e hipervulnerabilidad<br \/>\n2. La protecci\u00f3n de los consumidores hipervulnerables en el \u00e1mbito universal<br \/>\n3. La protecci\u00f3n de los consumidores hipervulnerables en el derecho interno de los Estados miembros del MERCOSUR<br \/>\n4. La protecci\u00f3n de los consumidores hipervulnerables en la Resoluci\u00f3n N\u00b0 139\/ 2020 de la Secretar\u00eda de Comercio Interior de Argentina<br \/>\n5. La protecci\u00f3n de los consumidores hipervulnerables en la Resoluci\u00f3n N\u00b0 11(GMC\/2021 de MERCOSUR<br \/>\n6. A Modo de conclusi\u00f3n<\/li>\n<\/ol>\n<p style=\"font-weight: 400;\"><em><b><strong>EL CONSENTIMIENTO Y LA DISCAPACIDAD INTELECTUAL EN LAS RELACIONES DE CONSUMO: FLEXIBILIZACI\u00d3N DE LAS NORMAS DEL DERECHO COM\u00daN E INCORPORACI\u00d3N T\u00c1CITA DE LOS PRINCIPIOS DE LA CIDPD<\/strong><\/b><\/em><br \/>\nDaniela Jarufe Contreras (Universidad de Talca)<\/p>\n<ol>\n<li style=\"font-weight: 400;\">Introducci\u00f3n<br \/>\n2. La regulaci\u00f3n de la capacidad y consentimiento de las personas con discapacidad intelectual en el derecho com\u00fan y de consumo<br \/>\n3. La Convenci\u00f3n Internacional sobre los Derechos de las Personas con Discapacidady su incidencia en el \u00e1mbito del Derecho com\u00fan y de consumo<br \/>\n4. Conclusiones<\/li>\n<\/ol>\n<p style=\"font-weight: 400;\"><em><b><strong>NI\u00d1OS Y ADOLESCENTES COMO CONSUMIDORES VULNERABLES EN LA LEY SOBRE GARANT\u00cdAS Y PROTECCI\u00d3N INTEGRAL DE SUS DERECHOS<\/strong><\/b><\/em><br \/>\nMarcela Acu\u00f1a San Mart\u00edn (Universidad de Talca)<\/p>\n<ol>\n<li style=\"font-weight: 400;\">Introducci\u00f3n<br \/>\n2. La categor\u00eda del ni\u00f1o como consumidor<br \/>\n3. Ley de garant\u00edas y protecci\u00f3n integral de los derechos de la ni\u00f1ez y adolescencia<br \/>\n4. Protecci\u00f3n y defensa de los ni\u00f1os y adolescentes como consumidores y usuarios<br \/>\n5. Bienes, productos o servicios comercializados para el uso o el consumo de ni\u00f1os, ni\u00f1as o adolescentes<br \/>\n6. La publicidad dirigida a ni\u00f1os y adolescentes<br \/>\n7. Deberes p\u00fablicos y privados correlativos a los derechos de los ni\u00f1os en el \u00e1mbiro del consumo en la Ley de Garant\u00edas<br \/>\n8. Valoraci\u00f3n conclusiva<\/li>\n<\/ol>\n<p style=\"font-weight: 400;\"><em><b><strong>NI\u00d1OS Y ADOLESCENTES COMO CONSUMIDORES VULNERABLES EN LA LEY SOBRE GARANT\u00cdAS Y PROTECCI\u00d3N INTEGRAL DE SUS DERECHOS<\/strong><\/b><\/em><br \/>\nMarcela Acu\u00f1a San Mart\u00edn (Universidad de Talca)<\/p>\n<ol>\n<li style=\"font-weight: 400;\">Introducci\u00f3n<br \/>\n2. Los menores de edad como consumidores hipervulnerables<br \/>\n3. Pr\u00e1cticas comerciales dirigidas a menores en el entorno digital<br \/>\n4. Reflexi\u00f3n final<\/li>\n<\/ol>\n<p style=\"font-weight: 400;\"><em><b><strong>EL CONSUMIDOR PROMEDIO \u00bfUN EST\u00c1NDAR APLICABLE A LAS PERSONAS MAYORES DADA SU CALIDAD DE CONSUMIDORES HIPERVULNERABLES?<br \/>\n<\/strong><\/b><\/em>Ruperto Pinochet Olave (Universidad de Talca)<\/p>\n<p>1. Introducci\u00f3n<br \/>\n2. La determinaci\u00f3n de est\u00e1ndares de conducta en el derecho y su utilidad: el buen padre de familia y el consumidor promedio<br \/>\n3. Las personas mayores como consumidores hipervulnerables<br \/>\n4. Conclusiones<\/p>\n","protected":false},"excerpt":{"rendered":"<p>La voz \u201cvulnerabilidad\u201d ha tomado un innegable protagonismo, transform\u00e1ndose en un eslab\u00f3n crucial en el desarrollo de las distintas ramas del Derecho. Podemos definirla, muy a grandes rasgos, como aquella cualidad que hace a algo o a alguien susceptible de ser herido. En el contexto jur\u00eddico, es vulnerable todo aquel sujeto que pueda verse expuesto a un perjuicio tanto en su persona como en su patrimonio, a causa de una cualidad que le es inherente y que puede traducirse en una posici\u00f3n de desventaja en el \u00e1mbito de la contrataci\u00f3n. Si bien en el derecho de consumo hay un desarrollo m\u00e1s acabado del concepto, poco se ha dicho respecto a los contratantes vulnerables en el \u00e1mbito de la contrataci\u00f3n civil, contexto en el que se torna indispensable relacionar la capacidad de obrar y la validez del consentimiento con la posibilidad real de actuaci\u00f3n de ni\u00f1os, ni\u00f1as y adolescentes y de personas con discapacidad intelectual. Por su parte, la hipervulnerabilidad, entendida como el cruce de dos o m\u00e1s vulnerabilidades en una misma persona, requiere de un delineamiento de sus contornos en ambas ramas del Derecho. Un ni\u00f1o, por esencia vulnerable, lo es doblemente cuando act\u00faa como consumidor; o una persona mayor destinataria de bienes y servicios puede ser a\u00fan m\u00e1s vulnerable si, por ejemplo, padece de alguna discapacidad intelectual. Principios tales como la autonom\u00eda progresiva o la igualdad de toda persona, con o sin discapacidad, en el ejercicio de sus derechos, ponen de manifiesto la complejidad de una tem\u00e1tica con ribetes que deben ser abordados por nuestro legislador. La obra se compone de nueve cap\u00edtulos. En el primero de ellos, Erika Isler aborda diversos sistemas para la determinaci\u00f3n de la vulnerabilidad, recalcando las ventajas y desventajas que pueden significar desde el punto de vista pr\u00e1ctico cada uno de ellos. En el segundo cap\u00edtulo, Carlos Mart\u00ednez de Aguirre se refiere al d\u00e9ficit del consentimiento como factor causal de la vulnerabilidad de algunos contratantes, poniendo especial \u00e9nfasis en el supuesto de las personas con discapacidad y las razones por las cu\u00e1les son sujetos de una mayor protecci\u00f3n jur\u00eddica. Sara Fernandes y Jorge Morais, en el tercer cap\u00edtulo de la obra, analizan si es razonable o no, diferenciar entre consumidores vulnerables y no vulnerables, compartiendo la experiencia que ha tenido en este sentido la legislaci\u00f3n portuguesa. Posteriormente, en el cap\u00edtulo cuarto, Walter Krieger expone la recepci\u00f3n del concepto de vulnerabilidad en el derecho argentino y en espec\u00edfico la consideraci\u00f3n de consumidor vulnerable que se recoge en dicha legislaci\u00f3n. Por su parte, y a continuaci\u00f3n, Sebasti\u00e1n Barocelli, da un paso m\u00e1s all\u00e1 y se refiere a la protecci\u00f3n de los denominados consumidores hipervulnerables en el \u00e1mbito universal y particularmente a su proyecci\u00f3n en Argentina y en el \u00e1mbito del MERCOSUR. En el cap\u00edtulo sexto, Daniela Jarufe nos traslada al campo de la discapacidad y la irrupci\u00f3n de la Convenci\u00f3n Internacional sobre los Derechos de las Personas con Discapacidad y la flexibilizaci\u00f3n t\u00e1cita que significan para el Derecho Com\u00fan, y espec\u00edficamente para el consentimiento, las normas vigentes en materia de consumo. Marcela Acu\u00f1a, en el cap\u00edtulo s\u00e9ptimo, nos sit\u00faa en el \u00e1mbito del derecho de familia y la necesaria consideraci\u00f3n de la vulnerabilidad en el contexto de los ni\u00f1os y adolescentes, aludiendo a las garant\u00edas y la protecci\u00f3n integral de sus derechos, dejando una vez m\u00e1s en evidencia la extensi\u00f3n que puede alcanzar la relaci\u00f3n entre el Derecho Com\u00fan y el Derecho de Consumo. Refiri\u00e9ndose tambi\u00e9n a los menores de edad, en el cap\u00edtulo, octavo Rute Couto se enfoca en su vulnerabilidad en la contrataci\u00f3n digital, tem\u00e1tica de creciente inter\u00e9s en la sociedad actual del consumo. Finalmente, en el cap\u00edtulo noveno, Ruperto Pinochet se refiere a la hipervulnerabilidad y el est\u00e1ndar aplicable para su determinaci\u00f3n en el caso del consumidor adulto mayor. En resumidas cuentas, esta obra colectiva pretende ser un humilde aporte al ya instalado debate sobre el tratamiento legal de los sujetos vulnerables, intentando aquella necesaria mixtura entre el Derecho Com\u00fan y el Derecho de Consumo. \u00bfQUI\u00c9NES SON VULNERABLES? REVISI\u00d3N DE ALGUNOS MODELOS DE DETERMINACI\u00d3N DE LA VULNERABILIDAD Erika Isler Soto (Universidad Aut\u00f3noma de Chile) Desigualdad, justicia, vulnerabilidad y reglas especiales2. \u00bfC\u00f3mo se determina la vulnerabilidad? 2.1. La vulnerabilidad en un sentido formal 2.1.1. El criterio formal 2.1.2. Ventajas y desventajas del sistema formal 2.2. La determinaci\u00f3n valorativa de la vulnerabilidad 2.3. Matices y atenuantes 3. Reflexiones finales VULNERABILIDAD Y CONSUMO: \u00bfTIENE SENTIDO DISTINGUIR ENTRE CONSUMIDORES VULNERABLES Y NO VULNERABLES? Sara Fernandes Garcia (Nova School of Law) y Jorge Morais Carvalho (Nova School of Law) 1. Introducci\u00f3n 2. Fundamentos del Derecho del Consumo 3. Crisis pand\u00e9mica y vulnerabilidad 4. Consumidor vulnerable en la Directiva 2005\/29\/CE 5. Consumidor vulnerable: \u00bfconceptualizaci\u00f3n o deconstrucci\u00f3n? 6. Conclusi\u00f3n: \u00bftiene sentido la distinci\u00f3n entre consumidores vulnerables y no vulnerables? EL D\u00c9FICIT DEL CONSENTIMIENTO COMO DETERMINANTE DE VULNERABILIDAD Carlos Mart\u00ednez de Aguirre (Universidad de Zaragoza) Planteamiento 2. Consentimiento contractual y situaciones t\u00edpicas de vulnerabilidad ocasional o coyuntural 3. Consentimiento contractual y situaciones t\u00edpicas de vulnerabilidad estructural 4. Consentimiento contractual y d\u00e9ficit de consentimiento en las relaciones de consumo: la situaci\u00f3n de vulnerabilidad de los consumidores 5. La vulnerabilidad agravada o hipervulnerabilidad: de nuevo el caso de los consumidores 6. Reflexiones finalesEL CONCEPTO DE CONSUMIDOR HIPERVULNERABLE EN LA LEGISLACI\u00d3N ARGENTINA Walter Fernando Krieger (Universidad de Buenos Aires, CEMA, Universidad Cat\u00f3lica Argentina y El Salvador) El concepto de consumidor hipervulnerable 2. Requisitos del consumidor \u201chipervulnerable\u201d y alcances del concepto 3. Las normas que establecen la categor\u00eda de \u201cconsumidor hipervulnerable\u201d en el derecho Argentino 4. Conclusiones LA PROTECCI\u00d3N DE LOS CONSUMIDORES HIPERVULNERABLES EN EL \u00c1MBITO UNIVERSAL Y SU PROYECCI\u00d3N EN ARGENTINA Y EN EL MERCOSUR Sergio Sebasti\u00e1n Barocelli (Universidad de Buenos Aires y Universidad Cat\u00f3lica Argentina) Relaciones de consumo: vulnerabilidad e hipervulnerabilidad 2. La protecci\u00f3n de los consumidores hipervulnerables en el \u00e1mbito universal 3. La protecci\u00f3n de los consumidores hipervulnerables en el derecho interno de los Estados miembros del MERCOSUR 4. La protecci\u00f3n de los consumidores hipervulnerables en la Resoluci\u00f3n N\u00b0 139\/ 2020 de la Secretar\u00eda de Comercio Interior de Argentina 5. La<\/p>\n","protected":false},"featured_media":3888,"comment_status":"open","ping_status":"closed","template":"","meta":{"inline_featured_image":false,"_joinchat":[]},"product_brand":[],"product_cat":[27,58],"product_tag":[],"class_list":{"0":"post-3858","1":"product","2":"type-product","3":"status-publish","4":"has-post-thumbnail","6":"product_cat-civil","7":"product_cat-editorial-rubicon","8":"product_shipping_class-a-convenir","10":"first","11":"instock","12":"shipping-taxable","13":"purchasable","14":"product-type-simple"},"_links":{"self":[{"href":"https:\/\/bibliotecajuridicavirtual.cl\/index.php\/wp-json\/wp\/v2\/product\/3858","targetHints":{"allow":["GET"]}}],"collection":[{"href":"https:\/\/bibliotecajuridicavirtual.cl\/index.php\/wp-json\/wp\/v2\/product"}],"about":[{"href":"https:\/\/bibliotecajuridicavirtual.cl\/index.php\/wp-json\/wp\/v2\/types\/product"}],"replies":[{"embeddable":true,"href":"https:\/\/bibliotecajuridicavirtual.cl\/index.php\/wp-json\/wp\/v2\/comments?post=3858"}],"wp:featuredmedia":[{"embeddable":true,"href":"https:\/\/bibliotecajuridicavirtual.cl\/index.php\/wp-json\/wp\/v2\/media\/3888"}],"wp:attachment":[{"href":"https:\/\/bibliotecajuridicavirtual.cl\/index.php\/wp-json\/wp\/v2\/media?parent=3858"}],"wp:term":[{"taxonomy":"product_brand","embeddable":true,"href":"https:\/\/bibliotecajuridicavirtual.cl\/index.php\/wp-json\/wp\/v2\/product_brand?post=3858"},{"taxonomy":"product_cat","embeddable":true,"href":"https:\/\/bibliotecajuridicavirtual.cl\/index.php\/wp-json\/wp\/v2\/product_cat?post=3858"},{"taxonomy":"product_tag","embeddable":true,"href":"https:\/\/bibliotecajuridicavirtual.cl\/index.php\/wp-json\/wp\/v2\/product_tag?post=3858"}],"curies":[{"name":"wp","href":"https:\/\/api.w.org\/{rel}","templated":true}]}}