{"id":3860,"date":"2026-02-28T01:20:56","date_gmt":"2026-02-28T04:20:56","guid":{"rendered":"https:\/\/bibliotecajuridicavirtual.cl\/?post_type=product&#038;p=3860"},"modified":"2026-02-28T01:21:21","modified_gmt":"2026-02-28T04:21:21","slug":"30-anos-de-desarrollo-institucional-del-arbitraje-y-de-la-mediacion-ano-2022-502-pag-autor-centro-de-arbitraje-y-mediacion-cam-de-la-camara-de-comercio-de-santiago-ccs","status":"publish","type":"product","link":"https:\/\/bibliotecajuridicavirtual.cl\/index.php\/product\/30-anos-de-desarrollo-institucional-del-arbitraje-y-de-la-mediacion-ano-2022-502-pag-autor-centro-de-arbitraje-y-mediacion-cam-de-la-camara-de-comercio-de-santiago-ccs\/","title":{"rendered":"30 A\u00f1os de Desarrollo Institucional del Arbitraje y de la mediaci\u00f3n. A\u00f1o 2022\/ 502 P\u00e1g. Autor Centro de Arbitraje y Mediaci\u00f3n (CAM) de la C\u00e1mara de Comercio de Santiago (CCS)"},"content":{"rendered":"<p style=\"font-weight: 400;\">La publicaci\u00f3n del presente libro se enmarca en el contexto de la celebraci\u00f3n de los 30 a\u00f1os del Centro de Arbitraje y Mediaci\u00f3n (CAM) de la C\u00e1mara de Comercio de Santiago (CCS), y se inspira en el \u00e1nimo de colaboraci\u00f3n e investigaci\u00f3n, que constituyen directrices fundamentales de la instituci\u00f3n. As\u00ed se desprende de trabajos anteriores, como los diversos tomos de recopilaci\u00f3n de sentencias arbitrajes del CAM Santiago, que se vienen publicando desde 2001 a la fecha, y el libro \u201cEl Arbitraje en la Jurisprudencia de las Cortes Superiores de Justicia de Chile: Per\u00edodo 2002-2020\u201d, en cuyas p\u00e1ginas es posible encontrar gran parte de las sentencias citadas por los autores de la presente obra.<\/p>\n<p style=\"font-weight: 400;\">A diferencia de los libros antes mencionados, que se centran exclusivamente en el an\u00e1lisis de la jurisprudencia arbitral del CAM Santiago y de los tribunales superiores de Chile, esta obra viene a contribuir a la literatura acad\u00e9mica con dos nuevos objetivos: por un lado, busca ser un aporte en materia de mecanismos adecuados de resoluci\u00f3n de conflictos; y por otro, un insumo significativo sobre el valor y la funci\u00f3n que cumplen las instituciones administradoras de estos mecanismos, como lo es el Centro de Arbitraje y Mediaci\u00f3n.<\/p>\n<p style=\"font-weight: 400;\"><b><strong>PRIMERA SECCI\u00d3N<\/strong><\/b><br \/>\n<b><strong>ARBITRAJE<\/strong><\/b><\/p>\n<p><b><strong>PARTE I<\/strong><\/b><br \/>\n<b><strong>ARBITRAJE NACIONAL<\/strong><\/b><\/p>\n<p>CAP\u00cdTULO I<br \/>\nEL MONISMO O DUALISMO EN EL ARBITRAJE<br \/>\nCristi\u00e1n Maturana Miquel<\/p>\n<p style=\"font-weight: 400;\">CAP\u00cdTULO II<br \/>\nEL PROCESO DE REFORMA DEL REGLAMENTO PROCESAL DE ARBITRAJE NACIONAL DEL CAM SANTIAGO (2021)<br \/>\nMar\u00eda Agnes Salah Abusleme \u2013 Rodrigo Guzm\u00e1n Karadima<\/p>\n<p style=\"font-weight: 400;\">CAP\u00cdTULO III<br \/>\nLOS \u00c1RBITROS J\u00d3VENES DEL CAM SANTIAGO<br \/>\nCatalina Amen\u00e1bar Valenzuela \u2013 Juan Luis Chomal\u00ed Kattan \u2013 Jos\u00e9 Luis Corval\u00e1n P\u00e9rez \u2013 Josefina Trujillo Silva<\/p>\n<p style=\"font-weight: 400;\">CAP\u00cdTULO IV<br \/>\nPROGRAMA DE MENTORING AJ CAM SANTIAGO: MUJERES L\u00cdDERES EN ARBITRAJE<br \/>\nClaudia Schmidt Hott<\/p>\n<p style=\"font-weight: 400;\">CAP\u00cdTULO V<br \/>\nEVOLUCI\u00d3N Y AN\u00c1LISIS DEL ARBITRAJE NACIONAL DE CONSTRUCCI\u00d3N EN LOS LAUDOS ARBITRALES DEL CAM SANTIAGO<br \/>\nJuan Eduardo Figueroa Vald\u00e9s \u2013 Juan Eduardo Figueroa Guzm\u00e1n<\/p>\n<p style=\"font-weight: 400;\">CAP\u00cdTULO VI<br \/>\nLOS DESAF\u00cdOS DE LA PRUEBA EN LAS AUDIENCIAS REMOTAS EN EL ARBITRAJE NACIONAL<br \/>\nJos\u00e9 Pedro Silva Prado \u2013 Macarena Oyarz\u00fan Ithurralde<\/p>\n<p style=\"font-weight: 400;\">CAP\u00cdTULO VII<br \/>\nTHE ELEPHANT IN THE ROOM: EL PERITO DE PARTE EN EL ARBITRAJE NACIONAL<br \/>\nElina Mereminskaya<\/p>\n<p style=\"font-weight: 400;\">CAP\u00cdTULO VIII<br \/>\nRESPONSABILIDAD DE LOS \u00c1RBITROS<br \/>\nFranccesco Campora Gatica \u2013 Mariana Tupper Satt<\/p>\n<p style=\"font-weight: 400;\"><b><strong>PARTE II<\/strong><\/b><br \/>\n<b><strong>ARBITRAJE INTERNACIONAL<\/strong><\/b><\/p>\n<p>CAP\u00cdTULO IX<br \/>\nLEY N\u00b0 19.971 SOBRE ARBITRAJE COMERCIAL INTERNACIONAL: 18 A\u00d1OS DE VIGENCIA<br \/>\nGonzalo Fern\u00e1ndez Ruiz<\/p>\n<p style=\"font-weight: 400;\">CAP\u00cdTULO X<br \/>\nREPENSANDO LAS CL\u00c1USULAS ARBITRALES \u201cPATOL\u00d3GICAS\u201d: VALIDANDO ACUERDOS DE ARBITRAJE IMPERFECTOS<br \/>\nGary B. Born \u2013 Matteo Angelini \u2013 Carina Alcoberro Llivina<\/p>\n<p style=\"font-weight: 400;\">CAP\u00cdTULO XI<br \/>\nLAS REPRESENTACIONES Y GARANT\u00cdAS EN LOS CONTRATOS, SU RECONOCIMIENTO EN LA JURISPRUDENCIA Y LAS CONTROVERSIAS A QUE HAN DADO LUGAR<br \/>\nM\u00f3nica van der Schraft Greve<\/p>\n<p style=\"font-weight: 400;\">CAP\u00cdTULO XII<br \/>\nLA IMPROCEDENCIA DEL RECURSO DE QUEJA EN EL ARBITRAJE COMERCIAL INTERNACIONAL<br \/>\nFelipe Ossa Guzm\u00e1n \u2013 Felipe de Marinis Acle<\/p>\n<p style=\"font-weight: 400;\">CAP\u00cdTULO XIII<br \/>\nDIVERSIDAD DE G\u00c9NERO EN EL ARBITRAJE INTERNACIONAL: PROGRESO CON ACCIONES CONCRETAS. CONTRIBUCI\u00d3N DE WOMEN WAY IN ARBITRATION LATAM (WWA)<br \/>\nMar\u00eda Ines Corr\u00e1 \u2013 Ver\u00f3nica Sandler Obreg\u00f3n<\/p>\n<p style=\"font-weight: 400;\"><b><strong><br \/>\nPARTE III<\/strong><\/b><br \/>\n<b><strong>ARBITRAJE DE INVERSIONES<\/strong><\/b><\/p>\n<p>CAP\u00cdTULO XIV<br \/>\nEL ARBITRAJE CIADI SEG\u00daN LAS NUEVAS REGLAS DE 2022<br \/>\nGonzalo Flores \u2013 Francisco Grob Duhalde<\/p>\n<p style=\"font-weight: 400;\">CAP\u00cdTULO XV<br \/>\nCHILE Y LA SOLUCI\u00d3N DE CONTROVERSIAS INVERSIONISTA-ESTADO<br \/>\nAndr\u00e9s Jana Linetzky \u2013 Benjam\u00edn Silva Aldana \u2013 Juan Pablo Labb\u00e9 Arocca<\/p>\n<p style=\"font-weight: 400;\"><b><strong>SEGUNDA SECCI\u00d3N<br \/>\nMEDIACI\u00d3N Y DISPUTE BOARDS<\/strong><\/b><\/p>\n<p style=\"font-weight: 400;\"><b><strong>PARTE I<\/strong><\/b><br \/>\n<b><strong>MEDIACI\u00d3N<\/strong><\/b><\/p>\n<p style=\"font-weight: 400;\">CAP\u00cdTULO XVI<br \/>\nLA MEDIACI\u00d3N COMERCIAL. PARTICULARIDADES Y DESAF\u00cdOS DE LA MEDIACI\u00d3N EN EL CONTEXTO DE OS NEGOCIOS<br \/>\nMarcela Fern\u00e1ndez Sald\u00edas<\/p>\n<p style=\"font-weight: 400;\">CAP\u00cdTULO XVII<br \/>\nPROYECTO DE LEY DE MEDIACI\u00d3N CIVIL EN CHILE: COMENTARIOS A LA LUZ DE LA EXPERIENCIA COMPARADA<br \/>\nNicol\u00e1s Fr\u00edas Ossand\u00f3n<\/p>\n<p style=\"font-weight: 400;\">CAP\u00cdTULO XVIII<br \/>\nAPROXIMACIONES A LA MEDIACI\u00d3N DESDE LA CULTURA JUDICIAL<br \/>\nPedro Enrique Garc\u00eda Mu\u00f1oz<\/p>\n<p style=\"font-weight: 400;\">CAP\u00cdTULO XIX<br \/>\nEL CAOS HITORANGUI \u2013 ISLA DE PASCUA: CUANDO LA RESOLUCI\u00d3N COLABORAATIVA DE CONFLICTOS ES LA \u00daNICA SOLUCI\u00d3N REAL<br \/>\nTamara Del R\u00edo Mu\u00f1oz \u2013 Sebasti\u00e1n Villarroel Bardet \u2013 Andr\u00e9s Cort\u00e9s D\u00edaz<\/p>\n<p style=\"font-weight: 400;\">CAP\u00cdTULO XX<br \/>\nODR Y JUSTICIA DIGITAL CENTRADA EN LAS PERSONAS<br \/>\nBenjam\u00edn Astete Heimpell<\/p>\n<p style=\"font-weight: 400;\">CAP\u00cdTULO XXI<br \/>\nDESARROLLO DE LA CONCILIACI\u00d3N EN COLOMBIA: SU EVOLUCI\u00d3N COMO M\u00c9TODO DE ACCESO A LA JUSTICIA<br \/>\nJuliana Mar\u00eda Giraldo Serna<\/p>\n<p style=\"font-weight: 400;\">CAP\u00cdTULO XXII<br \/>\nCONVENCI\u00d3N DE SINGAPUR Y SU RELEVANCIA PARA EL IMPULSO Y DIFUSI\u00d3N DE LA MEDIACI\u00d3N A NIVEL MUNDIAL<br \/>\nDelcy Lagones de Anglim<\/p>\n<p style=\"font-weight: 400;\"><b><strong><br \/>\nPARTE II<\/strong><\/b><br \/>\n<b><strong>DISPUTE BOARD<\/strong><\/b><\/p>\n<p>CAP\u00cdTULO XXIII<br \/>\nEN CONSTRUCCI\u00d3N ES MEJOR PREVENIR QUE CURAR: DISPUTE BOARDS, EL \u00daNICO MECANISMO QUE EVITA EL SURGIMIENTO DE DISPUTAS EN PROYECTOS DE CONSTRUCCI\u00d3N<\/p>\n","protected":false},"excerpt":{"rendered":"<p>La publicaci\u00f3n del presente libro se enmarca en el contexto de la celebraci\u00f3n de los 30 a\u00f1os del Centro de Arbitraje y Mediaci\u00f3n (CAM) de la C\u00e1mara de Comercio de Santiago (CCS), y se inspira en el \u00e1nimo de colaboraci\u00f3n e investigaci\u00f3n, que constituyen directrices fundamentales de la instituci\u00f3n. As\u00ed se desprende de trabajos anteriores, como los diversos tomos de recopilaci\u00f3n de sentencias arbitrajes del CAM Santiago, que se vienen publicando desde 2001 a la fecha, y el libro \u201cEl Arbitraje en la Jurisprudencia de las Cortes Superiores de Justicia de Chile: Per\u00edodo 2002-2020\u201d, en cuyas p\u00e1ginas es posible encontrar gran parte de las sentencias citadas por los autores de la presente obra. A diferencia de los libros antes mencionados, que se centran exclusivamente en el an\u00e1lisis de la jurisprudencia arbitral del CAM Santiago y de los tribunales superiores de Chile, esta obra viene a contribuir a la literatura acad\u00e9mica con dos nuevos objetivos: por un lado, busca ser un aporte en materia de mecanismos adecuados de resoluci\u00f3n de conflictos; y por otro, un insumo significativo sobre el valor y la funci\u00f3n que cumplen las instituciones administradoras de estos mecanismos, como lo es el Centro de Arbitraje y Mediaci\u00f3n. PRIMERA SECCI\u00d3N ARBITRAJE PARTE I ARBITRAJE NACIONAL CAP\u00cdTULO I EL MONISMO O DUALISMO EN EL ARBITRAJE Cristi\u00e1n Maturana Miquel CAP\u00cdTULO II EL PROCESO DE REFORMA DEL REGLAMENTO PROCESAL DE ARBITRAJE NACIONAL DEL CAM SANTIAGO (2021) Mar\u00eda Agnes Salah Abusleme \u2013 Rodrigo Guzm\u00e1n Karadima CAP\u00cdTULO III LOS \u00c1RBITROS J\u00d3VENES DEL CAM SANTIAGO Catalina Amen\u00e1bar Valenzuela \u2013 Juan Luis Chomal\u00ed Kattan \u2013 Jos\u00e9 Luis Corval\u00e1n P\u00e9rez \u2013 Josefina Trujillo Silva CAP\u00cdTULO IV PROGRAMA DE MENTORING AJ CAM SANTIAGO: MUJERES L\u00cdDERES EN ARBITRAJE Claudia Schmidt Hott CAP\u00cdTULO V EVOLUCI\u00d3N Y AN\u00c1LISIS DEL ARBITRAJE NACIONAL DE CONSTRUCCI\u00d3N EN LOS LAUDOS ARBITRALES DEL CAM SANTIAGO Juan Eduardo Figueroa Vald\u00e9s \u2013 Juan Eduardo Figueroa Guzm\u00e1n CAP\u00cdTULO VI LOS DESAF\u00cdOS DE LA PRUEBA EN LAS AUDIENCIAS REMOTAS EN EL ARBITRAJE NACIONAL Jos\u00e9 Pedro Silva Prado \u2013 Macarena Oyarz\u00fan Ithurralde CAP\u00cdTULO VII THE ELEPHANT IN THE ROOM: EL PERITO DE PARTE EN EL ARBITRAJE NACIONAL Elina Mereminskaya CAP\u00cdTULO VIII RESPONSABILIDAD DE LOS \u00c1RBITROS Franccesco Campora Gatica \u2013 Mariana Tupper Satt PARTE II ARBITRAJE INTERNACIONAL CAP\u00cdTULO IX LEY N\u00b0 19.971 SOBRE ARBITRAJE COMERCIAL INTERNACIONAL: 18 A\u00d1OS DE VIGENCIA Gonzalo Fern\u00e1ndez Ruiz CAP\u00cdTULO X REPENSANDO LAS CL\u00c1USULAS ARBITRALES \u201cPATOL\u00d3GICAS\u201d: VALIDANDO ACUERDOS DE ARBITRAJE IMPERFECTOS Gary B. Born \u2013 Matteo Angelini \u2013 Carina Alcoberro Llivina CAP\u00cdTULO XI LAS REPRESENTACIONES Y GARANT\u00cdAS EN LOS CONTRATOS, SU RECONOCIMIENTO EN LA JURISPRUDENCIA Y LAS CONTROVERSIAS A QUE HAN DADO LUGAR M\u00f3nica van der Schraft Greve CAP\u00cdTULO XII LA IMPROCEDENCIA DEL RECURSO DE QUEJA EN EL ARBITRAJE COMERCIAL INTERNACIONAL Felipe Ossa Guzm\u00e1n \u2013 Felipe de Marinis Acle CAP\u00cdTULO XIII DIVERSIDAD DE G\u00c9NERO EN EL ARBITRAJE INTERNACIONAL: PROGRESO CON ACCIONES CONCRETAS. CONTRIBUCI\u00d3N DE WOMEN WAY IN ARBITRATION LATAM (WWA) Mar\u00eda Ines Corr\u00e1 \u2013 Ver\u00f3nica Sandler Obreg\u00f3n PARTE III ARBITRAJE DE INVERSIONES CAP\u00cdTULO XIV EL ARBITRAJE CIADI SEG\u00daN LAS NUEVAS REGLAS DE 2022 Gonzalo Flores \u2013 Francisco Grob Duhalde CAP\u00cdTULO XV CHILE Y LA SOLUCI\u00d3N DE CONTROVERSIAS INVERSIONISTA-ESTADO Andr\u00e9s Jana Linetzky \u2013 Benjam\u00edn Silva Aldana \u2013 Juan Pablo Labb\u00e9 Arocca SEGUNDA SECCI\u00d3N MEDIACI\u00d3N Y DISPUTE BOARDS PARTE I MEDIACI\u00d3N CAP\u00cdTULO XVI LA MEDIACI\u00d3N COMERCIAL. PARTICULARIDADES Y DESAF\u00cdOS DE LA MEDIACI\u00d3N EN EL CONTEXTO DE OS NEGOCIOS Marcela Fern\u00e1ndez Sald\u00edas CAP\u00cdTULO XVII PROYECTO DE LEY DE MEDIACI\u00d3N CIVIL EN CHILE: COMENTARIOS A LA LUZ DE LA EXPERIENCIA COMPARADA Nicol\u00e1s Fr\u00edas Ossand\u00f3n CAP\u00cdTULO XVIII APROXIMACIONES A LA MEDIACI\u00d3N DESDE LA CULTURA JUDICIAL Pedro Enrique Garc\u00eda Mu\u00f1oz CAP\u00cdTULO XIX EL CAOS HITORANGUI \u2013 ISLA DE PASCUA: CUANDO LA RESOLUCI\u00d3N COLABORAATIVA DE CONFLICTOS ES LA \u00daNICA SOLUCI\u00d3N REAL Tamara Del R\u00edo Mu\u00f1oz \u2013 Sebasti\u00e1n Villarroel Bardet \u2013 Andr\u00e9s Cort\u00e9s D\u00edaz CAP\u00cdTULO XX ODR Y JUSTICIA DIGITAL CENTRADA EN LAS PERSONAS Benjam\u00edn Astete Heimpell CAP\u00cdTULO XXI DESARROLLO DE LA CONCILIACI\u00d3N EN COLOMBIA: SU EVOLUCI\u00d3N COMO M\u00c9TODO DE ACCESO A LA JUSTICIA Juliana Mar\u00eda Giraldo Serna CAP\u00cdTULO XXII CONVENCI\u00d3N DE SINGAPUR Y SU RELEVANCIA PARA EL IMPULSO Y DIFUSI\u00d3N DE LA MEDIACI\u00d3N A NIVEL MUNDIAL Delcy Lagones de Anglim PARTE II DISPUTE BOARD CAP\u00cdTULO XXIII EN CONSTRUCCI\u00d3N ES MEJOR PREVENIR QUE CURAR: DISPUTE BOARDS, EL \u00daNICO MECANISMO QUE EVITA EL SURGIMIENTO DE DISPUTAS EN PROYECTOS DE CONSTRUCCI\u00d3N<\/p>\n","protected":false},"featured_media":3913,"comment_status":"open","ping_status":"closed","template":"","meta":{"inline_featured_image":false,"_joinchat":[]},"product_brand":[],"product_cat":[27,39],"product_tag":[],"class_list":{"0":"post-3860","1":"product","2":"type-product","3":"status-publish","4":"has-post-thumbnail","6":"product_cat-civil","7":"product_cat-procesal-civil","8":"product_shipping_class-a-convenir","10":"first","11":"instock","12":"shipping-taxable","13":"purchasable","14":"product-type-simple"},"_links":{"self":[{"href":"https:\/\/bibliotecajuridicavirtual.cl\/index.php\/wp-json\/wp\/v2\/product\/3860","targetHints":{"allow":["GET"]}}],"collection":[{"href":"https:\/\/bibliotecajuridicavirtual.cl\/index.php\/wp-json\/wp\/v2\/product"}],"about":[{"href":"https:\/\/bibliotecajuridicavirtual.cl\/index.php\/wp-json\/wp\/v2\/types\/product"}],"replies":[{"embeddable":true,"href":"https:\/\/bibliotecajuridicavirtual.cl\/index.php\/wp-json\/wp\/v2\/comments?post=3860"}],"wp:featuredmedia":[{"embeddable":true,"href":"https:\/\/bibliotecajuridicavirtual.cl\/index.php\/wp-json\/wp\/v2\/media\/3913"}],"wp:attachment":[{"href":"https:\/\/bibliotecajuridicavirtual.cl\/index.php\/wp-json\/wp\/v2\/media?parent=3860"}],"wp:term":[{"taxonomy":"product_brand","embeddable":true,"href":"https:\/\/bibliotecajuridicavirtual.cl\/index.php\/wp-json\/wp\/v2\/product_brand?post=3860"},{"taxonomy":"product_cat","embeddable":true,"href":"https:\/\/bibliotecajuridicavirtual.cl\/index.php\/wp-json\/wp\/v2\/product_cat?post=3860"},{"taxonomy":"product_tag","embeddable":true,"href":"https:\/\/bibliotecajuridicavirtual.cl\/index.php\/wp-json\/wp\/v2\/product_tag?post=3860"}],"curies":[{"name":"wp","href":"https:\/\/api.w.org\/{rel}","templated":true}]}}