{"id":3863,"date":"2026-02-28T01:20:57","date_gmt":"2026-02-28T04:20:57","guid":{"rendered":"https:\/\/bibliotecajuridicavirtual.cl\/?post_type=product&#038;p=3863"},"modified":"2026-02-28T01:21:25","modified_gmt":"2026-02-28T04:21:25","slug":"tratado-de-derecho-civil-fuentes-de-las-obligaciones-parte-especial-de-los-contratos-principales-en-particular-tomo-ii-ano-2021-491-pag-autor-antonio-vodanovic-haklicka","status":"publish","type":"product","link":"https:\/\/bibliotecajuridicavirtual.cl\/index.php\/product\/tratado-de-derecho-civil-fuentes-de-las-obligaciones-parte-especial-de-los-contratos-principales-en-particular-tomo-ii-ano-2021-491-pag-autor-antonio-vodanovic-haklicka\/","title":{"rendered":"Tratado de Derecho Civil- Fuentes de las Obligaciones &#8211; Parte Especial: De los contratos principales en particular &#8211; TOMO II. A\u00f1o 2021\/ 491 P\u00e1g. Autor Antonio Vodanovic Haklicka"},"content":{"rendered":"<p style=\"font-weight: 400;\">Este libro forma parte de las obras cl\u00e1sicas de Derecho Civil Chileno. La actualizaci\u00f3n de esta obra constituye un emocionante desaf\u00edo, pues en equilibrio, explora, por una parte, las explicaciones de la obra original en reconocimiento del incre\u00edble trabajo de sus autores, y por otra, incorpora las necesarias modificaciones atribuibles al inexorable transcurso del tiempo.<\/p>\n<p style=\"font-weight: 400;\">Desde la primera edici\u00f3n de 1942, nuestro ordenamiento jur\u00eddico ha experimentado variadas modificaciones, las cuales han de complementar la redacci\u00f3n y did\u00e1ctica tan propia de don Antonio Vodanovic Haklicka, quien le ha dado a esta obra su transcendencia y perseverancia en el tiempo. Por consiguiente, los letrados, jurisconsultos y acad\u00e9micos encargados de actualizar esta obra, se han comprometido con acuciosidad en la incorporaci\u00f3n de nuevas instituciones jur\u00eddicas, as\u00ed como en las actualizaciones propiamente tales, para que la obra conserve su sentido arm\u00f3nico, el cual procura conducir a los estudiosos del Derecho Civil en un conocimiento avanzado y \u00fatil para el ejercicio profesional.<\/p>\n<p style=\"font-weight: 400;\">La obra Fuentes de las Obligaciones aborda la m\u00e1s cl\u00e1sica y tradicional clasificaci\u00f3n que hiciera Andr\u00e9s Bello, al examinar el hecho jur\u00eddico que le da nacimiento, que origina o que genera las obligaciones. Clasifica las fuentes en aquellas que nacen de los Contratos, Cuasicontratos, Delitos, Cuasidelitos y las obligaciones que nacen de la ley.<\/p>\n<p style=\"font-weight: 400;\">Este tomo II desarrolla la parte especial de las fuentes de las obligaciones con referencia a los contratos regulados por nuestro C\u00f3digo Civil, cuyo an\u00e1lisis completa y debidamente actualizado, aparece desarrollado conforme con las normas especiales vigentes aplicables a cada contrato, y ampliado cuando han existido cambios de relevancias.<\/p>\n<p style=\"font-weight: 400;\"><b><strong>CAP\u00cdTULO I<\/strong><\/b><br \/>\n<b><strong>CONTRATOS CONSENSUALES Y CONTRATOS SOLEMNES<\/strong><\/b><\/p>\n<p><b><strong>1\u00ba. EL CONTRATO DE PROMESA<\/strong><\/b><\/p>\n<p><b><strong>2\u00ba. LA COMPRAVENTA<\/strong><\/b><br \/>\nI. La cosa vendida<br \/>\nII. El precio<br \/>\nIII. Solemnidades<br \/>\nIV. Las arras<br \/>\nV. La capacidad en el contrato de compraventa<br \/>\nVI. Efectos<\/p>\n<p><b><strong>3\u00ba. LA PERMUTA<\/strong><\/b><\/p>\n<p><b><strong>4\u00ba. DE LA CESI\u00d3N DE DERECHOS<\/strong><\/b><br \/>\nI. Cesi\u00f3n de los cr\u00e9ditos personales<br \/>\nII. Cesi\u00f3n de los cr\u00e9ditos nominativos<br \/>\nIII. Cesi\u00f3n del Derecho de herencia<br \/>\nIV. Cesi\u00f3n de los derechos litigiosos<\/p>\n<p><b><strong>5\u00ba. DEL ARRENDAMIENTO<\/strong><\/b><br \/>\nI. Del arrendamiento de cosas<br \/>\nII. Arrendamiento para la confecci\u00f3n de una obra material<br \/>\nIII. Contrato de empresa<br \/>\nIV. Arrendamiento de servicios<br \/>\nV. Del arrendamiento de servicios inmateriales<br \/>\nVi. Arrendamiento de transporte<\/p>\n<p><b><strong>6\u00ba. DE LA CONSTITUCI\u00d3N DEL CENSO<\/strong><\/b><\/p>\n<p>7\u00ba. DE LA SOCIEDAD O COMPA\u00d1\u00cdA<br \/>\nI. Elementos de la sociedad<br \/>\nII. Clases de sociedades<br \/>\nIII. De las principales cl\u00e1usulas del contrato de sociedad<br \/>\nIII. Administraci\u00f3n de la sociedad colectiva<br \/>\nIV. Administraci\u00f3n de las sociedades an\u00f3nimas<br \/>\nV. Obligaciones de los socios<br \/>\nVI. Disoluci\u00f3n de la sociedad<br \/>\nVII. Efectos de la disoluci\u00f3n de la sociedad<\/p>\n<p><b><strong>8\u00ba. EL MANDATO<\/strong><\/b><\/p>\n<p>9\u00ba. LA TRANSACCI\u00d3N<\/p>\n<p><b><strong>CAP\u00cdTULO II<br \/>\n<\/strong><\/b><b><strong>CONTRATOS REALES<\/strong><\/b><\/p>\n<p>&nbsp;<\/p>\n<p style=\"font-weight: 400;\"><b><strong>1\u00ba. DEL COMODATO<\/strong><\/b><br \/>\nI. Caracteres jur\u00eddicos<br \/>\nII. Requisitos<br \/>\nIII. Obligaciones que nacen del comodato<br \/>\nIV. Extinci\u00f3n<br \/>\nV. Comodato precario<\/p>\n<p><b><strong>2\u00ba. DEL MUTUO<\/strong><\/b><br \/>\nI. Caracteres jur\u00eddicos<br \/>\nII. Efectos<br \/>\nIII. Mutuo con intereses<\/p>\n<p><b><strong>3\u00ba. DEL DEP\u00d3SITO Y DEL SECUESTRO<\/strong><\/b><br \/>\nI. Caracteres jur\u00eddicos<br \/>\nII. Clasificaciones<\/p>\n<p style=\"font-weight: 400;\"><b><strong>CAP\u00cdTULO III<\/strong><\/b><br \/>\n<b><strong>INSTITUCIONES CIVILES DE CR\u00c9DITOS<\/strong><\/b><\/p>\n<p><b><strong>A. CONTRATOS ACCESORIOS<\/strong><\/b><\/p>\n<ol>\n<li style=\"font-weight: 400;\">A) GARANT\u00cdAS REALES<\/li>\n<\/ol>\n<p style=\"font-weight: 400;\">1\u00ba. Prenda<br \/>\ni. Caracter\u00edsticas de la prenda como contrato<br \/>\nii. Caracter\u00edsticas de la prenda como derecho real<br \/>\niii. Requisitos<br \/>\niv. Efectos del contrato de prenda<br \/>\nv. Extinci\u00f3n de la prenda<\/p>\n<p>2\u00ba. Hipoteca<br \/>\ni. Caracter\u00edsticas<br \/>\nii. Perfeccionamiento del contrato de hipoteca<br \/>\niii. Requisitos<br \/>\niv. El principio de la especialidad de la hipoteca<br \/>\nv. Hipoteca legal<br \/>\nvi. Efectos de la hipoteca<br \/>\nvii. Extinci\u00f3n de la hipoteca<br \/>\nviii. Posposici\u00f3n, subrogaci\u00f3n y cesi\u00f3n<\/p>\n<p>3\u00ba.\u2002Anticresis<\/p>\n<ol>\n<li style=\"font-weight: 400;\"><b><strong>B) GARANT\u00cdAS PERSONALES<\/strong><\/b><\/li>\n<li style=\"font-weight: 400;\">FIANZA<br \/>\nB. DERECHO DE RETENCI\u00d3N<br \/>\nC. PRELACI\u00d3N DE CR\u00c9DITOS<\/li>\n<\/ol>\n<p style=\"font-weight: 400;\">\u00a0<b><strong>CAP\u00cdTULO IV<\/strong><\/b><br \/>\n<b><strong>CONTRATOS ALEATORIOS<\/strong><\/b><\/p>\n<p>I. DEL JUEGO Y LA APUESTA<br \/>\nII. CONSTITUCI\u00d3N DE RENTA VITALICIA<br \/>\nIII. DE LA CONSTITUCI\u00d3N DEL CENSO VITALICIO<\/p>\n","protected":false},"excerpt":{"rendered":"<p>Buscas un libro Jur\u00eddico.? Lo puedes encontrar en nuestra tienda virtual.<br \/>\nContamos con prestigiosos autores y muchas alternativas en sus diferentes materias al igual que grandes descuentos.! Vis\u00edtanos en <a class=\"tykvYtnSECpeoMKlqvoreUufywOfzdchUlzs \" href=\"https:\/\/lnkd.in\/eiAG7jdZ\" target=\"_blank\" rel=\"noopener\" data-test-app-aware-link=\"\">https:\/\/lnkd.in\/eiAG7jdZ<\/a><br \/>\nEscr\u00edbenos al +56930565235 \/ <a class=\"tykvYtnSECpeoMKlqvoreUufywOfzdchUlzs \" href=\"mailto:ventaslegallexglobal@gmail.com\" target=\"_self\" data-test-app-aware-link=\"\">ventaslegallexglobal@gmail.com<\/a><br \/>\nHacemos env\u00edos a todo Chile \u2013 Starken o Correos Chile \/ Te esperamos<\/p>\n","protected":false},"featured_media":3916,"comment_status":"open","ping_status":"closed","template":"","meta":{"inline_featured_image":false,"_joinchat":[]},"product_brand":[],"product_cat":[27,40],"product_tag":[],"class_list":{"0":"post-3863","1":"product","2":"type-product","3":"status-publish","4":"has-post-thumbnail","6":"product_cat-civil","7":"product_cat-ediciones-juridica-de-santiago","8":"product_shipping_class-a-convenir","10":"first","11":"instock","12":"shipping-taxable","13":"purchasable","14":"product-type-simple"},"_links":{"self":[{"href":"https:\/\/bibliotecajuridicavirtual.cl\/index.php\/wp-json\/wp\/v2\/product\/3863","targetHints":{"allow":["GET"]}}],"collection":[{"href":"https:\/\/bibliotecajuridicavirtual.cl\/index.php\/wp-json\/wp\/v2\/product"}],"about":[{"href":"https:\/\/bibliotecajuridicavirtual.cl\/index.php\/wp-json\/wp\/v2\/types\/product"}],"replies":[{"embeddable":true,"href":"https:\/\/bibliotecajuridicavirtual.cl\/index.php\/wp-json\/wp\/v2\/comments?post=3863"}],"wp:featuredmedia":[{"embeddable":true,"href":"https:\/\/bibliotecajuridicavirtual.cl\/index.php\/wp-json\/wp\/v2\/media\/3916"}],"wp:attachment":[{"href":"https:\/\/bibliotecajuridicavirtual.cl\/index.php\/wp-json\/wp\/v2\/media?parent=3863"}],"wp:term":[{"taxonomy":"product_brand","embeddable":true,"href":"https:\/\/bibliotecajuridicavirtual.cl\/index.php\/wp-json\/wp\/v2\/product_brand?post=3863"},{"taxonomy":"product_cat","embeddable":true,"href":"https:\/\/bibliotecajuridicavirtual.cl\/index.php\/wp-json\/wp\/v2\/product_cat?post=3863"},{"taxonomy":"product_tag","embeddable":true,"href":"https:\/\/bibliotecajuridicavirtual.cl\/index.php\/wp-json\/wp\/v2\/product_tag?post=3863"}],"curies":[{"name":"wp","href":"https:\/\/api.w.org\/{rel}","templated":true}]}}