{"id":3890,"date":"2026-02-28T01:21:19","date_gmt":"2026-02-28T04:21:19","guid":{"rendered":"https:\/\/bibliotecajuridicavirtual.cl\/?post_type=product&#038;p=3890"},"modified":"2026-02-28T01:21:28","modified_gmt":"2026-02-28T04:21:28","slug":"fundamentos-de-derecho-probatorio-en-materia-penal-ano-2019-336-pag-autor-kai-ambos-y-ezequiel-malarino","status":"publish","type":"product","link":"https:\/\/bibliotecajuridicavirtual.cl\/index.php\/product\/fundamentos-de-derecho-probatorio-en-materia-penal-ano-2019-336-pag-autor-kai-ambos-y-ezequiel-malarino\/","title":{"rendered":"Fundamentos de Derecho Probatorio en Materia Penal. A\u00f1o 2019\/ 336 P\u00e1g. Autor Kai Ambos y Ezequiel Malarino"},"content":{"rendered":"<p>El libro presenta los resultados del proyecto de investigaci\u00f3n transnacional del Centro de Estudios de Derecho Penal y procesal Penal Latinoamericano (CEDPAL) de la Universidad Georg-August de G\u00f6ttingen, denominado \u00abFundamentos de derecho probatorio en materia penal\u00bb y dirigido por el Prof. Dr. Dr. h.c. Kai Ambos (Universidad de\u00a0 G\u00f6ttingen, Alemania) y el Prof. Dr. Ezequiel Malarino (Universidad de San Andr\u00e9s, Argentina). En ese sentido, los trabajos contenidos en el libro, elaborados y discutidos por destacados acad\u00e9micos provenientes del \u00e1mbito iberoamericano, abordan algunos de los problemas fundamentales y m\u00e1s actuales de la prueba penal, como el papel de la verdad en la din\u00e1mica probatoria, la libertad probatoria y la reserva de ley, los modelos de an\u00e1lisis de prueba, los est\u00e1ndares de la prueba, la argumentaci\u00f3n sobre hechos y su control por tribunales superior, los l\u00edmites \u00e9ticos a la averiguaci\u00f3n de la verdad en el proceso, la prueba en la etapa de la individualizaci\u00f3n de la pena y el principio del contradictorio y de la inmediaci\u00f3n en la recepci\u00f3n dela prueba.<\/p>\n<p>&nbsp;<\/p>\n<p>Abreviaturas<br \/>\nPresentaci\u00f3n del Centro de Estudios de Derecho Penal y Procesal Penal Latinoamericano (CEDPAL)<br \/>\nLibertad probatoria y reserva de Ley: \u201cautodeterminaci\u00f3n informacional\u201d como derecho fundamental del imputado<br \/>\nEl papel de la verdad en el proceso penal y su impacto en la din\u00e1mica probatoria<br \/>\nLos modelos de prueba: cuestionamiento de su elecci\u00f3n y aplicaci\u00f3n considerando un caso paradigm\u00e1tico<br \/>\nEl est\u00e1ndar de prueba y las probabilidades: una propuesta de interpretaci\u00f3n inspirada en el derecho comparado.<br \/>\nArgumentaci\u00f3n en materia de hechos y su control en su proceso penal<br \/>\nProhibiciones de prueba en los sistemas de tendencia\u00a0 inquisitiva y adversaria<br \/>\nLa Prueba en la individualizaci\u00f3n judicial de la pena<br \/>\nEl principio de inmediaci\u00f3n y\u00a0<em>confrontation<\/em>: paralelismo, diferencias, tendencias en la prueba testifical<\/p>\n","protected":false},"excerpt":{"rendered":"<p>Buscas un libro Jur\u00eddico.? Lo puedes encontrar en nuestra tienda virtual.<br \/>\nContamos con prestigiosos autores y muchas alternativas en sus diferentes materias al igual que grandes descuentos.! Vis\u00edtanos en <a class=\"wsMvqdsCQwHMdXuvCLlSAkmVYButhGSUc \" tabindex=\"0\" href=\"https:\/\/lnkd.in\/eiAG7jdZ\" target=\"_blank\" rel=\"noopener\" data-test-app-aware-link=\"\">https:\/\/lnkd.in\/eiAG7jdZ<\/a><br \/>\nEscr\u00edbenos al +56930565235 \/ <a class=\"wsMvqdsCQwHMdXuvCLlSAkmVYButhGSUc \" tabindex=\"0\" href=\"mailto:ventaslegallexglobal@gmail.com\" target=\"_self\" data-test-app-aware-link=\"\">ventaslegallexglobal@gmail.com<\/a><br \/>\nHacemos env\u00edos a todo Chile \u2013 Starken o Correos Chile \/ Te esperamos<\/p>\n","protected":false},"featured_media":3920,"comment_status":"open","ping_status":"closed","template":"","meta":{"inline_featured_image":false,"_joinchat":[]},"product_brand":[],"product_cat":[30,34],"product_tag":[],"class_list":{"0":"post-3890","1":"product","2":"type-product","3":"status-publish","4":"has-post-thumbnail","6":"product_cat-penal","7":"product_cat-procesal-penal","8":"product_shipping_class-a-convenir","10":"first","11":"instock","12":"sale","13":"shipping-taxable","14":"purchasable","15":"product-type-simple"},"_links":{"self":[{"href":"https:\/\/bibliotecajuridicavirtual.cl\/index.php\/wp-json\/wp\/v2\/product\/3890","targetHints":{"allow":["GET"]}}],"collection":[{"href":"https:\/\/bibliotecajuridicavirtual.cl\/index.php\/wp-json\/wp\/v2\/product"}],"about":[{"href":"https:\/\/bibliotecajuridicavirtual.cl\/index.php\/wp-json\/wp\/v2\/types\/product"}],"replies":[{"embeddable":true,"href":"https:\/\/bibliotecajuridicavirtual.cl\/index.php\/wp-json\/wp\/v2\/comments?post=3890"}],"wp:featuredmedia":[{"embeddable":true,"href":"https:\/\/bibliotecajuridicavirtual.cl\/index.php\/wp-json\/wp\/v2\/media\/3920"}],"wp:attachment":[{"href":"https:\/\/bibliotecajuridicavirtual.cl\/index.php\/wp-json\/wp\/v2\/media?parent=3890"}],"wp:term":[{"taxonomy":"product_brand","embeddable":true,"href":"https:\/\/bibliotecajuridicavirtual.cl\/index.php\/wp-json\/wp\/v2\/product_brand?post=3890"},{"taxonomy":"product_cat","embeddable":true,"href":"https:\/\/bibliotecajuridicavirtual.cl\/index.php\/wp-json\/wp\/v2\/product_cat?post=3890"},{"taxonomy":"product_tag","embeddable":true,"href":"https:\/\/bibliotecajuridicavirtual.cl\/index.php\/wp-json\/wp\/v2\/product_tag?post=3890"}],"curies":[{"name":"wp","href":"https:\/\/api.w.org\/{rel}","templated":true}]}}