{"id":3893,"date":"2026-02-28T01:21:19","date_gmt":"2026-02-28T04:21:19","guid":{"rendered":"https:\/\/bibliotecajuridicavirtual.cl\/?post_type=product&#038;p=3893"},"modified":"2026-02-28T01:21:31","modified_gmt":"2026-02-28T04:21:31","slug":"el-delito-de-produccion-de-pornografia-infanto-juvenil-como-lesion-a-la-intimidad-y-el-honor-de-los-menores-de-edad-ano-2017-144-pag-autor-luciano-cisternas-velis","status":"publish","type":"product","link":"https:\/\/bibliotecajuridicavirtual.cl\/index.php\/product\/el-delito-de-produccion-de-pornografia-infanto-juvenil-como-lesion-a-la-intimidad-y-el-honor-de-los-menores-de-edad-ano-2017-144-pag-autor-luciano-cisternas-velis\/","title":{"rendered":"El Delito de Producci\u00f3n de Pornograf\u00eda Infanto-juvenil como Lesi\u00f3n a la Intimidad y el Honor de los Menores de Edad. A\u00f1o 2017\/ 144 P\u00e1g. Autor Luciano Cisternas Velis"},"content":{"rendered":"<p>Libro en papel s\u00f3lo disponible en IBD (impresi\u00f3n bajo demanda). El libro bajo demanda se imprime de forma autom\u00e1tica y de manera exclusiva para cada cliente. No admite devoluci\u00f3n.<\/p>\n<p>La presente obra sostiene que el delito de producci\u00f3n de pornograf\u00eda infanto-juvenil protege la intimidad y el honor de los infantes o adolescentes, discrepando de la doctrina mayoritaria que afirma que el bien jur\u00eddico protegido es la indemnidad o libertad o integridad sexual. El an\u00e1lisis del bien jur\u00eddico se efect\u00faa considerando las circunstancias en que se elabora el material pornogr\u00e1fico, la naturaleza del objeto material y enfatizando que lo castigado es la ritualidad inherente al registro material o digital de un determinado suceso y no su contenido. A continuaci\u00f3n, analiza las consecuencias que esta tesis conlleva en el \u00e1mbito concursal respecto de otros delitos del C\u00f3digo penal chileno. Fue galardonada con el Premio Pedro Ort\u00edz Mu\u00f1oz, convocatoria 2016-2017, del Instituto de Ciencias Penales (Chile).<\/p>\n<p>&nbsp;<\/p>\n","protected":false},"excerpt":{"rendered":"<p>Libro en papel s\u00f3lo disponible en IBD (impresi\u00f3n bajo demanda). El libro bajo demanda se imprime de forma autom\u00e1tica y de manera exclusiva para cada cliente. No admite devoluci\u00f3n. La presente obra sostiene que el delito de producci\u00f3n de pornograf\u00eda infanto-juvenil protege la intimidad y el honor de los infantes o adolescentes, discrepando de la doctrina mayoritaria que afirma que el bien jur\u00eddico protegido es la indemnidad o libertad o integridad sexual. El an\u00e1lisis del bien jur\u00eddico se efect\u00faa considerando las circunstancias en que se elabora el material pornogr\u00e1fico, la naturaleza del objeto material y enfatizando que lo castigado es la ritualidad inherente al registro material o digital de un determinado suceso y no su contenido. A continuaci\u00f3n, analiza las consecuencias que esta tesis conlleva en el \u00e1mbito concursal respecto de otros delitos del C\u00f3digo penal chileno. Fue galardonada con el Premio Pedro Ort\u00edz Mu\u00f1oz, convocatoria 2016-2017, del Instituto de Ciencias Penales (Chile). &nbsp;<\/p>\n","protected":false},"featured_media":3923,"comment_status":"open","ping_status":"closed","template":"","meta":{"inline_featured_image":false,"_joinchat":[]},"product_brand":[],"product_cat":[30],"product_tag":[],"class_list":{"0":"post-3893","1":"product","2":"type-product","3":"status-publish","4":"has-post-thumbnail","6":"product_cat-penal","7":"product_shipping_class-a-convenir","9":"first","10":"instock","11":"shipping-taxable","12":"purchasable","13":"product-type-simple"},"_links":{"self":[{"href":"https:\/\/bibliotecajuridicavirtual.cl\/index.php\/wp-json\/wp\/v2\/product\/3893","targetHints":{"allow":["GET"]}}],"collection":[{"href":"https:\/\/bibliotecajuridicavirtual.cl\/index.php\/wp-json\/wp\/v2\/product"}],"about":[{"href":"https:\/\/bibliotecajuridicavirtual.cl\/index.php\/wp-json\/wp\/v2\/types\/product"}],"replies":[{"embeddable":true,"href":"https:\/\/bibliotecajuridicavirtual.cl\/index.php\/wp-json\/wp\/v2\/comments?post=3893"}],"wp:featuredmedia":[{"embeddable":true,"href":"https:\/\/bibliotecajuridicavirtual.cl\/index.php\/wp-json\/wp\/v2\/media\/3923"}],"wp:attachment":[{"href":"https:\/\/bibliotecajuridicavirtual.cl\/index.php\/wp-json\/wp\/v2\/media?parent=3893"}],"wp:term":[{"taxonomy":"product_brand","embeddable":true,"href":"https:\/\/bibliotecajuridicavirtual.cl\/index.php\/wp-json\/wp\/v2\/product_brand?post=3893"},{"taxonomy":"product_cat","embeddable":true,"href":"https:\/\/bibliotecajuridicavirtual.cl\/index.php\/wp-json\/wp\/v2\/product_cat?post=3893"},{"taxonomy":"product_tag","embeddable":true,"href":"https:\/\/bibliotecajuridicavirtual.cl\/index.php\/wp-json\/wp\/v2\/product_tag?post=3893"}],"curies":[{"name":"wp","href":"https:\/\/api.w.org\/{rel}","templated":true}]}}