{"id":3897,"date":"2026-02-28T01:21:19","date_gmt":"2026-02-28T04:21:19","guid":{"rendered":"https:\/\/bibliotecajuridicavirtual.cl\/?post_type=product&#038;p=3897"},"modified":"2026-02-28T01:21:33","modified_gmt":"2026-02-28T04:21:33","slug":"diccionario-multidisciplinar-de-empresa-ano-2022-500-pag-autor-luis-vazquez-suarez-y-roberto-sanchez-gomez","status":"publish","type":"product","link":"https:\/\/bibliotecajuridicavirtual.cl\/index.php\/product\/diccionario-multidisciplinar-de-empresa-ano-2022-500-pag-autor-luis-vazquez-suarez-y-roberto-sanchez-gomez\/","title":{"rendered":"Diccionario multidisciplinar de empresa. A\u00f1o 2022\/ 500 P\u00e1g. Autor Luis V\u00e1zquez Su\u00e1rez y Roberto S\u00e1nchez G\u00f3mez"},"content":{"rendered":"<p>Este Diccionario multidisciplinar de empresa recoge 3.045 t\u00e9rminos procedentes de los diversos campos de conocimiento relacionados con la gesti\u00f3n empresarial: la econom\u00eda, la estrategia, el marketing, la direcci\u00f3n de operaciones, la contabilidad, las finanzas, el derecho y la psicolog\u00eda organizacional.<\/p>\n<p>&nbsp;<\/p>\n<p>\u00cdndice<br \/>\nA-Z\u00a0\u00a0 \u00a0\u00a0\u00a0 \u00a0\u00a0\u00a0 \u00a013<br \/>\n\u00cdndice de t\u00e9rminos (A-Z)\u00a0\u00a0 \u00a0\u00a0\u00a0 \u00a0403<br \/>\n\u00cdndice por materias\u00a0\u00a0 \u00a0\u00a0\u00a0 \u00a0451<br \/>\nConceptos metodol\u00f3gicos \u00a0\u00a0 \u00a0\u00a0\u00a0 \u00a0451<br \/>\nContabilidad y finanzas\u00a0\u00a0 \u00a0\u00a0\u00a0 \u00a0451<br \/>\nDerecho\u00a0\u00a0 \u00a0\u00a0\u00a0 \u00a0459<br \/>\nDirecci\u00f3n de operaciones (producci\u00f3n y log\u00edstica)\u00a0\u00a0 \u00a0\u00a0\u00a0 \u00a0462<br \/>\nDirecci\u00f3n estrat\u00e9gica (estrategia empresarial)\u00a0\u00a0 \u00a0\u00a0\u00a0 \u00a0468<br \/>\nDise\u00f1o organizativo\u00a0\u00a0 \u00a0\u00a0\u00a0 \u00a0473<br \/>\nEconom\u00eda\u00a0\u00a0 \u00a0\u00a0\u00a0 \u00a0476<br \/>\nHabilidades directivas\u00a0\u00a0 \u00a0\u00a0\u00a0 \u00a0480<br \/>\nMarketing (comercializaci\u00f3n e investigaci\u00f3n de mercados)\u00a0\u00a0 \u00a0\u00a0\u00a0 \u00a0482<br \/>\nPsicolog\u00eda organizacional\u00a0\u00a0 \u00a0\u00a0\u00a0 \u00a0488<br \/>\nRecursos humanos y prevenci\u00f3n de riesgos laborales\u00a0\u00a0 \u00a0\u00a0\u00a0 \u00a0493<br \/>\nTeor\u00eda de la empresa\u00a0\u00a0 \u00a0\u00a0\u00a0 \u00a0496<br \/>\nToma de decisiones y psicolog\u00eda econ\u00f3mica\u00a0\u00a0 \u00a0\u00a0\u00a0 \u00a0497<\/p>\n","protected":false},"excerpt":{"rendered":"<h5 style=\"text-align: center;\"><span style=\"color: #ff9900;\">( LIBRO ESPA\u00d1OL)\u00a0 \u00a0 \u00a0 \u00a0 \u00a0 \u00a0 \u00a0 \u00a0 \u00a0<\/span><\/h5>\n","protected":false},"featured_media":3927,"comment_status":"open","ping_status":"closed","template":"","meta":{"inline_featured_image":false,"_joinchat":[]},"product_brand":[],"product_cat":[45],"product_tag":[],"class_list":{"0":"post-3897","1":"product","2":"type-product","3":"status-publish","4":"has-post-thumbnail","6":"product_cat-administrativo","7":"product_shipping_class-a-convenir","9":"first","10":"instock","11":"shipping-taxable","12":"purchasable","13":"product-type-simple"},"_links":{"self":[{"href":"https:\/\/bibliotecajuridicavirtual.cl\/index.php\/wp-json\/wp\/v2\/product\/3897","targetHints":{"allow":["GET"]}}],"collection":[{"href":"https:\/\/bibliotecajuridicavirtual.cl\/index.php\/wp-json\/wp\/v2\/product"}],"about":[{"href":"https:\/\/bibliotecajuridicavirtual.cl\/index.php\/wp-json\/wp\/v2\/types\/product"}],"replies":[{"embeddable":true,"href":"https:\/\/bibliotecajuridicavirtual.cl\/index.php\/wp-json\/wp\/v2\/comments?post=3897"}],"wp:featuredmedia":[{"embeddable":true,"href":"https:\/\/bibliotecajuridicavirtual.cl\/index.php\/wp-json\/wp\/v2\/media\/3927"}],"wp:attachment":[{"href":"https:\/\/bibliotecajuridicavirtual.cl\/index.php\/wp-json\/wp\/v2\/media?parent=3897"}],"wp:term":[{"taxonomy":"product_brand","embeddable":true,"href":"https:\/\/bibliotecajuridicavirtual.cl\/index.php\/wp-json\/wp\/v2\/product_brand?post=3897"},{"taxonomy":"product_cat","embeddable":true,"href":"https:\/\/bibliotecajuridicavirtual.cl\/index.php\/wp-json\/wp\/v2\/product_cat?post=3897"},{"taxonomy":"product_tag","embeddable":true,"href":"https:\/\/bibliotecajuridicavirtual.cl\/index.php\/wp-json\/wp\/v2\/product_tag?post=3897"}],"curies":[{"name":"wp","href":"https:\/\/api.w.org\/{rel}","templated":true}]}}