{"id":3957,"date":"2026-02-28T01:21:42","date_gmt":"2026-02-28T04:21:42","guid":{"rendered":"https:\/\/bibliotecajuridicavirtual.cl\/?post_type=product&#038;p=3957"},"modified":"2026-02-28T01:22:01","modified_gmt":"2026-02-28T04:22:01","slug":"ilicitos-publicitarios-y-tutela-del-consumidor-una-propuesta-de-sistematizacion-en-el-derecho-chileno-ano-2022-430-pag-autor-inigo-andres-de-la-maza-gazmuri-y-patricia-veronica-lopez-diaz","status":"publish","type":"product","link":"https:\/\/bibliotecajuridicavirtual.cl\/index.php\/product\/ilicitos-publicitarios-y-tutela-del-consumidor-una-propuesta-de-sistematizacion-en-el-derecho-chileno-ano-2022-430-pag-autor-inigo-andres-de-la-maza-gazmuri-y-patricia-veronica-lopez-diaz\/","title":{"rendered":"Il\u00edcitos Publicitarios y Tutela  del Consumidor. Una propuesta de sistematizaci\u00f3n en el derecho chileno. A\u00f1o 2022\/ 430 P\u00e1g. Autor  I\u00f1igo Andr\u00e9s de la Maza Gazmuri y Patricia Ver\u00f3nica L\u00f3pez D\u00edaz"},"content":{"rendered":"<p>A partir de 1979, la etapa precontractual va concitando la atenci\u00f3n doctrinal y dicho inter\u00e9s se ha extendido al \u00e1mbito de Protecci\u00f3n de los Derechos de los Consumidores, abordando los il\u00edcitos precontractuales, el suministro de informaci\u00f3n como t\u00e9cnica de protecci\u00f3n de los consumidores, el rol de la publicidad en los negocios de consumo, la publicidad enga\u00f1osa, etc.<br \/>\nNo ha ocurrido lo mismo con el an\u00e1lisis de la publicidad, pues ha sido parcial y restringido a la publicidad enga\u00f1osa e integraci\u00f3n publicitaria, lo que ha impedido advertir que ella constituye un fen\u00f3meno que envuelve m\u00faltiples intereses, se manifiesta de distintas formas, presenta una regulaci\u00f3n diversa y fragmentada y acarrea diferentes problemas que requieren de una adecuada soluci\u00f3n en nuestro ordenamiento jur\u00eddico.<br \/>\nIdentificarlos y formular propuestas de soluci\u00f3n a cada uno de ellos constituye el prop\u00f3sito de esta obra, desaf\u00edo que permitir\u00e1 al destinatario de aquella y a quienes resulten afectados (competidores y titulares de propiedad intelectual e industrial) dise\u00f1ar su estrategia de protecci\u00f3n y accionar por v\u00eda precontractual, contractual o extracontractual, dependiendo del supuesto en que se encuentren.<\/p>\n","protected":false},"excerpt":{"rendered":"<p>A partir de 1979, la etapa precontractual va concitando la atenci\u00f3n doctrinal y dicho inter\u00e9s se ha extendido al \u00e1mbito de Protecci\u00f3n de los Derechos de los Consumidores, abordando los il\u00edcitos precontractuales, el suministro de informaci\u00f3n como t\u00e9cnica de protecci\u00f3n de los consumidores, el rol de la publicidad en los negocios de consumo, la publicidad enga\u00f1osa, etc. No ha ocurrido lo mismo con el an\u00e1lisis de la publicidad, pues ha sido parcial y restringido a la publicidad enga\u00f1osa e integraci\u00f3n publicitaria, lo que ha impedido advertir que ella constituye un fen\u00f3meno que envuelve m\u00faltiples intereses, se manifiesta de distintas formas, presenta una regulaci\u00f3n diversa y fragmentada y acarrea diferentes problemas que requieren de una adecuada soluci\u00f3n en nuestro ordenamiento jur\u00eddico. Identificarlos y formular propuestas de soluci\u00f3n a cada uno de ellos constituye el prop\u00f3sito de esta obra, desaf\u00edo que permitir\u00e1 al destinatario de aquella y a quienes resulten afectados (competidores y titulares de propiedad intelectual e industrial) dise\u00f1ar su estrategia de protecci\u00f3n y accionar por v\u00eda precontractual, contractual o extracontractual, dependiendo del supuesto en que se encuentren.<\/p>\n","protected":false},"featured_media":3987,"comment_status":"open","ping_status":"closed","template":"","meta":{"inline_featured_image":false,"_joinchat":[]},"product_brand":[],"product_cat":[27,42],"product_tag":[],"class_list":{"0":"post-3957","1":"product","2":"type-product","3":"status-publish","4":"has-post-thumbnail","6":"product_cat-civil","7":"product_cat-thomson-reuters","8":"product_shipping_class-a-convenir","10":"first","11":"instock","12":"shipping-taxable","13":"purchasable","14":"product-type-simple"},"_links":{"self":[{"href":"https:\/\/bibliotecajuridicavirtual.cl\/index.php\/wp-json\/wp\/v2\/product\/3957","targetHints":{"allow":["GET"]}}],"collection":[{"href":"https:\/\/bibliotecajuridicavirtual.cl\/index.php\/wp-json\/wp\/v2\/product"}],"about":[{"href":"https:\/\/bibliotecajuridicavirtual.cl\/index.php\/wp-json\/wp\/v2\/types\/product"}],"replies":[{"embeddable":true,"href":"https:\/\/bibliotecajuridicavirtual.cl\/index.php\/wp-json\/wp\/v2\/comments?post=3957"}],"wp:featuredmedia":[{"embeddable":true,"href":"https:\/\/bibliotecajuridicavirtual.cl\/index.php\/wp-json\/wp\/v2\/media\/3987"}],"wp:attachment":[{"href":"https:\/\/bibliotecajuridicavirtual.cl\/index.php\/wp-json\/wp\/v2\/media?parent=3957"}],"wp:term":[{"taxonomy":"product_brand","embeddable":true,"href":"https:\/\/bibliotecajuridicavirtual.cl\/index.php\/wp-json\/wp\/v2\/product_brand?post=3957"},{"taxonomy":"product_cat","embeddable":true,"href":"https:\/\/bibliotecajuridicavirtual.cl\/index.php\/wp-json\/wp\/v2\/product_cat?post=3957"},{"taxonomy":"product_tag","embeddable":true,"href":"https:\/\/bibliotecajuridicavirtual.cl\/index.php\/wp-json\/wp\/v2\/product_tag?post=3957"}],"curies":[{"name":"wp","href":"https:\/\/api.w.org\/{rel}","templated":true}]}}