{"id":3991,"date":"2026-02-28T01:22:12","date_gmt":"2026-02-28T04:22:12","guid":{"rendered":"https:\/\/bibliotecajuridicavirtual.cl\/?post_type=product&#038;p=3991"},"modified":"2026-02-28T01:22:19","modified_gmt":"2026-02-28T04:22:19","slug":"derecho-de-sociedades-7ma-edicion-ano-2021-autor-oscar-torres-z","status":"publish","type":"product","link":"https:\/\/bibliotecajuridicavirtual.cl\/index.php\/product\/derecho-de-sociedades-7ma-edicion-ano-2021-autor-oscar-torres-z\/","title":{"rendered":"Derecho de Sociedades 7ma Edicion. A\u00f1o 2021. Autor \u00d3scar Torres Z."},"content":{"rendered":"<p>El libro Derecho de Sociedades desarrolla sistem\u00e1ticamente, en un panorama completo, la regulaci\u00f3n de las sociedades de personas y de capital en el sistema jur\u00eddico chileno, explicando su origen hist\u00f3rico y en el derecho comparado, desde el concepto contractual romano de sociedad hasta su estado de evoluci\u00f3n actual, como acto constitutivo colectivo y unilateral, seg\u00fan el tipo societario de que se trata.<br \/>\nSe explican los tipos societarios sociedad colectiva, en comandita, limitada, sociedad an\u00f3nima(abierta y cerrada), sociedad por acciones y las sociedades especiales de garant\u00eda rec\u00edproca, an\u00f3nima deportiva, las sociedades mineras (legal y contractual), las cooperativas y la empresa individual de responsabilidad limitada (E.I.R.L.). Se expone tambi\u00e9n la regulaci\u00f3n de las empresas y sociedades constituidas por medio electr\u00f3nico o digital en el Registro de Sociedades y Empresas del Ministerio de Econom\u00eda, Ley N\u00ba 20.659, de 2013.<br \/>\nAnaliza el gobierno corporativo de las sociedades an\u00f3nimas, seg\u00fan los principios de la Organizaci\u00f3n para la Cooperaci\u00f3n y Desarrollo Econ\u00f3micos (OCDE) y su recepci\u00f3n en la Ley de Sociedades An\u00f3nimas; las normas de soluci\u00f3n de conflictos societarios referidas al arbitraje y las competencias y normas procesales de fiscalizaci\u00f3n a las sociedades an\u00f3nimas abiertas a cargo de la Comisi\u00f3n para el Mercado Financiero (CMF).<br \/>\nDesarrolla las nociones de empresa en su dimensi\u00f3n jur\u00eddica y econ\u00f3mica, grupo empresarial y contratos de colaboraci\u00f3n empresarial, joint venture y asociaci\u00f3n o cuentas en participaci\u00f3n. Incluye esta s\u00e9ptima edici\u00f3n una revisi\u00f3n a todas las materias del libro e incorpora una explicaci\u00f3n a la regulaci\u00f3n penal del delito de administraci\u00f3n desleal, incorporado por la Ley N\u00ba 21.121, de 2018.<br \/>\nOtras materias de inter\u00e9s se refieren a la toma de control de las sociedades an\u00f3nimas abiertas mediante Oferta P\u00fablica de Adquisici\u00f3n de acciones (OPAs) en la Ley de Mercado de Valores, N\u00ba 18.045, y la emisi\u00f3n de bonos por la sociedad an\u00f3nima.<\/p>\n<p>&nbsp;<\/p>\n","protected":false},"excerpt":{"rendered":"<p>El libro Derecho de Sociedades desarrolla sistem\u00e1ticamente, en un panorama completo, la regulaci\u00f3n de las sociedades de personas y de capital en el sistema jur\u00eddico chileno, explicando su origen hist\u00f3rico y en el derecho comparado, desde el concepto contractual romano de sociedad hasta su estado de evoluci\u00f3n actual, como acto constitutivo colectivo y unilateral, seg\u00fan el tipo societario de que se trata. Se explican los tipos societarios sociedad colectiva, en comandita, limitada, sociedad an\u00f3nima(abierta y cerrada), sociedad por acciones y las sociedades especiales de garant\u00eda rec\u00edproca, an\u00f3nima deportiva, las sociedades mineras (legal y contractual), las cooperativas y la empresa individual de responsabilidad limitada (E.I.R.L.). Se expone tambi\u00e9n la regulaci\u00f3n de las empresas y sociedades constituidas por medio electr\u00f3nico o digital en el Registro de Sociedades y Empresas del Ministerio de Econom\u00eda, Ley N\u00ba 20.659, de 2013. Analiza el gobierno corporativo de las sociedades an\u00f3nimas, seg\u00fan los principios de la Organizaci\u00f3n para la Cooperaci\u00f3n y Desarrollo Econ\u00f3micos (OCDE) y su recepci\u00f3n en la Ley de Sociedades An\u00f3nimas; las normas de soluci\u00f3n de conflictos societarios referidas al arbitraje y las competencias y normas procesales de fiscalizaci\u00f3n a las sociedades an\u00f3nimas abiertas a cargo de la Comisi\u00f3n para el Mercado Financiero (CMF). Desarrolla las nociones de empresa en su dimensi\u00f3n jur\u00eddica y econ\u00f3mica, grupo empresarial y contratos de colaboraci\u00f3n empresarial, joint venture y asociaci\u00f3n o cuentas en participaci\u00f3n. Incluye esta s\u00e9ptima edici\u00f3n una revisi\u00f3n a todas las materias del libro e incorpora una explicaci\u00f3n a la regulaci\u00f3n penal del delito de administraci\u00f3n desleal, incorporado por la Ley N\u00ba 21.121, de 2018. Otras materias de inter\u00e9s se refieren a la toma de control de las sociedades an\u00f3nimas abiertas mediante Oferta P\u00fablica de Adquisici\u00f3n de acciones (OPAs) en la Ley de Mercado de Valores, N\u00ba 18.045, y la emisi\u00f3n de bonos por la sociedad an\u00f3nima. &nbsp;<\/p>\n","protected":false},"featured_media":4021,"comment_status":"open","ping_status":"closed","template":"","meta":{"inline_featured_image":false,"_joinchat":[]},"product_brand":[],"product_cat":[48,42],"product_tag":[],"class_list":{"0":"post-3991","1":"product","2":"type-product","3":"status-publish","4":"has-post-thumbnail","6":"product_cat-comercial","7":"product_cat-thomson-reuters","8":"product_shipping_class-a-convenir","10":"first","11":"instock","12":"shipping-taxable","13":"purchasable","14":"product-type-simple"},"_links":{"self":[{"href":"https:\/\/bibliotecajuridicavirtual.cl\/index.php\/wp-json\/wp\/v2\/product\/3991","targetHints":{"allow":["GET"]}}],"collection":[{"href":"https:\/\/bibliotecajuridicavirtual.cl\/index.php\/wp-json\/wp\/v2\/product"}],"about":[{"href":"https:\/\/bibliotecajuridicavirtual.cl\/index.php\/wp-json\/wp\/v2\/types\/product"}],"replies":[{"embeddable":true,"href":"https:\/\/bibliotecajuridicavirtual.cl\/index.php\/wp-json\/wp\/v2\/comments?post=3991"}],"wp:featuredmedia":[{"embeddable":true,"href":"https:\/\/bibliotecajuridicavirtual.cl\/index.php\/wp-json\/wp\/v2\/media\/4021"}],"wp:attachment":[{"href":"https:\/\/bibliotecajuridicavirtual.cl\/index.php\/wp-json\/wp\/v2\/media?parent=3991"}],"wp:term":[{"taxonomy":"product_brand","embeddable":true,"href":"https:\/\/bibliotecajuridicavirtual.cl\/index.php\/wp-json\/wp\/v2\/product_brand?post=3991"},{"taxonomy":"product_cat","embeddable":true,"href":"https:\/\/bibliotecajuridicavirtual.cl\/index.php\/wp-json\/wp\/v2\/product_cat?post=3991"},{"taxonomy":"product_tag","embeddable":true,"href":"https:\/\/bibliotecajuridicavirtual.cl\/index.php\/wp-json\/wp\/v2\/product_tag?post=3991"}],"curies":[{"name":"wp","href":"https:\/\/api.w.org\/{rel}","templated":true}]}}