{"id":4005,"date":"2026-02-28T01:22:12","date_gmt":"2026-02-28T04:22:12","guid":{"rendered":"https:\/\/bibliotecajuridicavirtual.cl\/?post_type=product&#038;p=4005"},"modified":"2026-02-28T01:22:32","modified_gmt":"2026-02-28T04:22:32","slug":"doctrina-y-jurisprudencia-penal-n46-formalizacion-reformalizacion-y-principio-de-congruencia-ano-2021-102-pag-autor-varios-autores","status":"publish","type":"product","link":"https:\/\/bibliotecajuridicavirtual.cl\/index.php\/product\/doctrina-y-jurisprudencia-penal-n46-formalizacion-reformalizacion-y-principio-de-congruencia-ano-2021-102-pag-autor-varios-autores\/","title":{"rendered":"Doctrina y Jurisprudencia Penal N\u00b046. Formalizaci\u00f3n, Reformalizaci\u00f3n y Principio de Congruencia. A\u00f1o 2021\/ 102 P\u00e1g. Autor Varios Autores"},"content":{"rendered":"<p style=\"font-weight: 400;\">La revista Doctrina y Jurisprudencia Penal es una revista trimestral preparada por el Departamento de Derecho Penal de la Universidad de los Andes con la colaboraci\u00f3n de destacados acad\u00e9micos del \u00e1rea, que forman parte de su comit\u00e9 editorial. Este texto aborda temas de inter\u00e9s penal y procesal penal desde una perspectiva pr\u00e1ctica. Se divide en tres secciones, una dedicada a la publicaci\u00f3n de estudios originales sobre problemas que repercuten en nuestra realidad jur\u00eddica, otra integrada por comentarios de sentencias, que se sistematizar\u00e1n seg\u00fan su origen: Juzgados de Garant\u00eda; Tribunales Orales en lo Penal; Corte de Apelaciones y Corte Suprema y, finalmente, una que agrupa una serie de sentencias clasificadas y sistematizadas por tema.<\/p>\n<p style=\"font-weight: 400;\">La aspiraci\u00f3n de esta publicaci\u00f3n, y de toda la colecci\u00f3n que seguir\u00e1, es apartarse de la miscel\u00e1nea doctrinaria y jurisprudencial desarrollando temas espec\u00edficos de la parte especial y general del Derecho Penal. De este modo, su aspiraci\u00f3n es ser un aporte trimestral efectivo al trabajo de los estudiosos del Derecho, pero muy especialmente a los operadores que lidian cotidianamente con estas cuestiones en nuestros tribunales de justicia. En este n\u00famero se abordan diversos problemas procedimentales vinculados con la formalizaci\u00f3n de la investigaci\u00f3n, la reformalizaci\u00f3n y el principio de congruencia, sus principales repercusiones tanto en el contexto del debido proceso como en decisiones sustantivas.<\/p>\n<p style=\"font-weight: 400;\">\n<ol>\n<li style=\"font-weight: 400;\"><b><strong> ESTUDIOS<\/strong><\/b><\/li>\n<\/ol>\n<p style=\"font-weight: 400;\">Recalificaci\u00f3n y principio de congruencia desde la perspectiva de la defensa: desarrollo de la jurisprudencia y doctrina local y algunos aportes desde el derecho internacional de los derechos humanos<\/p>\n<p style=\"font-weight: 400;\"><em>Requalification and congruence principle from the defense perspective: development of jurisprudence and local doctrine and some contributions from international human rights law<\/em><\/p>\n<p style=\"font-weight: 400;\">Tom\u00e1s Ignacio Pascual Ricke<\/p>\n<ol>\n<li style=\"font-weight: 400;\"><b><strong> COMENTARIOS DE SENTENCIAS<\/strong><\/b><\/li>\n<\/ol>\n<p style=\"font-weight: 400;\"><em>Comentario a la SCS de 19 de febrero de 2020 (rol N\u00ba 36472-2019)<\/em><br \/>\nAgustina Alvarado Ur\u00edzar<\/p>\n<p style=\"font-weight: 400;\"><em>Comentario a la SCA de Concepci\u00f3n de 20 de octubre de 2017 (rol N\u00ba 841-2017)<\/em><br \/>\nDiego Falcone Salas<\/p>\n<p style=\"font-weight: 400;\"><em>Comentario a la SCA de Puerto Montt de 19 de octubre de 2020 (rol N\u00ba 661-20)<\/em><br \/>\nValeria Jelvez Gallegos<\/p>\n<p style=\"font-weight: 400;\"><em>Comentario a la SCA de Santiago de 25 de mayo de 2020 (rol N\u00ba 1069-2020)<\/em><br \/>\nGuillermo Oliver Calder\u00f3n<\/p>\n<p style=\"font-weight: 400;\"><em>Comentario a la SCS de 25 de marzo de 2021 (rol N\u00ba 125436-2020)<\/em><br \/>\nXimena Marcazzolo Awad<\/p>\n<p style=\"font-weight: 400;\"><b><strong>III. SENTENCIAS CLASIFICADAS<\/strong><\/b><\/p>\n<p style=\"font-weight: 400;\">Arbitrariedad<br \/>\nCongruencia y valoraci\u00f3n judicial<br \/>\nFormalizaci\u00f3n<br \/>\nForzamiento de la acusaci\u00f3n<br \/>\nPrincipio de congruencia<br \/>\nReformalizaci\u00f3n<br \/>\nRevisi\u00f3n de cautelares<\/p>\n","protected":false},"excerpt":{"rendered":"<p>La revista Doctrina y Jurisprudencia Penal es una revista trimestral preparada por el Departamento de Derecho Penal de la Universidad de los Andes con la colaboraci\u00f3n de destacados acad\u00e9micos del \u00e1rea, que forman parte de su comit\u00e9 editorial. Este texto aborda temas de inter\u00e9s penal y procesal penal desde una perspectiva pr\u00e1ctica. Se divide en tres secciones, una dedicada a la publicaci\u00f3n de estudios originales sobre problemas que repercuten en nuestra realidad jur\u00eddica, otra integrada por comentarios de sentencias, que se sistematizar\u00e1n seg\u00fan su origen: Juzgados de Garant\u00eda; Tribunales Orales en lo Penal; Corte de Apelaciones y Corte Suprema y, finalmente, una que agrupa una serie de sentencias clasificadas y sistematizadas por tema. La aspiraci\u00f3n de esta publicaci\u00f3n, y de toda la colecci\u00f3n que seguir\u00e1, es apartarse de la miscel\u00e1nea doctrinaria y jurisprudencial desarrollando temas espec\u00edficos de la parte especial y general del Derecho Penal. De este modo, su aspiraci\u00f3n es ser un aporte trimestral efectivo al trabajo de los estudiosos del Derecho, pero muy especialmente a los operadores que lidian cotidianamente con estas cuestiones en nuestros tribunales de justicia. En este n\u00famero se abordan diversos problemas procedimentales vinculados con la formalizaci\u00f3n de la investigaci\u00f3n, la reformalizaci\u00f3n y el principio de congruencia, sus principales repercusiones tanto en el contexto del debido proceso como en decisiones sustantivas. ESTUDIOS Recalificaci\u00f3n y principio de congruencia desde la perspectiva de la defensa: desarrollo de la jurisprudencia y doctrina local y algunos aportes desde el derecho internacional de los derechos humanos Requalification and congruence principle from the defense perspective: development of jurisprudence and local doctrine and some contributions from international human rights law Tom\u00e1s Ignacio Pascual Ricke COMENTARIOS DE SENTENCIAS Comentario a la SCS de 19 de febrero de 2020 (rol N\u00ba 36472-2019) Agustina Alvarado Ur\u00edzar Comentario a la SCA de Concepci\u00f3n de 20 de octubre de 2017 (rol N\u00ba 841-2017) Diego Falcone Salas Comentario a la SCA de Puerto Montt de 19 de octubre de 2020 (rol N\u00ba 661-20) Valeria Jelvez Gallegos Comentario a la SCA de Santiago de 25 de mayo de 2020 (rol N\u00ba 1069-2020) Guillermo Oliver Calder\u00f3n Comentario a la SCS de 25 de marzo de 2021 (rol N\u00ba 125436-2020) Ximena Marcazzolo Awad III. SENTENCIAS CLASIFICADAS Arbitrariedad Congruencia y valoraci\u00f3n judicial Formalizaci\u00f3n Forzamiento de la acusaci\u00f3n Principio de congruencia Reformalizaci\u00f3n Revisi\u00f3n de cautelares<\/p>\n","protected":false},"featured_media":4035,"comment_status":"open","ping_status":"closed","template":"","meta":{"inline_featured_image":false,"_joinchat":[]},"product_brand":[],"product_cat":[34,42],"product_tag":[],"class_list":{"0":"post-4005","1":"product","2":"type-product","3":"status-publish","4":"has-post-thumbnail","6":"product_cat-procesal-penal","7":"product_cat-thomson-reuters","8":"product_shipping_class-a-convenir","10":"first","11":"instock","12":"shipping-taxable","13":"purchasable","14":"product-type-simple"},"_links":{"self":[{"href":"https:\/\/bibliotecajuridicavirtual.cl\/index.php\/wp-json\/wp\/v2\/product\/4005","targetHints":{"allow":["GET"]}}],"collection":[{"href":"https:\/\/bibliotecajuridicavirtual.cl\/index.php\/wp-json\/wp\/v2\/product"}],"about":[{"href":"https:\/\/bibliotecajuridicavirtual.cl\/index.php\/wp-json\/wp\/v2\/types\/product"}],"replies":[{"embeddable":true,"href":"https:\/\/bibliotecajuridicavirtual.cl\/index.php\/wp-json\/wp\/v2\/comments?post=4005"}],"wp:featuredmedia":[{"embeddable":true,"href":"https:\/\/bibliotecajuridicavirtual.cl\/index.php\/wp-json\/wp\/v2\/media\/4035"}],"wp:attachment":[{"href":"https:\/\/bibliotecajuridicavirtual.cl\/index.php\/wp-json\/wp\/v2\/media?parent=4005"}],"wp:term":[{"taxonomy":"product_brand","embeddable":true,"href":"https:\/\/bibliotecajuridicavirtual.cl\/index.php\/wp-json\/wp\/v2\/product_brand?post=4005"},{"taxonomy":"product_cat","embeddable":true,"href":"https:\/\/bibliotecajuridicavirtual.cl\/index.php\/wp-json\/wp\/v2\/product_cat?post=4005"},{"taxonomy":"product_tag","embeddable":true,"href":"https:\/\/bibliotecajuridicavirtual.cl\/index.php\/wp-json\/wp\/v2\/product_tag?post=4005"}],"curies":[{"name":"wp","href":"https:\/\/api.w.org\/{rel}","templated":true}]}}