{"id":4007,"date":"2026-02-28T01:22:12","date_gmt":"2026-02-28T04:22:12","guid":{"rendered":"https:\/\/bibliotecajuridicavirtual.cl\/?post_type=product&#038;p=4007"},"modified":"2026-02-28T01:22:36","modified_gmt":"2026-02-28T04:22:36","slug":"los-bienes-la-propiedad-y-otros-derechos-reales-daniel-penailillo-arevalo-5ta-edicion-version-para-estudiantes-ano-2022-376-pag","status":"publish","type":"product","link":"https:\/\/bibliotecajuridicavirtual.cl\/index.php\/product\/los-bienes-la-propiedad-y-otros-derechos-reales-daniel-penailillo-arevalo-5ta-edicion-version-para-estudiantes-ano-2022-376-pag\/","title":{"rendered":"Los Bienes. La Propiedad y Otros Derechos Reales * Daniel Pe\u00f1ailillo Ar\u00e9valo * 5ta edici\u00f3n, Versi\u00f3n para Estudiantes. A\u00f1o 2022 &#8211; 376 P\u00e1g."},"content":{"rendered":"<p style=\"font-weight: 400;\">Este texto es un Manual sobre Derechos Reales; y constituye una s\u00edntesis para la docencia de pre-grado de la versi\u00f3n ampliada que ha publicado esta misma editorial. Comprende los conceptos fundamentales, las principales clasificaciones de los bienes, una teor\u00eda general de los derechos reales, el derecho de propiedad y la posesi\u00f3n, los principales derechos reales limitados de goce y las acciones protectoras.<\/p>\n<p style=\"font-weight: 400;\">De los temas examinados merecen especial menci\u00f3n: a.- Las nuevas influencias al derecho de propiedad debido a preocupaciones ambientales, al conservacionismo cultural y al desarrollo urban\u00edstico, extendi\u00e9ndose as\u00ed la funci\u00f3n social de la propiedad. b.- Las bases para una teor\u00eda general de los derechos reales, incluyendo las diferencias entre derechos reales y personales y la disyuntiva entre reserva legal o libertad de creaci\u00f3n. c.- El Registro inmobiliario, con la denuncia de sus defectos y las bases para su necesaria reforma (con la introducci\u00f3n del folio real y la constancia electr\u00f3nica). d.- Una teor\u00eda general de los derechos reales restringidos, con los varios problemas que plantea. e.- El derecho real de conservaci\u00f3n ambiental, de reciente ingreso al ordenamiento jur\u00eddico chileno.<\/p>\n<p style=\"font-weight: 400;\">Con una previa y breve referencia hist\u00f3rica cuando es conveniente, en cada instituci\u00f3n es consignada la estructura en sus rasgos m\u00e1s universalmente aceptados y la regulaci\u00f3n en el Derecho chileno, su cr\u00edtica y eventualmente alguna proposici\u00f3n de enmienda.<\/p>\n<p style=\"font-weight: 400;\">En el acopio de las fuentes, la recepci\u00f3n de cada una es determinada por su influencia en la respectiva materia; y la casu\u00edstica es convocada con frecuencia para averiguar la calidad de propuestas te\u00f3ricas mediante su puesta en obra.<\/p>\n<p style=\"font-weight: 400;\"><b><strong>PRIMERA PARTE<br \/>\nCONCEPTOS FUNDAMENTALES Y CLASIFICACIONES<\/strong><\/b><\/p>\n<p style=\"font-weight: 400;\"><b><strong>CAP\u00cdTULO I<br \/>\nCONCEPTOS FUNDAMENTALES<\/strong><\/b><\/p>\n<p style=\"font-weight: 400;\">1.- Referencia al plan<br \/>\n1 bis.- Denominaci\u00f3n<br \/>\n2.- L\u00edmites<br \/>\n3.- Funci\u00f3n<br \/>\n3 bis.- Relaci\u00f3n con la Econom\u00eda, el Derecho administrativo y el Derecho ambiental<br \/>\n3 ter.- Relaci\u00f3n con la contrataci\u00f3n y la responsabilidad civil<br \/>\n4.- Las nociones de cosa y bien. La dispersi\u00f3n conceptual. Las cosas materiales<br \/>\n4 bis.- La expansi\u00f3n<br \/>\n4 ter.- Las caracter\u00edsticas de la cosa. La patrimonialidad<br \/>\n5.- Las energ\u00edas como cosas<br \/>\n6.- El cuerpo humano como cosa<br \/>\n7.- Los animales como cosas<br \/>\n8.- Cosa y objeto de derecho<br \/>\n9.- Continua expansi\u00f3n de los conceptos<br \/>\n10.- Conceptos primarios<br \/>\n10 bis.- Legislaci\u00f3n<\/p>\n<p style=\"font-weight: 400;\"><b><strong>CAP\u00cdTULO II<\/strong><\/b><br \/>\n<b><strong>CLASIFICACIONES<\/strong><\/b><\/p>\n<p style=\"font-weight: 400;\">11.- Advertencia<\/p>\n<p style=\"font-weight: 400;\">P\u00c1RRAFO I<br \/>\nBIENES CORPORALES E INCORPORALES<\/p>\n<p style=\"font-weight: 400;\">12.- Conceptos<br \/>\n13.- Cosificaci\u00f3n y propietarizaci\u00f3n de los derechos<br \/>\n14.- Aplicaci\u00f3n<br \/>\n15.- Referencia<br \/>\n16.- Bienes incorporales<br \/>\n17.- A.-Derechos reales. Bases de una teor\u00eda general<br \/>\n18.- B.-Derechos personales<br \/>\n19.- Las acciones<br \/>\n20.- Referencia a una clasificaci\u00f3n<\/p>\n<p style=\"font-weight: 400;\">P\u00c1RRAFO II<br \/>\nBIENES MUEBLES E INMUEBLES<\/p>\n<p style=\"font-weight: 400;\">21.- Advertencia<br \/>\n22.- Formulaci\u00f3n<br \/>\n23.- Aplicaci\u00f3n<br \/>\n24.- A) Bienes muebles<br \/>\n25.- B) Bienes inmuebles<br \/>\n26.- Inmuebles (predios) r\u00fasticos y no r\u00fasticos; urbanos y rurales<\/p>\n<p style=\"font-weight: 400;\">P\u00c1RRAFO III<br \/>\nBIENES MEDIOS DE PRODUCCI\u00d3N Y BIENES DE CONSUMO<\/p>\n<p style=\"font-weight: 400;\">27.- Conceptos<\/p>\n<p style=\"font-weight: 400;\">P\u00c1RRAFO IV<br \/>\nBIENES CONSUMIBLES Y NO CONSUMIBLES<\/p>\n<p style=\"font-weight: 400;\">28.- Conceptos<\/p>\n<p style=\"font-weight: 400;\">P\u00c1RRAFO V<br \/>\nBIENES FUNGIBLES Y NO FUNGIBLES<\/p>\n<p style=\"font-weight: 400;\">29.- Conceptos<br \/>\n30.- Consumibilidad y fungibilidad<br \/>\n31.- Fungibilidad subjetiva<\/p>\n<p style=\"font-weight: 400;\">P\u00c1RRAFO VI<br \/>\nBIENES PRINCIPALES Y ACCESORIOS<\/p>\n<p style=\"font-weight: 400;\">32.- Conceptos<br \/>\n33.- Cosas accesorias<\/p>\n<p style=\"font-weight: 400;\">P\u00c1RRAFO VII<br \/>\nBIENES DIVISIBLES E INDIVISIBLES<\/p>\n<p style=\"font-weight: 400;\">34.- Conceptos<\/p>\n<p style=\"font-weight: 400;\">P\u00c1RRAFO VIII<br \/>\nBIENES SINGULARES Y UNIVERSALES<\/p>\n<p style=\"font-weight: 400;\">35.- Conceptos<br \/>\n36.- Las universalidades<br \/>\n37.- Universalidades de hecho (universitas facti)<br \/>\n38.- Universalidades de Derecho (universitas juris)<br \/>\n39.- Diferencias<\/p>\n<p style=\"font-weight: 400;\">P\u00c1RRAFO IX<br \/>\nBIENES SIMPLES Y COMPUESTOS<\/p>\n<p style=\"font-weight: 400;\">40.- Conceptos<\/p>\n<p style=\"font-weight: 400;\">P\u00c1RRAFO X<br \/>\nBIENES PRESENTES Y FUTUROS<\/p>\n<p style=\"font-weight: 400;\">41.- Conceptos<\/p>\n<p style=\"font-weight: 400;\">P\u00c1RRAFO XI<br \/>\nBIENES COMERCIABLES E INCOMERCIABLES<\/p>\n<p style=\"font-weight: 400;\">42.- Conceptos<\/p>\n<p style=\"font-weight: 400;\">P\u00c1RRAFO XII<br \/>\nBIENES APROPIABLES E INAPROPIABLES<\/p>\n<p style=\"font-weight: 400;\">43.- Conceptos<br \/>\n44.- A.- Bienes apropiados e inapropiados<br \/>\n45.- B.- Bienes susceptibles de apropiaci\u00f3n por los particulares y no susceptibles de apropiaci\u00f3n por los particulares<br \/>\n46.- Nomenclatura<\/p>\n<p style=\"font-weight: 400;\">P\u00c1RRAFO\u00a0XIII<br \/>\nBIENES PRIVADOS Y P\u00daBLICOS (O NACIONALES)<\/p>\n<p style=\"font-weight: 400;\">47.- Conceptos<br \/>\n48.- A.- Bienes nacionales de uso p\u00fablico<br \/>\n48 bis.- El acceso al mar, a los r\u00edos y lagos<br \/>\n49.- B.-Bienes fiscales<\/p>\n<p style=\"font-weight: 400;\"><b><strong>SEGUNDA PARTE<\/strong><\/b><br \/>\n<b><strong>LA PROPIEDAD Y LA POSESI\u00d3N<\/strong><\/b><\/p>\n<p style=\"font-weight: 400;\"><b><strong>CAP\u00cdTULO I<\/strong><\/b><br \/>\n<b><strong>LA PROPIEDAD. CONCEPTO, EVOLUCI\u00d3N Y CARACTERES<\/strong><\/b><\/p>\n<p style=\"font-weight: 400;\">50.- Advertencia<\/p>\n<p>51.- Legislaci\u00f3n<br \/>\n52.- Concepto<br \/>\n53.- Evoluci\u00f3n<br \/>\n54.- Evoluci\u00f3n; continuaci\u00f3n<br \/>\n55.- Evoluci\u00f3n; estructura<br \/>\n56.- Evoluci\u00f3n; final<br \/>\n57.- Orientaciones actuales. El campo de aplicaci\u00f3n y los principios rectores: equidad en el reparto y en el aprovechamiento<br \/>\n57 bis.- La base constitucional chilena; el campo de aplicaci\u00f3n; la protecci\u00f3n; la funci\u00f3n social, la reserva legal, las restricciones y privaciones y la afectaci\u00f3n de la esencia; la privaci\u00f3n o afectaci\u00f3n sin indemnizaci\u00f3n y su consecuencia<br \/>\n57 ter.- La conservaci\u00f3n natural y cultural<br \/>\n57 qu\u00e1ter.- La regulaci\u00f3n del suelo<br \/>\n58.- Las llamadas formas de propiedad<br \/>\n59.- Caracteres<br \/>\n60.- Atributos (o facultades). Uso, goce (el entorno), disposici\u00f3n (las zonas fronterizas)<br \/>\n61.- La estipulaci\u00f3n restrictiva de la facultad de disposici\u00f3n<br \/>\n62.- Algunas clasificaciones<br \/>\n63.- Extensi\u00f3n material. El subsuelo<br \/>\n64.- Las relaciones de vecindad<br \/>\n65.- La propiedad familia<br \/>\n65 bis.- La extinci\u00f3n del dominio<\/p>\n<p style=\"font-weight: 400;\"><b><strong>CAP\u00cdTULO II<\/strong><\/b><br \/>\n<b><strong>LA COPROPIEDAD<\/strong><\/b><\/p>\n<p style=\"font-weight: 400;\">66.- Descripci\u00f3n general<br \/>\n67.- Textos<br \/>\n68.- Las dos concepciones<br \/>\n69.- Clases de indivisi\u00f3n<br \/>\n70.- La cuota<br \/>\n71.- La coposesi\u00f3n<br \/>\n72.- La copropiedad inmobiliaria<br \/>\n72 bis.- Situaciones semejantes (tiempo compartido y cementerios)<\/p>\n<p style=\"font-weight: 400;\"><b><strong>CAP\u00cdTULO III<\/strong><\/b><br \/>\n<b><strong>LOS MODOS DE ADQUIRIR EL DOMINIO<\/strong><\/b><\/p>\n<p style=\"font-weight: 400;\">P\u00c1RRAFO I<br \/>\nDESCRIPCI\u00d3N DEL SISTEMA<\/p>\n<p style=\"font-weight: 400;\">73.- Conceptos y alternativas<br \/>\n74.- Clasificaciones<br \/>\n75.- Aplicaci\u00f3n<br \/>\n76.- La adquisici\u00f3n es lograda por un solo modo<br \/>\n77.- La exigencia del t\u00edtulo en todos los modos de adquirir<\/p>\n<p style=\"font-weight: 400;\">P\u00c1RRAFO II<br \/>\nLA OCUPACI\u00d3N<\/p>\n<p style=\"font-weight: 400;\">78.- Concepto<\/p>\n<p>79.- Elementos<br \/>\n79 bis.- Requisitos y campo de aplicaci\u00f3n<\/p>\n<p style=\"font-weight: 400;\">80.- Reglas particulares<\/p>\n<p style=\"font-weight: 400;\">P\u00c1RRAFO III<br \/>\nLA ACCESI\u00d3N<\/p>\n<p style=\"font-weight: 400;\">81.- Concepto<br \/>\n82.- A.- Accesi\u00f3n de frutos<br \/>\n83.- Frutos y productos<br \/>\n84.- 1.- Frutos naturales<br \/>\n85.- 2.- Frutos civiles<br \/>\n86.- El dominio de los frutos<br \/>\n87.- Reglas especiales. Los frutos en la comunidad<br \/>\n88.- B.- Accesi\u00f3n continua<br \/>\n89.- 1.- Accesi\u00f3n de inmueble a inmueble<br \/>\n90.- 2.- Accesi\u00f3n de mueble a mueble<br \/>\n91.- 3.- Accesi\u00f3n de mueble a inmueble<br \/>\n92.- Indemnizaciones<\/p>\n<p style=\"font-weight: 400;\">P\u00c1RRAFO IV<br \/>\nLA TRADICI\u00d3N<\/p>\n<ol>\n<li style=\"font-weight: 400;\">Descripci\u00f3n general<\/li>\n<\/ol>\n<p style=\"font-weight: 400;\">93.- Concepto y textos<br \/>\n94.- Caracteres<br \/>\n95.- Aplicaci\u00f3n<br \/>\n96.- Entrega y tradici\u00f3n<\/p>\n<ol>\n<li style=\"font-weight: 400;\">Requisitos<\/li>\n<\/ol>\n<p style=\"font-weight: 400;\">97.- 1.- Presencia de dos personas, tradente y adquirente<br \/>\n98.- Tradici\u00f3n y pago<br \/>\n99.- 2.- Consentimiento de ambas partes<br \/>\n100.- Reglas sobre el error<br \/>\n101.- Tradici\u00f3n por representantes<br \/>\n102.- La tradici\u00f3n en las enajenaciones forzadas<br \/>\n103.- 3.- T\u00edtulo traslaticio de dominio<br \/>\n104.- El t\u00edtulo debe ser v\u00e1lido<br \/>\n104 bis.- La falta o nulidad del t\u00edtulo y su influencia en la tradici\u00f3n. Tradici\u00f3n causada o abstracta<br \/>\n105.- El conflicto te\u00f3rico con la noci\u00f3n de contrato real<br \/>\n106.- 4.- Entrega<\/p>\n<p style=\"font-weight: 400;\">III. Efectos<\/p>\n<p style=\"font-weight: 400;\">107.- a.- El efecto normal de la tradici\u00f3n<br \/>\n108.- b.- Si el tradente no era due\u00f1o y ten\u00eda otros derechos<br \/>\n109.- c.- Si el tradente no era due\u00f1o; el efecto posesorio<br \/>\n110.- d.- Otras particularidades<br \/>\n111.- Retroactividad<br \/>\n112.- \u00c9poca para exigir la tradici\u00f3n<br \/>\n113.- Tradici\u00f3n sujeta a modalidades. La reserva del dominio<\/p>\n<ol>\n<li style=\"font-weight: 400;\">Formas de efectuar la tradici\u00f3n<\/li>\n<\/ol>\n<p style=\"font-weight: 400;\">114.- Distinci\u00f3n<br \/>\n115.- Referencia a la evoluci\u00f3n<br \/>\n116.- A.- Tradici\u00f3n de derechos reales sobre muebles<br \/>\n117.- 1.- Tradici\u00f3n real<br \/>\n118.- 2.- Tradici\u00f3n ficta o simb\u00f3lica<br \/>\n119.- Principio<br \/>\n119 bis.- Prueba<br \/>\n120.- Tradici\u00f3n de muebles por anticipaci\u00f3n<br \/>\n121.- Reserva legal de las formas fictas<br \/>\n122.- Valor comparativo<br \/>\n123.- B.- Tradici\u00f3n de derechos reales sobre inmuebles<br \/>\n124.- El Registro. Descripci\u00f3n. La naturaleza de la funci\u00f3n registral<br \/>\n125.- Caracter\u00edsticas, principios y seguridad registral<br \/>\n126.- El sistema registral chileno. El Registro Conservatorio de Bienes Ra\u00edces<br \/>\n127.- Organizaci\u00f3n, estructura y funcionamiento<br \/>\n128.- T\u00edtulos que deben inscribirse y t\u00edtulos que pueden inscribirse<br \/>\n128 bis.- Del modo de proceder a la inscripci\u00f3n, de su forma y su solemnidad<br \/>\n129.- Comuna (o agrupaci\u00f3n de Comunas) en que debe ser practicada la inscripci\u00f3n<br \/>\n130.- Qui\u00e9n puede requerir la inscripci\u00f3n. Necesidad de la petici\u00f3n<br \/>\n131.- Instrumentos con los que es requerida la inscripci\u00f3n. Referencia a las minutas<br \/>\n132.- La anotaci\u00f3n en el Repertorio<br \/>\n133.- Obligaci\u00f3n de inscribir y causales de negativa<br \/>\n133 bis.- Plazo para inscribir<br \/>\n134.- Inscripci\u00f3n por avisos<br \/>\n135.- Inscripci\u00f3n de t\u00edtulos anteriores a la vigencia del Reglamento<br \/>\n136.- Exigencias de orden y forma en la confecci\u00f3n de las inscripciones<br \/>\n137.- Contenido de la inscripci\u00f3n<br \/>\n137 bis.- Ausencia de menciones en el t\u00edtulo<br \/>\n137 ter.- Qu\u00e9 es lo inscrito (t\u00edtulos, predios o derechos)<br \/>\n138.- Subinscripciones<br \/>\n139.- Cancelaciones<br \/>\n139 bis.- La conexi\u00f3n de las inscripciones y la historia de la titularidad de los inmuebles<br \/>\n139 ter.- Inscripciones an\u00f3malas (o irregulares). Inscripciones paralelas; inscripciones por minutas; inscripciones de papel<br \/>\n140.- Reinscripciones (fusi\u00f3n de inscripciones)<br \/>\n141.- Consecuencias por defectos de la inscripci\u00f3n<br \/>\n142.- Reconstituci\u00f3n de inscripciones<br \/>\n143.- Saneamiento de t\u00edtulos<br \/>\n144.- Calificaci\u00f3n<br \/>\n145.- Cr\u00edtica y proyecto de reforma<br \/>\n146.- Tradici\u00f3n de derechos reales sobre inmuebles<br \/>\n147.- Tradici\u00f3n de cuota<br \/>\n148.- Tradici\u00f3n de muebles registrables. Los veh\u00edculos motorizados<br \/>\n149.- Inscripciones a que da lugar la sucesi\u00f3n por causa de muerte<br \/>\n150.- Sanci\u00f3n por infracci\u00f3n<br \/>\n151.- La inscripci\u00f3n en la prescripci\u00f3n<br \/>\n152.- C.- La tradici\u00f3n del derecho real de herencia<br \/>\n152 bis.- Las inscripciones para disponer de inmuebles hereditarios, en relaci\u00f3n con la disposici\u00f3n de los derechos de herencia y legado<br \/>\n153.- D.- Tradici\u00f3n de los derechos personales<br \/>\n154.- Tradici\u00f3n de derechos litigiosos<br \/>\n154 bis.- S\u00edntesis de funciones<\/p>\n<p style=\"font-weight: 400;\">P\u00c1RRAFO V<br \/>\nLA POSESI\u00d3N Y LA PRESCRIPCI\u00d3N<\/p>\n<p style=\"font-weight: 400;\">Secci\u00f3n Primera<br \/>\nLa Posesi\u00f3n<\/p>\n<p style=\"font-weight: 400;\">155.- Apreciaciones generales<br \/>\n156.- Definici\u00f3n y elementos (estructura)<br \/>\n157.- La naturaleza de la posesi\u00f3n (hecho o derecho) y su relaci\u00f3n con el dominio<br \/>\n158.- Mera tenencia<br \/>\n159.- Precedencia<br \/>\n160.- Ventajas<br \/>\n161.- Cosas susceptibles de posesi\u00f3n<br \/>\n162.- Cosas no susceptibles de posesi\u00f3n. La posesi\u00f3n de los derechos<br \/>\n163.- Clases de posesi\u00f3n<br \/>\n164.- A.- Posesi\u00f3n regular<br \/>\n165.- 1.- Justo t\u00edtulo<br \/>\n166.- Subclasificaci\u00f3n<br \/>\n167.- T\u00edtulos injustos<br \/>\n168.- 2.- Buena fe<br \/>\n169.- 3.- Tradici\u00f3n<br \/>\n170.- Ventajas<br \/>\n171.- B.- Posesi\u00f3n irregular<br \/>\n172.- Posesiones viciosas<br \/>\n173.- Utilidad de la posesi\u00f3n viciosa<br \/>\n174.- La mera tenencia<br \/>\n175.- Algunas consecuencias jur\u00eddicas<br \/>\n176.- Transmisi\u00f3n de la posesi\u00f3n<br \/>\n177.- Transferencia de la posesi\u00f3n<br \/>\n178.- Agregaci\u00f3n de posesiones<br \/>\n179.- Posesiones contiguas<br \/>\n180.- La disoluci\u00f3n del t\u00edtulo<br \/>\n181.- La interversi\u00f3n de la posesi\u00f3n<br \/>\n182.- Mutaci\u00f3n de la mera tenencia en posesi\u00f3n<br \/>\n183.- Mutaci\u00f3n de la posesi\u00f3n en mera tenencia<br \/>\n184.- Adquisici\u00f3n, conservaci\u00f3n y p\u00e9rdida de la posesi\u00f3n<br \/>\n185.- a.- Capacidad para adquirir la posesi\u00f3n<br \/>\n186.- b.- Adquisici\u00f3n de la posesi\u00f3n por intermedio de otro<br \/>\n187.- Principio b\u00e1sico<br \/>\n188.- Bienes muebles<br \/>\n189.- Bienes inmuebles<br \/>\n190.- I.- Inmuebles no inscritos. A.- Adquisici\u00f3n<br \/>\n191.- B.- Conservaci\u00f3n y p\u00e9rdida<br \/>\n192.- II.- Inmuebles inscritos<br \/>\n193.- A.- Adquisici\u00f3n<br \/>\n194.- B.- Conservaci\u00f3n y p\u00e9rdida<br \/>\n195.- El fondo de la controversia<br \/>\n195 bis.- El debate antes expuesto, ahora con referencia al rol de la inscripci\u00f3n: si la inscripci\u00f3n es requisito, prueba y garant\u00eda de la posesi\u00f3n de inmuebles<br \/>\n196.- Prueba<\/p>\n<p style=\"font-weight: 400;\">Secci\u00f3n Segunda<br \/>\nLa Prescripci\u00f3n Adquisitiva<\/p>\n<p style=\"font-weight: 400;\">197.- Noci\u00f3n general; sistem\u00e1tica; justificaci\u00f3n<br \/>\n197 bis.- La relaci\u00f3n con la propiedad; el conflicto constitucional<br \/>\n198.- Las llamadas reglas comunes a toda prescripci\u00f3n<br \/>\n199.- A.- Debe ser alegada<br \/>\n200.- B.- No puede ser renunciada anticipadamente<br \/>\n201.- C.- Las reglas son iguales para todas las personas<br \/>\n202.- Algunas caracter\u00edsticas<br \/>\n203.- Elementos<br \/>\n204.- Prescripci\u00f3n entre comuneros<br \/>\n205.- a.- Posesi\u00f3n<br \/>\n206.- b.- Plazo<br \/>\n207.- Interrupci\u00f3n de la prescripci\u00f3n<br \/>\n208.- Distinci\u00f3n<br \/>\n209.- 1.- Prescripci\u00f3n adquisitiva ordinaria<br \/>\n210.- 2.- Prescripci\u00f3n adquisitiva extraordinaria<br \/>\n211.- Prescripci\u00f3n adquisitiva de otros derechos reales<br \/>\n212.- La adquisici\u00f3n del dominio por la prescripci\u00f3n<br \/>\n212 bis.- Efecto liberatorio. La usucapi\u00f3n liberatoria<br \/>\n213.- La sentencia<br \/>\n214.- Prescripci\u00f3n contra t\u00edtulo inscrito<\/p>\n<p style=\"font-weight: 400;\">P\u00e1rrafo VI<br \/>\nLa ley como modo de adquirir<\/p>\n<p style=\"font-weight: 400;\">214 bis.- Descripci\u00f3n general<\/p>\n<p style=\"font-weight: 400;\">P\u00e1rrafo VII<br \/>\nT\u00edtulos de dominio<\/p>\n<p style=\"font-weight: 400;\">215.- Noci\u00f3n general<br \/>\n216.- a.- T\u00edtulos de dominio sobre muebles<br \/>\n217.- b.- T\u00edtulos de dominio sobre inmuebles<br \/>\n218.- El estudio y el informe<\/p>\n<p style=\"font-weight: 400;\"><b><strong>TERCERA PARTE<\/strong><\/b><br \/>\n<b><strong>LOS DERECHOS REALES LIMITADOS<\/strong><\/b><\/p>\n<p style=\"font-weight: 400;\"><b><strong>CAP\u00cdTULO I<\/strong><\/b><br \/>\n<b><strong>CARACTERES COMUNES<\/strong><\/b><\/p>\n<p style=\"font-weight: 400;\">219.- Rasgos comunes y relaci\u00f3n con el dominio<\/p>\n<p style=\"font-weight: 400;\"><b><strong>CAP\u00cdTULO II<\/strong><\/b><br \/>\n<b><strong>LA PROPIEDAD FIDUCIARIA<\/strong><\/b><\/p>\n<p style=\"font-weight: 400;\">220.- Definici\u00f3n y origen<br \/>\n221.- Constituci\u00f3n del fideicomiso<br \/>\n222.- Elementos<br \/>\n223.- A.- Una cosa susceptible de ser dada en fideicomiso<br \/>\n224.- B.- Concurrencia de tres personas<br \/>\n225.- C.- Una condici\u00f3n<br \/>\n226.- Efectos del fideicomiso<br \/>\n227.- Extinci\u00f3n<\/p>\n<p style=\"font-weight: 400;\"><b><strong>CAP\u00cdTULO III<\/strong><\/b><br \/>\n<b><strong>EL USUFRUCTO<\/strong><\/b><\/p>\n<p style=\"font-weight: 400;\">228.- La concesi\u00f3n del uso y goce; definici\u00f3n y textos<br \/>\n229.- Caracter\u00edsticas<br \/>\n230.- Elementos<br \/>\n231.- A.- Un bien susceptible de usufructo<br \/>\n232.- Usufructo y cuasiusufructo<br \/>\n233.- Cuasiusufructo y mutuo<br \/>\n234.- B.- Concurrencia de tres sujetos<br \/>\n235.- C.- Un plazo<br \/>\n236.- Constituci\u00f3n del usufructo<br \/>\n237.- Efectos<br \/>\n237 bis.- Estado en que el usufructuario recibe la cosa<br \/>\n238.- A.- Derechos del usufructuario<br \/>\n239.- B.- Obligaciones del usufructuario<br \/>\n240.- C.- Derechos del nudo propietario<br \/>\n241.- D.- Obligaciones del nudo propietario<br \/>\n242.- Extinci\u00f3n<br \/>\n243.- Usufructo y fideicomiso<\/p>\n<p style=\"font-weight: 400;\"><b><strong>CAP\u00cdTULO IV<\/strong><\/b><br \/>\n<b><strong>EL USO O HABITACI\u00d3N<\/strong><\/b><\/p>\n<p style=\"font-weight: 400;\">244.- Advertencia<br \/>\n245.- S\u00edntesis<\/p>\n<p style=\"font-weight: 400;\"><b><strong>CAP\u00cdTULO V<\/strong><\/b><br \/>\n<b><strong>LAS SERVIDUMBRES<\/strong><\/b><\/p>\n<p style=\"font-weight: 400;\">246.- Concepto<br \/>\n247.- Elementos<br \/>\n248.- Caracter\u00edsticas<br \/>\n249.- Clasificaci\u00f3n<br \/>\n250.- Ejercicio del derecho de servidumbre<br \/>\n251.- Las diversas clases de servidumbres seg\u00fan su origen<br \/>\n252.- 1.- Servidumbres naturales<br \/>\n253.- 2.- Servidumbres legales<br \/>\n254.- 3.- Servidumbres voluntarias<br \/>\n255.- Constituci\u00f3n<br \/>\n256.- Derechos y obligaciones de los due\u00f1os de los predios<br \/>\n257.- Extinci\u00f3n<\/p>\n<p style=\"font-weight: 400;\"><b><strong>CAP\u00cdTULO VI<\/strong><\/b><br \/>\n<b><strong>EL DERECHO DE CONSERVACI\u00d3N AMBIENTAL<\/strong><\/b><\/p>\n<p style=\"font-weight: 400;\">257 bis.- Concepto, constituci\u00f3n y contenido<\/p>\n<p style=\"font-weight: 400;\"><b><strong>CUARTA PARTE<br \/>\nACCIONES PROTECTORAS<\/strong><\/b><\/p>\n<p style=\"font-weight: 400;\"><b><strong>CAP\u00cdTULO I<\/strong><\/b><br \/>\n<b><strong>DIVERSAS FORMAS DE PROTECCI\u00d3N<\/strong><\/b><\/p>\n<p style=\"font-weight: 400;\">258.- Advertencia<br \/>\n259.- A.- Medidas generales de protecci\u00f3n al dominio<br \/>\n260.- B.- Protecci\u00f3n en el Derecho privado<br \/>\n260 bis.- Las acciones confesoria y negatoria<br \/>\n260 ter.- La acci\u00f3n restitutoria innominada<br \/>\n260 qu\u00e1ter.- La acci\u00f3n declarativa de dominio<br \/>\n261.- C.- Acciones personales<\/p>\n<p style=\"font-weight: 400;\"><b><strong>CAP\u00cdTULO II<\/strong><\/b><br \/>\n<b><strong>ACCI\u00d3N REIVINDICATORIA<\/strong><\/b><\/p>\n<p style=\"font-weight: 400;\">262.- Concepto<br \/>\n263.- Requisitos<br \/>\n264.- A.- Que se trate de una cosa susceptible de ser reivindicada. Cosas reivindicables. Singularidad e individualizaci\u00f3n. Otros derechos reales. Reivindicaci\u00f3n de cuota<br \/>\n265.- B.- Que el reivindicante sea due\u00f1o de ella. La prueba del dominio<br \/>\n265 bis.- La acci\u00f3n publiciana.<br \/>\n266.- C.- Que el reivindicante est\u00e9 privado de la posesi\u00f3n<br \/>\n267.- Contra qui\u00e9n es dirigida la acci\u00f3n. El sujeto pasivo.<br \/>\n267 bis.- Actitudes del demandado<br \/>\n268.- Extinci\u00f3n por prescripci\u00f3n<br \/>\n269.- Algunas normas procesales<br \/>\n270.- Prestaciones mutuas<br \/>\n270 bis.- La acci\u00f3n contra el \u201cinjusto detentador\u201d (art. 915) y la \u201cacci\u00f3n\u201d de precario (art. 2195)<\/p>\n<p style=\"font-weight: 400;\"><b><strong>CAP\u00cdTULO III<\/strong><\/b><br \/>\n<b><strong>ACCIONES POSESORIAS<\/strong><\/b><\/p>\n<p style=\"font-weight: 400;\">271.- Concepto. El fundamento de la protecci\u00f3n posesoria<br \/>\n272.- Caracter\u00edsticas y requisitos<br \/>\n273.- 1.- Es necesario ser poseedor. Las acciones posesorias en la coposesi\u00f3n<br \/>\n274.- 2.- El objeto debe ser susceptible de acci\u00f3n posesoria<br \/>\n275.- 3.- Debe ser interpuesta en tiempo oportuno<br \/>\n276.- Normas procesales<br \/>\n277.- Prueba<br \/>\n278.- 1.- Prueba de la posesi\u00f3n<br \/>\n279.- 2.- Prueba de la turbaci\u00f3n o privaci\u00f3n de la posesi\u00f3n<br \/>\n280.- Diversas acciones posesorias<br \/>\n281.- La querella de amparo<br \/>\n282.- La querella de restituci\u00f3n<br \/>\n283.- La querella de restablecimiento<br \/>\n284.- Acciones posesorias especiales. Denuncia de obra nueva; denuncia de obra ruinosa; otras<br \/>\n285.- Reglas comunes de las acciones posesorias especiales<br \/>\n286.- Denuncia de obra nueva<br \/>\n287.- Denuncia de obra ruinosa<br \/>\n288.- La acci\u00f3n popular<\/p>\n","protected":false},"excerpt":{"rendered":"<p>Buscas un libro Jur\u00eddico.? Lo puedes encontrar en nuestra tienda virtual.<br \/>\nContamos con prestigiosos autores y muchas alternativas en sus diferentes materias al igual que grandes descuentos.! Vis\u00edtanos en <a class=\"FYFwKXYNhRNjjSvOyrNhgyvQhtApFmdaFNvUxIg \" tabindex=\"0\" href=\"https:\/\/lnkd.in\/eiAG7jdZ\" target=\"_blank\" rel=\"noopener\" data-test-app-aware-link=\"\">https:\/\/lnkd.in\/eiAG7jdZ<\/a><br \/>\nEscr\u00edbenos al +56930565235 \/ <a class=\"FYFwKXYNhRNjjSvOyrNhgyvQhtApFmdaFNvUxIg \" tabindex=\"0\" href=\"mailto:ventaslegallexglobal@gmail.com\" target=\"_self\" data-test-app-aware-link=\"\">ventaslegallexglobal@gmail.com<\/a><br \/>\nHacemos env\u00edos a todo Chile \u2013 Starken o Correos Chile \/ Te esperamos<\/p>\n","protected":false},"featured_media":4055,"comment_status":"open","ping_status":"closed","template":"","meta":{"inline_featured_image":false,"_joinchat":[]},"product_brand":[],"product_cat":[27,42],"product_tag":[],"class_list":{"0":"post-4007","1":"product","2":"type-product","3":"status-publish","4":"has-post-thumbnail","6":"product_cat-civil","7":"product_cat-thomson-reuters","8":"product_shipping_class-a-convenir","10":"first","11":"instock","12":"sale","13":"shipping-taxable","14":"purchasable","15":"product-type-simple"},"_links":{"self":[{"href":"https:\/\/bibliotecajuridicavirtual.cl\/index.php\/wp-json\/wp\/v2\/product\/4007","targetHints":{"allow":["GET"]}}],"collection":[{"href":"https:\/\/bibliotecajuridicavirtual.cl\/index.php\/wp-json\/wp\/v2\/product"}],"about":[{"href":"https:\/\/bibliotecajuridicavirtual.cl\/index.php\/wp-json\/wp\/v2\/types\/product"}],"replies":[{"embeddable":true,"href":"https:\/\/bibliotecajuridicavirtual.cl\/index.php\/wp-json\/wp\/v2\/comments?post=4007"}],"wp:featuredmedia":[{"embeddable":true,"href":"https:\/\/bibliotecajuridicavirtual.cl\/index.php\/wp-json\/wp\/v2\/media\/4055"}],"wp:attachment":[{"href":"https:\/\/bibliotecajuridicavirtual.cl\/index.php\/wp-json\/wp\/v2\/media?parent=4007"}],"wp:term":[{"taxonomy":"product_brand","embeddable":true,"href":"https:\/\/bibliotecajuridicavirtual.cl\/index.php\/wp-json\/wp\/v2\/product_brand?post=4007"},{"taxonomy":"product_cat","embeddable":true,"href":"https:\/\/bibliotecajuridicavirtual.cl\/index.php\/wp-json\/wp\/v2\/product_cat?post=4007"},{"taxonomy":"product_tag","embeddable":true,"href":"https:\/\/bibliotecajuridicavirtual.cl\/index.php\/wp-json\/wp\/v2\/product_tag?post=4007"}],"curies":[{"name":"wp","href":"https:\/\/api.w.org\/{rel}","templated":true}]}}