{"id":4017,"date":"2026-02-28T01:22:13","date_gmt":"2026-02-28T04:22:13","guid":{"rendered":"https:\/\/bibliotecajuridicavirtual.cl\/?post_type=product&#038;p=4017"},"modified":"2026-02-28T01:22:44","modified_gmt":"2026-02-28T04:22:44","slug":"derecho-del-transito-justicia-de-policia-local-ano-2022-560-pag-autor-leonardo-aravena-arredondo","status":"publish","type":"product","link":"https:\/\/bibliotecajuridicavirtual.cl\/index.php\/product\/derecho-del-transito-justicia-de-policia-local-ano-2022-560-pag-autor-leonardo-aravena-arredondo\/","title":{"rendered":"Derecho Del Transito. Justicia  de Polic\u00eda  Local. A\u00f1o 2022\/ 560 P\u00e1g. Autor Leonardo Aravena Arredondo"},"content":{"rendered":"<p>El presente texto es una edici\u00f3n ampliada y actualizada a mayo de 2022, de la \u00faltima versi\u00f3n de esta obra Derecho del Tr\u00e1nsito de abril de 1998. Est\u00e1 dividida en tres grandes partes: Antecedentes, Justicia de Polic\u00eda Local y Seguros; se revisan 74 temas, de entre ellos la \u201cSe\u00f1alizaci\u00f3n de las V\u00edas\u201d, refiri\u00e9ndose, adem\u00e1s, a la circulaci\u00f3n de las bicicletas y ciclos en general, incluyendo menciones a los contratos de arriendo de tales veh\u00edculos y las responsabilidades que se pueden derivar de su uso. Respecto a Carabineros, de actuaci\u00f3n relevante en materias de tr\u00e1nsito, se aclara que en su desempe\u00f1o no revisten car\u00e1cter de ministros de fe. Se tratan tambi\u00e9n los seguros con los que deben contar los veh\u00edculos extranjeros que entran al pa\u00eds, el Seguro obligatorio de Accidentes Personales (SOAP), y normas sobre los seguros convencionales, entre las que se explica por qu\u00e9 no es pertinente demandar, por parte de los aseguradores, a los \u201cterceros\u201d que causen da\u00f1os a los veh\u00edculos asegurados con el objeto de obtener recuperaci\u00f3n de lo pagado en sus siniestros.<br \/>\nFinalmente, y adicional a una completa bibliograf\u00eda, contiene un \u201cTesauro\u201d o \u201c\u00cdndice de Voces\u201d que relaciona 1546 t\u00e9rminos con el texto de la obra, adem\u00e1s de m\u00e1s de 450 citas de jurisprudencia de Juzgados, de la Corte Suprema, de las Cortes de Apelaciones, del Tribunal Constitucional y doctrinales.<\/p>\n<p>&nbsp;<\/p>\n","protected":false},"excerpt":{"rendered":"<p>El presente texto es una edici\u00f3n ampliada y actualizada a mayo de 2022, de la \u00faltima versi\u00f3n de esta obra Derecho del Tr\u00e1nsito de abril de 1998. Est\u00e1 dividida en tres grandes partes: Antecedentes, Justicia de Polic\u00eda Local y Seguros; se revisan 74 temas, de entre ellos la \u201cSe\u00f1alizaci\u00f3n de las V\u00edas\u201d, refiri\u00e9ndose, adem\u00e1s, a la circulaci\u00f3n de las bicicletas y ciclos en general, incluyendo menciones a los contratos de arriendo de tales veh\u00edculos y las responsabilidades que se pueden derivar de su uso. Respecto a Carabineros, de actuaci\u00f3n relevante en materias de tr\u00e1nsito, se aclara que en su desempe\u00f1o no revisten car\u00e1cter de ministros de fe. Se tratan tambi\u00e9n los seguros con los que deben contar los veh\u00edculos extranjeros que entran al pa\u00eds, el Seguro obligatorio de Accidentes Personales (SOAP), y normas sobre los seguros convencionales, entre las que se explica por qu\u00e9 no es pertinente demandar, por parte de los aseguradores, a los \u201cterceros\u201d que causen da\u00f1os a los veh\u00edculos asegurados con el objeto de obtener recuperaci\u00f3n de lo pagado en sus siniestros. Finalmente, y adicional a una completa bibliograf\u00eda, contiene un \u201cTesauro\u201d o \u201c\u00cdndice de Voces\u201d que relaciona 1546 t\u00e9rminos con el texto de la obra, adem\u00e1s de m\u00e1s de 450 citas de jurisprudencia de Juzgados, de la Corte Suprema, de las Cortes de Apelaciones, del Tribunal Constitucional y doctrinales. &nbsp;<\/p>\n","protected":false},"featured_media":4065,"comment_status":"open","ping_status":"closed","template":"","meta":{"inline_featured_image":false,"_joinchat":[]},"product_brand":[],"product_cat":[49,42],"product_tag":[],"class_list":{"0":"post-4017","1":"product","2":"type-product","3":"status-publish","4":"has-post-thumbnail","6":"product_cat-juzgado-de-policia-local","7":"product_cat-thomson-reuters","8":"product_shipping_class-a-convenir","10":"first","11":"instock","12":"shipping-taxable","13":"purchasable","14":"product-type-simple"},"_links":{"self":[{"href":"https:\/\/bibliotecajuridicavirtual.cl\/index.php\/wp-json\/wp\/v2\/product\/4017","targetHints":{"allow":["GET"]}}],"collection":[{"href":"https:\/\/bibliotecajuridicavirtual.cl\/index.php\/wp-json\/wp\/v2\/product"}],"about":[{"href":"https:\/\/bibliotecajuridicavirtual.cl\/index.php\/wp-json\/wp\/v2\/types\/product"}],"replies":[{"embeddable":true,"href":"https:\/\/bibliotecajuridicavirtual.cl\/index.php\/wp-json\/wp\/v2\/comments?post=4017"}],"wp:featuredmedia":[{"embeddable":true,"href":"https:\/\/bibliotecajuridicavirtual.cl\/index.php\/wp-json\/wp\/v2\/media\/4065"}],"wp:attachment":[{"href":"https:\/\/bibliotecajuridicavirtual.cl\/index.php\/wp-json\/wp\/v2\/media?parent=4017"}],"wp:term":[{"taxonomy":"product_brand","embeddable":true,"href":"https:\/\/bibliotecajuridicavirtual.cl\/index.php\/wp-json\/wp\/v2\/product_brand?post=4017"},{"taxonomy":"product_cat","embeddable":true,"href":"https:\/\/bibliotecajuridicavirtual.cl\/index.php\/wp-json\/wp\/v2\/product_cat?post=4017"},{"taxonomy":"product_tag","embeddable":true,"href":"https:\/\/bibliotecajuridicavirtual.cl\/index.php\/wp-json\/wp\/v2\/product_tag?post=4017"}],"curies":[{"name":"wp","href":"https:\/\/api.w.org\/{rel}","templated":true}]}}