{"id":4041,"date":"2026-02-28T01:22:34","date_gmt":"2026-02-28T04:22:34","guid":{"rendered":"https:\/\/bibliotecajuridicavirtual.cl\/?post_type=product&#038;p=4041"},"modified":"2026-02-28T01:22:50","modified_gmt":"2026-02-28T04:22:50","slug":"estrategia-y-practica-profesional-derecho-administrativo-ano-2022-260-pag-autor-thomson-reuters","status":"publish","type":"product","link":"https:\/\/bibliotecajuridicavirtual.cl\/index.php\/product\/estrategia-y-practica-profesional-derecho-administrativo-ano-2022-260-pag-autor-thomson-reuters\/","title":{"rendered":"Estrategia y Pr\u00e1ctica Profesional &#8211; Derecho Administrativo. A\u00f1o 2022\/ 260 P\u00e1g. Autor Thomson Reuters"},"content":{"rendered":"<p style=\"font-weight: 400;\">En esta nueva edici\u00f3n de Estrategia y Pr\u00e1ctica Profesional: Derecho Administrativo, se tratan las siguientes tem\u00e1ticas:<\/p>\n<p style=\"font-weight: 400;\"><b><strong>FORMULARIOS RELACIONADOS CON LOS PROCEDIMIENTOS ADMINISTRATIVOS DE LA LEY N\u00ba 19.880<\/strong><\/b><\/p>\n<ul>\n<li style=\"font-weight: 400;\">Solicitud de informaci\u00f3n<br \/>\n\u2022 Procedimiento<br \/>\n\u2022 Deber de abstenci\u00f3n<\/li>\n<\/ul>\n<p style=\"font-weight: 400;\"><b><strong>RECURSOS ADMINISTRATIVOS<\/strong><\/b><\/p>\n<ul>\n<li style=\"font-weight: 400;\">Recurso de reposici\u00f3n<br \/>\n\u2022 Recurso de revisi\u00f3n<br \/>\n\u2022 Recurso jer\u00e1rquico<\/li>\n<\/ul>\n<p style=\"font-weight: 400;\"><b><strong>FORMULARIOS RELACIONADOS SOBRE EL ACCESO A LA INFORMACI\u00d3N P\u00daBLICA DE LA LEY N\u00ba 20.285<\/strong><\/b><\/p>\n<ul>\n<li style=\"font-weight: 400;\">Acceso a la informaci\u00f3n<br \/>\n\u2022 Entrega de informaci\u00f3n<br \/>\n\u2022 Denegaci\u00f3n de informaci\u00f3n<br \/>\n\u2022 Formulaci\u00f3n de descargos<br \/>\n\u2022 Reclamaci\u00f3n de ilegalidad<br \/>\n\u2022 Requerimientos para subsanar solicitud de informaci\u00f3n<br \/>\n\u2022 Solicitud de amparo a derecho de acceso a la informaci\u00f3n Esta obra mantiene su car\u00e1cter completamente pr\u00e1ctico al reunir en un volumen toda la documentaci\u00f3n necesaria para el ejercicio profesional en esta materia, complementada con normativa, jurisprudencia administrativa y judicial aplicables a cada formulario.<\/li>\n<\/ul>\n<p style=\"font-weight: 400;\"><b><strong>CAP\u00cdTULO I<\/strong><\/b><br \/>\n<b><strong>FORMULARIOS RELACIONADOS A LOS PROCEDIMIENTOS ADMINISTRATIVOS DE LA LEY N\u00ba 19.880<\/strong><\/b><\/p>\n<ol>\n<li style=\"font-weight: 400;\">Persona solicita informaci\u00f3n<br \/>\n2. Persona solicita responsabilidad<br \/>\n3. Remisi\u00f3n de solicitud a autoridad competente (por falta de competencia del \u00f3rgano requerido)<br \/>\n4. Solicitud de inicio de procedimiento<br \/>\n5. Solicitud para eximirse de presentar documento en poder de la Administraci\u00f3n<br \/>\n6. Solicitud para eximirse de presentar documento que no corresponde al procedimiento<br \/>\n7. Solicitud para practicar acto de instrucci\u00f3n en forma compatible con obligaciones laborales o profesionales<br \/>\n8. Deber de abstenci\u00f3n. Por amistad o enemistad \u00edntima<br \/>\n9. Deber de abstenci\u00f3n. Por asociaci\u00f3n<br \/>\n10. Deber de abstenci\u00f3n. Por haber sido testigo o perito<br \/>\n11. Deber de abstenci\u00f3n. Por inter\u00e9s<br \/>\n12. Deber de abstenci\u00f3n. Por servicios actuales<br \/>\n13. Promoci\u00f3n de la abstenci\u00f3n. Por amistad \u00edntima o enemistad manifiesta<br \/>\n14. Promoci\u00f3n de la abstenci\u00f3n. Por asociaci\u00f3n<br \/>\n15. Promoci\u00f3n de la abstenci\u00f3n. Por haber sido perito o testigo en el procedimiento<br \/>\n16. Promoci\u00f3n de la abstenci\u00f3n. Por inter\u00e9s<br \/>\n17. Promoci\u00f3n de la abstenci\u00f3n. Por parentesco<br \/>\n18. Promoci\u00f3n de la abstenci\u00f3n. Por servicios profesionales pasados<br \/>\n19. Promoci\u00f3n de la abstenci\u00f3n. Por servicios<br \/>\n20. Resoluci\u00f3n que se pronuncia sobre comunicaci\u00f3n de deber de abstenci\u00f3n<br \/>\n21. Acompa\u00f1a documento necesario para iniciar procedimiento<br \/>\n22. Acompa\u00f1a documento<br \/>\n23. Alega defecto de tramitaci\u00f3n<br \/>\n24. Alega defecto y pide responsabilidad<br \/>\n25. Interesado acompa\u00f1a documento<br \/>\n26. Interesado alega defecto<br \/>\n27. Interesado solicita ampliaci\u00f3n de plazo<br \/>\n28. Interesado solicita conocer estado de tramitaci\u00f3n de procedimiento<br \/>\n29. Interesado solicita copia autorizada de los documentos del expediente<br \/>\n30. Interesado solicita devoluci\u00f3n de originales<br \/>\n31. Persona acompa\u00f1a documento<br \/>\n32. Persona formula alegaci\u00f3n<br \/>\n33. Subsana falta<br \/>\n34. Acto administrativo que resuelve recurso administrativo<br \/>\n35. Acto administrativo que afecta derechos de particulares<br \/>\n36. Resoluci\u00f3n que subsana vicios de actos administrativos<\/li>\n<\/ol>\n<p style=\"font-weight: 400;\"><b><strong>CAP\u00cdTULO II<\/strong><\/b><br \/>\n<b><strong>RECURSOS ADMINISTRATIVOS<\/strong><\/b><\/p>\n<ol start=\"37\">\n<li style=\"font-weight: 400;\">Recurso de reposici\u00f3n. Acto de mero tr\u00e1mite que hace imposible continuar el procedimiento<br \/>\n38. Recurso de reposici\u00f3n. Acto de mero tr\u00e1mite que produce indefensi\u00f3n<br \/>\n39. Recurso de reposici\u00f3n<br \/>\n40. Recurso de revisi\u00f3n (aparecieren documentos de valor esencial para la resoluci\u00f3n del asunto ignorados al momento de dictaci\u00f3n del acto)<br \/>\n41. Recurso de revisi\u00f3n (aparecieren documentos de valor esencial para la resoluci\u00f3n del asunto que no fue posible acompa\u00f1ar)<br \/>\n42. Recurso de revisi\u00f3n (declaraci\u00f3n de documentos o testimonios falsos por sentencia con anterioridad a la resoluci\u00f3n, que se desconoc\u00eda)<br \/>\n43. Recurso de revisi\u00f3n (declaraci\u00f3n de documentos o testimonios falsos por sentencia con posterioridad a la resoluci\u00f3n)<br \/>\n44. Recurso de revisi\u00f3n (manifiesto error de hecho)<br \/>\n45. Recurso de revisi\u00f3n (Que la resoluci\u00f3n se hubiere dictado sin el debido emplazamiento)<br \/>\n46. Recurso de revisi\u00f3n (Que por sentencia ejecutoriada se haya declarado que el acto se dict\u00f3 como consecuencia de prevaricaci\u00f3n, cohecho, violencia u otra maquinaci\u00f3n fraudulenta)<br \/>\n47. Recurso jer\u00e1rquico I<br \/>\n48. Recurso jer\u00e1rquico II<br \/>\n49. Recurso jer\u00e1rquico. Acto de mero tr\u00e1mite que hace imposible continuar el procedimiento<\/li>\n<\/ol>\n<p style=\"font-weight: 400;\"><b><strong>CAP\u00cdTULO III<\/strong><\/b><br \/>\n<b><strong>FORMULARIOS RELACIONADOS SOBRE EL ACCESO A LA INFORMACI\u00d3N P\u00daBLICA DE LA LEY N\u00ba 20.285<\/strong><\/b><\/p>\n<ol start=\"50\">\n<li style=\"font-weight: 400;\">Acceso a la informaci\u00f3n, por apoderado del solicitante, con voluntad de ser notificado mediante comunicaci\u00f3n electr\u00f3nica<br \/>\n51. Acceso a la informaci\u00f3n, por apoderado del solicitante<br \/>\n52. Acceso a la informaci\u00f3n, por el solicitante, con voluntad de ser notificado mediante comunicaci\u00f3n electr\u00f3nica<br \/>\n53. Acceso a la informaci\u00f3n, por el solicitante<br \/>\n54. Caso en que la informaci\u00f3n solicitada est\u00e1 permanentemente a disposici\u00f3n del p\u00fablico<br \/>\n55. Caso en que la informaci\u00f3n solicitada pertenece a m\u00faltiples organismos<br \/>\n56. Caso en que la informaci\u00f3n solicitada se refiere a documentos o antecedentes que contengan informaci\u00f3n que pueda afectar derechos de terceros<br \/>\n57. Caso en que no es posible individualizar al \u00f3rgano competente<br \/>\n58. Deniega acceso a informaci\u00f3n (por causal de secreto o reserva, art\u00edculo 21, n\u00famero 5)<br \/>\n59. Deniega acceso a informaci\u00f3n (por causales de secreto o reserva, art\u00edculo 21, n\u00fameros 1, 2, 3 y 4)<br \/>\n60. Deniega acceso a informaci\u00f3n (por oposici\u00f3n de terceros)<br \/>\n61. Entrega informaci\u00f3n sujeta a pago de costos directos de reproducci\u00f3n<br \/>\n62. Entrega informaci\u00f3n<br \/>\n63. Escrito de oposici\u00f3n a la entrega de informaci\u00f3n<br \/>\n64. Formulaci\u00f3n de descargos por autoridad reclamada (por denegaci\u00f3n de la informaci\u00f3n sin oposici\u00f3n de tercero)<br \/>\n65. Formulaci\u00f3n de descargos por autoridad reclamada (por falta de respuesta, que se ha dado en forma positiva)<br \/>\n66. Pr\u00f3rroga por otros diez d\u00edas h\u00e1biles para pronunciarse sobre la solicitud de informaci\u00f3n<br \/>\n67. Reclamaci\u00f3n de ilegalidad del art. 28 Ley N\u00ba 20.285<br \/>\n68. Remisi\u00f3n de solicitud a autoridad competente (por falta de competencia del \u00f3rgano requerido)<br \/>\n69. Remisi\u00f3n de solicitud a autoridad competente (por no poseer los documentos solicitados)<br \/>\n70. Requerimiento para subsanar solicitud de informaci\u00f3n (por falta de identificaci\u00f3n clara de la informaci\u00f3n requerida)<br \/>\n71. Requerimiento para subsanar solicitud de informaci\u00f3n (por falta de identificaci\u00f3n del solicitante y de su apoderado en su caso)<br \/>\n72. Solicitud de amparo a derecho de acceso a la informaci\u00f3n (en caso de oposici\u00f3n de tercero)<br \/>\n73. Solicitud de amparo a derecho de acceso a la informaci\u00f3n (por denegaci\u00f3n de la informaci\u00f3n sin oposici\u00f3n de tercero)<br \/>\n74. Solicitud de amparo a derecho de acceso a la informaci\u00f3n (por falta de respuesta y sin pr\u00f3rroga)<br \/>\n75. Solicitud de amparo a derecho de acceso a la informaci\u00f3n (por falta de respuesta, con pr\u00f3rroga)<br \/>\n76. Subsanaci\u00f3n de falta de solicitud de acceso a la informaci\u00f3n<br \/>\n77. Tercero presenta observaciones (por denegaci\u00f3n de la informaci\u00f3n en caso de oposici\u00f3n de este)<\/li>\n<\/ol>\n","protected":false},"excerpt":{"rendered":"<p>En esta nueva edici\u00f3n de Estrategia y Pr\u00e1ctica Profesional: Derecho Administrativo, se tratan las siguientes tem\u00e1ticas: FORMULARIOS RELACIONADOS CON LOS PROCEDIMIENTOS ADMINISTRATIVOS DE LA LEY N\u00ba 19.880 Solicitud de informaci\u00f3n \u2022 Procedimiento \u2022 Deber de abstenci\u00f3n RECURSOS ADMINISTRATIVOS Recurso de reposici\u00f3n \u2022 Recurso de revisi\u00f3n \u2022 Recurso jer\u00e1rquico FORMULARIOS RELACIONADOS SOBRE EL ACCESO A LA INFORMACI\u00d3N P\u00daBLICA DE LA LEY N\u00ba 20.285 Acceso a la informaci\u00f3n \u2022 Entrega de informaci\u00f3n \u2022 Denegaci\u00f3n de informaci\u00f3n \u2022 Formulaci\u00f3n de descargos \u2022 Reclamaci\u00f3n de ilegalidad \u2022 Requerimientos para subsanar solicitud de informaci\u00f3n \u2022 Solicitud de amparo a derecho de acceso a la informaci\u00f3n Esta obra mantiene su car\u00e1cter completamente pr\u00e1ctico al reunir en un volumen toda la documentaci\u00f3n necesaria para el ejercicio profesional en esta materia, complementada con normativa, jurisprudencia administrativa y judicial aplicables a cada formulario. CAP\u00cdTULO I FORMULARIOS RELACIONADOS A LOS PROCEDIMIENTOS ADMINISTRATIVOS DE LA LEY N\u00ba 19.880 Persona solicita informaci\u00f3n 2. Persona solicita responsabilidad 3. Remisi\u00f3n de solicitud a autoridad competente (por falta de competencia del \u00f3rgano requerido) 4. Solicitud de inicio de procedimiento 5. Solicitud para eximirse de presentar documento en poder de la Administraci\u00f3n 6. Solicitud para eximirse de presentar documento que no corresponde al procedimiento 7. Solicitud para practicar acto de instrucci\u00f3n en forma compatible con obligaciones laborales o profesionales 8. Deber de abstenci\u00f3n. Por amistad o enemistad \u00edntima 9. Deber de abstenci\u00f3n. Por asociaci\u00f3n 10. Deber de abstenci\u00f3n. Por haber sido testigo o perito 11. Deber de abstenci\u00f3n. Por inter\u00e9s 12. Deber de abstenci\u00f3n. Por servicios actuales 13. Promoci\u00f3n de la abstenci\u00f3n. Por amistad \u00edntima o enemistad manifiesta 14. Promoci\u00f3n de la abstenci\u00f3n. Por asociaci\u00f3n 15. Promoci\u00f3n de la abstenci\u00f3n. Por haber sido perito o testigo en el procedimiento 16. Promoci\u00f3n de la abstenci\u00f3n. Por inter\u00e9s 17. Promoci\u00f3n de la abstenci\u00f3n. Por parentesco 18. Promoci\u00f3n de la abstenci\u00f3n. Por servicios profesionales pasados 19. Promoci\u00f3n de la abstenci\u00f3n. Por servicios 20. Resoluci\u00f3n que se pronuncia sobre comunicaci\u00f3n de deber de abstenci\u00f3n 21. Acompa\u00f1a documento necesario para iniciar procedimiento 22. Acompa\u00f1a documento 23. Alega defecto de tramitaci\u00f3n 24. Alega defecto y pide responsabilidad 25. Interesado acompa\u00f1a documento 26. Interesado alega defecto 27. Interesado solicita ampliaci\u00f3n de plazo 28. Interesado solicita conocer estado de tramitaci\u00f3n de procedimiento 29. Interesado solicita copia autorizada de los documentos del expediente 30. Interesado solicita devoluci\u00f3n de originales 31. Persona acompa\u00f1a documento 32. Persona formula alegaci\u00f3n 33. Subsana falta 34. Acto administrativo que resuelve recurso administrativo 35. Acto administrativo que afecta derechos de particulares 36. Resoluci\u00f3n que subsana vicios de actos administrativos CAP\u00cdTULO II RECURSOS ADMINISTRATIVOS Recurso de reposici\u00f3n. Acto de mero tr\u00e1mite que hace imposible continuar el procedimiento 38. Recurso de reposici\u00f3n. Acto de mero tr\u00e1mite que produce indefensi\u00f3n 39. Recurso de reposici\u00f3n 40. Recurso de revisi\u00f3n (aparecieren documentos de valor esencial para la resoluci\u00f3n del asunto ignorados al momento de dictaci\u00f3n del acto) 41. Recurso de revisi\u00f3n (aparecieren documentos de valor esencial para la resoluci\u00f3n del asunto que no fue posible acompa\u00f1ar) 42. Recurso de revisi\u00f3n (declaraci\u00f3n de documentos o testimonios falsos por sentencia con anterioridad a la resoluci\u00f3n, que se desconoc\u00eda) 43. Recurso de revisi\u00f3n (declaraci\u00f3n de documentos o testimonios falsos por sentencia con posterioridad a la resoluci\u00f3n) 44. Recurso de revisi\u00f3n (manifiesto error de hecho) 45. Recurso de revisi\u00f3n (Que la resoluci\u00f3n se hubiere dictado sin el debido emplazamiento) 46. Recurso de revisi\u00f3n (Que por sentencia ejecutoriada se haya declarado que el acto se dict\u00f3 como consecuencia de prevaricaci\u00f3n, cohecho, violencia u otra maquinaci\u00f3n fraudulenta) 47. Recurso jer\u00e1rquico I 48. Recurso jer\u00e1rquico II 49. Recurso jer\u00e1rquico. Acto de mero tr\u00e1mite que hace imposible continuar el procedimiento CAP\u00cdTULO III FORMULARIOS RELACIONADOS SOBRE EL ACCESO A LA INFORMACI\u00d3N P\u00daBLICA DE LA LEY N\u00ba 20.285 Acceso a la informaci\u00f3n, por apoderado del solicitante, con voluntad de ser notificado mediante comunicaci\u00f3n electr\u00f3nica 51. Acceso a la informaci\u00f3n, por apoderado del solicitante 52. Acceso a la informaci\u00f3n, por el solicitante, con voluntad de ser notificado mediante comunicaci\u00f3n electr\u00f3nica 53. Acceso a la informaci\u00f3n, por el solicitante 54. Caso en que la informaci\u00f3n solicitada est\u00e1 permanentemente a disposici\u00f3n del p\u00fablico 55. Caso en que la informaci\u00f3n solicitada pertenece a m\u00faltiples organismos 56. Caso en que la informaci\u00f3n solicitada se refiere a documentos o antecedentes que contengan informaci\u00f3n que pueda afectar derechos de terceros 57. Caso en que no es posible individualizar al \u00f3rgano competente 58. Deniega acceso a informaci\u00f3n (por causal de secreto o reserva, art\u00edculo 21, n\u00famero 5) 59. Deniega acceso a informaci\u00f3n (por causales de secreto o reserva, art\u00edculo 21, n\u00fameros 1, 2, 3 y 4) 60. Deniega acceso a informaci\u00f3n (por oposici\u00f3n de terceros) 61. Entrega informaci\u00f3n sujeta a pago de costos directos de reproducci\u00f3n 62. Entrega informaci\u00f3n 63. Escrito de oposici\u00f3n a la entrega de informaci\u00f3n 64. Formulaci\u00f3n de descargos por autoridad reclamada (por denegaci\u00f3n de la informaci\u00f3n sin oposici\u00f3n de tercero) 65. Formulaci\u00f3n de descargos por autoridad reclamada (por falta de respuesta, que se ha dado en forma positiva) 66. Pr\u00f3rroga por otros diez d\u00edas h\u00e1biles para pronunciarse sobre la solicitud de informaci\u00f3n 67. Reclamaci\u00f3n de ilegalidad del art. 28 Ley N\u00ba 20.285 68. Remisi\u00f3n de solicitud a autoridad competente (por falta de competencia del \u00f3rgano requerido) 69. Remisi\u00f3n de solicitud a autoridad competente (por no poseer los documentos solicitados) 70. Requerimiento para subsanar solicitud de informaci\u00f3n (por falta de identificaci\u00f3n clara de la informaci\u00f3n requerida) 71. Requerimiento para subsanar solicitud de informaci\u00f3n (por falta de identificaci\u00f3n del solicitante y de su apoderado en su caso) 72. Solicitud de amparo a derecho de acceso a la informaci\u00f3n (en caso de oposici\u00f3n de tercero) 73. Solicitud de amparo a derecho de acceso a la informaci\u00f3n (por denegaci\u00f3n de la informaci\u00f3n sin oposici\u00f3n de tercero) 74. Solicitud de amparo a derecho de acceso a la informaci\u00f3n (por falta de respuesta y sin pr\u00f3rroga) 75. Solicitud de amparo a derecho de acceso a la informaci\u00f3n (por falta de respuesta, con pr\u00f3rroga) 76. Subsanaci\u00f3n de falta de solicitud de acceso a la informaci\u00f3n 77. Tercero presenta observaciones (por denegaci\u00f3n de la informaci\u00f3n en caso<\/p>\n","protected":false},"featured_media":4071,"comment_status":"open","ping_status":"closed","template":"","meta":{"inline_featured_image":false,"_joinchat":[]},"product_brand":[],"product_cat":[45,42],"product_tag":[],"class_list":{"0":"post-4041","1":"product","2":"type-product","3":"status-publish","4":"has-post-thumbnail","6":"product_cat-administrativo","7":"product_cat-thomson-reuters","8":"product_shipping_class-a-convenir","10":"first","11":"instock","12":"shipping-taxable","13":"purchasable","14":"product-type-simple"},"_links":{"self":[{"href":"https:\/\/bibliotecajuridicavirtual.cl\/index.php\/wp-json\/wp\/v2\/product\/4041","targetHints":{"allow":["GET"]}}],"collection":[{"href":"https:\/\/bibliotecajuridicavirtual.cl\/index.php\/wp-json\/wp\/v2\/product"}],"about":[{"href":"https:\/\/bibliotecajuridicavirtual.cl\/index.php\/wp-json\/wp\/v2\/types\/product"}],"replies":[{"embeddable":true,"href":"https:\/\/bibliotecajuridicavirtual.cl\/index.php\/wp-json\/wp\/v2\/comments?post=4041"}],"wp:featuredmedia":[{"embeddable":true,"href":"https:\/\/bibliotecajuridicavirtual.cl\/index.php\/wp-json\/wp\/v2\/media\/4071"}],"wp:attachment":[{"href":"https:\/\/bibliotecajuridicavirtual.cl\/index.php\/wp-json\/wp\/v2\/media?parent=4041"}],"wp:term":[{"taxonomy":"product_brand","embeddable":true,"href":"https:\/\/bibliotecajuridicavirtual.cl\/index.php\/wp-json\/wp\/v2\/product_brand?post=4041"},{"taxonomy":"product_cat","embeddable":true,"href":"https:\/\/bibliotecajuridicavirtual.cl\/index.php\/wp-json\/wp\/v2\/product_cat?post=4041"},{"taxonomy":"product_tag","embeddable":true,"href":"https:\/\/bibliotecajuridicavirtual.cl\/index.php\/wp-json\/wp\/v2\/product_tag?post=4041"}],"curies":[{"name":"wp","href":"https:\/\/api.w.org\/{rel}","templated":true}]}}