{"id":4080,"date":"2026-02-28T01:22:55","date_gmt":"2026-02-28T04:22:55","guid":{"rendered":"https:\/\/bibliotecajuridicavirtual.cl\/?post_type=product&#038;p=4080"},"modified":"2026-02-28T01:23:07","modified_gmt":"2026-02-28T04:23:07","slug":"el-derecho-administrativo-y-la-proteccion-de-las-personas-libro-homenaje-a-30-anos-de-docencia-del-profesor-ramiro-mendoza-en-la-puc-ano-2017-240-pag-autor-eduardo-soto","status":"publish","type":"product","link":"https:\/\/bibliotecajuridicavirtual.cl\/index.php\/product\/el-derecho-administrativo-y-la-proteccion-de-las-personas-libro-homenaje-a-30-anos-de-docencia-del-profesor-ramiro-mendoza-en-la-puc-ano-2017-240-pag-autor-eduardo-soto\/","title":{"rendered":"EL DERECHO ADMINISTRATIVO Y LA PROTECCI\u00d3N DE LAS PERSONAS. Libro homenaje a 30 a\u00f1os de docencia del profesor Ramiro Mendoza en la PUC. A\u00f1o 2017\/ 240 P\u00e1g. Autor Eduardo Soto"},"content":{"rendered":"<p>\u201cSe trata de un trabajo que busca rescatar la contribuci\u00f3n del profesor Mendoza a la interpretaci\u00f3n, integraci\u00f3n y comprensi\u00f3n del proceso administrativo asumi\u00e9ndolo en sus dos vertientes: como una garant\u00eda efectiva de los derechos de las personas y como una manera de encausar el actuar de la administraci\u00f3n\u201d. Jos\u00e9 Luis Lara<\/p>\n","protected":false},"excerpt":{"rendered":"<p>\u201cSe trata de un trabajo que busca rescatar la contribuci\u00f3n del profesor Mendoza a la interpretaci\u00f3n, integraci\u00f3n y comprensi\u00f3n del proceso administrativo asumi\u00e9ndolo en sus dos vertientes: como una garant\u00eda efectiva de los derechos de las personas y como una manera de encausar el actuar de la administraci\u00f3n\u201d. Jos\u00e9 Luis Lara<\/p>\n","protected":false},"featured_media":4110,"comment_status":"open","ping_status":"closed","template":"","meta":{"inline_featured_image":false,"_joinchat":[]},"product_brand":[],"product_cat":[45],"product_tag":[],"class_list":{"0":"post-4080","1":"product","2":"type-product","3":"status-publish","4":"has-post-thumbnail","6":"product_cat-administrativo","7":"product_shipping_class-a-convenir","9":"first","10":"instock","11":"shipping-taxable","12":"purchasable","13":"product-type-simple"},"_links":{"self":[{"href":"https:\/\/bibliotecajuridicavirtual.cl\/index.php\/wp-json\/wp\/v2\/product\/4080","targetHints":{"allow":["GET"]}}],"collection":[{"href":"https:\/\/bibliotecajuridicavirtual.cl\/index.php\/wp-json\/wp\/v2\/product"}],"about":[{"href":"https:\/\/bibliotecajuridicavirtual.cl\/index.php\/wp-json\/wp\/v2\/types\/product"}],"replies":[{"embeddable":true,"href":"https:\/\/bibliotecajuridicavirtual.cl\/index.php\/wp-json\/wp\/v2\/comments?post=4080"}],"wp:featuredmedia":[{"embeddable":true,"href":"https:\/\/bibliotecajuridicavirtual.cl\/index.php\/wp-json\/wp\/v2\/media\/4110"}],"wp:attachment":[{"href":"https:\/\/bibliotecajuridicavirtual.cl\/index.php\/wp-json\/wp\/v2\/media?parent=4080"}],"wp:term":[{"taxonomy":"product_brand","embeddable":true,"href":"https:\/\/bibliotecajuridicavirtual.cl\/index.php\/wp-json\/wp\/v2\/product_brand?post=4080"},{"taxonomy":"product_cat","embeddable":true,"href":"https:\/\/bibliotecajuridicavirtual.cl\/index.php\/wp-json\/wp\/v2\/product_cat?post=4080"},{"taxonomy":"product_tag","embeddable":true,"href":"https:\/\/bibliotecajuridicavirtual.cl\/index.php\/wp-json\/wp\/v2\/product_tag?post=4080"}],"curies":[{"name":"wp","href":"https:\/\/api.w.org\/{rel}","templated":true}]}}