{"id":4084,"date":"2026-02-28T01:22:55","date_gmt":"2026-02-28T04:22:55","guid":{"rendered":"https:\/\/bibliotecajuridicavirtual.cl\/?post_type=product&#038;p=4084"},"modified":"2026-02-28T01:23:10","modified_gmt":"2026-02-28T04:23:10","slug":"la-comision-para-el-mercado-financiero-ano-2020-278-pag-autor-roberto-rios","status":"publish","type":"product","link":"https:\/\/bibliotecajuridicavirtual.cl\/index.php\/product\/la-comision-para-el-mercado-financiero-ano-2020-278-pag-autor-roberto-rios\/","title":{"rendered":"La Comision para el Mercado Financiero. A\u00f1o 2020 \/ 278 P\u00e1g. Autor  Roberto R\u00edos"},"content":{"rendered":"<p>La Ley 21.000, publicada el 23 de febrero de 2017, y complementariamente la Ley 21.130 sustituyen el anterior sistema de supervisi\u00f3n financiera en Chile. Con la nueva ley, se crea la Comisi\u00f3n para el Mercado Financiero (CMF) que reemplaza a dos agencias regulatorias chilenas: la Superintendencia de Valores y Seguros (SVS), y la Superintendencia de Bancos e Instituciones Financieras (SBIF). El presente libro, mediante art\u00edculos de doce destacados abogados que a su vez son docentes de la Facultad de Derecho de la Pontificia Universidad Cat\u00f3lica de Chile, aborda la evoluci\u00f3n hist\u00f3rica de la supervisi\u00f3n financiera en Chile, revisa los modelos de supervisi\u00f3n y analiza sistem\u00e1ticamente el articulado de la referida Ley 21.000 y otras normas relacionadas (Ley 21.130), tanto de rango legal como aquellas administrativas dictadas para la implementaci\u00f3n de la nueva regulaci\u00f3n legal sobre supervisi\u00f3n y la puesta en marcha de la Comisi\u00f3n para el Mercado Financiero. Esta obra, que cuenta con el apoyo del Centro de Riesgos y Seguros de la UC, invita a quienes se interesen en conocer la nueva institucionalidad de supervisi\u00f3n financiera en Chile y es un aporte al debate acad\u00e9mico y profesional en torno al tema.<\/p>\n<p><strong>Creemos que esta publicaci\u00f3n constituye un primer aporte al estudio de la nueva institucionalidad, que esperamos anime el debate acad\u00e9mico y profesional en un tema de tanta relevancia. Roberto R\u00edos y Rodrigo Ochagav\u00eda<\/strong><\/p>\n","protected":false},"excerpt":{"rendered":"<p>La Ley 21.000, publicada el 23 de febrero de 2017, y complementariamente la Ley 21.130 sustituyen el anterior sistema de supervisi\u00f3n financiera en Chile. Con la nueva ley, se crea la Comisi\u00f3n para el Mercado Financiero (CMF) que reemplaza a dos agencias regulatorias chilenas: la Superintendencia de Valores y Seguros (SVS), y la Superintendencia de Bancos e Instituciones Financieras (SBIF). El presente libro, mediante art\u00edculos de doce destacados abogados que a su vez son docentes de la Facultad de Derecho de la Pontificia Universidad Cat\u00f3lica de Chile, aborda la evoluci\u00f3n hist\u00f3rica de la supervisi\u00f3n financiera en Chile, revisa los modelos de supervisi\u00f3n y analiza sistem\u00e1ticamente el articulado de la referida Ley 21.000 y otras normas relacionadas (Ley 21.130), tanto de rango legal como aquellas administrativas dictadas para la implementaci\u00f3n de la nueva regulaci\u00f3n legal sobre supervisi\u00f3n y la puesta en marcha de la Comisi\u00f3n para el Mercado Financiero. Esta obra, que cuenta con el apoyo del Centro de Riesgos y Seguros de la UC, invita a quienes se interesen en conocer la nueva institucionalidad de supervisi\u00f3n financiera en Chile y es un aporte al debate acad\u00e9mico y profesional en torno al tema. Creemos que esta publicaci\u00f3n constituye un primer aporte al estudio de la nueva institucionalidad, que esperamos anime el debate acad\u00e9mico y profesional en un tema de tanta relevancia. Roberto R\u00edos y Rodrigo Ochagav\u00eda<\/p>\n","protected":false},"featured_media":4114,"comment_status":"open","ping_status":"closed","template":"","meta":{"inline_featured_image":false,"_joinchat":[]},"product_brand":[],"product_cat":[48],"product_tag":[],"class_list":{"0":"post-4084","1":"product","2":"type-product","3":"status-publish","4":"has-post-thumbnail","6":"product_cat-comercial","7":"product_shipping_class-a-convenir","9":"first","10":"instock","11":"shipping-taxable","12":"purchasable","13":"product-type-simple"},"_links":{"self":[{"href":"https:\/\/bibliotecajuridicavirtual.cl\/index.php\/wp-json\/wp\/v2\/product\/4084","targetHints":{"allow":["GET"]}}],"collection":[{"href":"https:\/\/bibliotecajuridicavirtual.cl\/index.php\/wp-json\/wp\/v2\/product"}],"about":[{"href":"https:\/\/bibliotecajuridicavirtual.cl\/index.php\/wp-json\/wp\/v2\/types\/product"}],"replies":[{"embeddable":true,"href":"https:\/\/bibliotecajuridicavirtual.cl\/index.php\/wp-json\/wp\/v2\/comments?post=4084"}],"wp:featuredmedia":[{"embeddable":true,"href":"https:\/\/bibliotecajuridicavirtual.cl\/index.php\/wp-json\/wp\/v2\/media\/4114"}],"wp:attachment":[{"href":"https:\/\/bibliotecajuridicavirtual.cl\/index.php\/wp-json\/wp\/v2\/media?parent=4084"}],"wp:term":[{"taxonomy":"product_brand","embeddable":true,"href":"https:\/\/bibliotecajuridicavirtual.cl\/index.php\/wp-json\/wp\/v2\/product_brand?post=4084"},{"taxonomy":"product_cat","embeddable":true,"href":"https:\/\/bibliotecajuridicavirtual.cl\/index.php\/wp-json\/wp\/v2\/product_cat?post=4084"},{"taxonomy":"product_tag","embeddable":true,"href":"https:\/\/bibliotecajuridicavirtual.cl\/index.php\/wp-json\/wp\/v2\/product_tag?post=4084"}],"curies":[{"name":"wp","href":"https:\/\/api.w.org\/{rel}","templated":true}]}}