{"id":4087,"date":"2026-02-28T01:22:55","date_gmt":"2026-02-28T04:22:55","guid":{"rendered":"https:\/\/bibliotecajuridicavirtual.cl\/?post_type=product&#038;p=4087"},"modified":"2026-02-28T01:23:12","modified_gmt":"2026-02-28T04:23:12","slug":"hacia-una-laicidad-compartida-el-pensamiento-pontificio-sobre-laicidad-y-laicismos-de-gregorio-xvi-al-papa-francisco-ano-2017-325-pag-autor-jorge-precht","status":"publish","type":"product","link":"https:\/\/bibliotecajuridicavirtual.cl\/index.php\/product\/hacia-una-laicidad-compartida-el-pensamiento-pontificio-sobre-laicidad-y-laicismos-de-gregorio-xvi-al-papa-francisco-ano-2017-325-pag-autor-jorge-precht\/","title":{"rendered":"Hacia una Laicidad Compartida. El Pensamiento Pontificio sobre Laicidad y Laicismos de Gregorio XVI al Papa Francisco A\u00f1o 2017\/ 325 P\u00e1g. Autor Jorge Precht"},"content":{"rendered":"<p>Este libro presenta tres cap\u00ed\u00adtulos introductorios y una completa recopilaci\u00f3n de textos pontificios, desde mediados del siglo XIX hasta hoy, sobre laicidad y laicismo. El pensamiento pontificio actual manifiesta la necesidad de una convivencia arm\u00f3nica y equilibrada de un amplio abanico de actores sociales de diversas convicciones y creencias, lo que solo se lograr\u00e1 si, por un lado, se abandona el clericalismo y la a\u00f1oranza de un Estado cat\u00f3lico y, por el otro, se deja de lado un laicismo integrista, que insiste en sacar del espacio p\u00fablico la vivencia religiosa.<\/p>\n","protected":false},"excerpt":{"rendered":"<p>Este libro presenta tres cap\u00ed\u00adtulos introductorios y una completa recopilaci\u00f3n de textos pontificios, desde mediados del siglo XIX hasta hoy, sobre laicidad y laicismo. El pensamiento pontificio actual manifiesta la necesidad de una convivencia arm\u00f3nica y equilibrada de un amplio abanico de actores sociales de diversas convicciones y creencias, lo que solo se lograr\u00e1 si, por un lado, se abandona el clericalismo y la a\u00f1oranza de un Estado cat\u00f3lico y, por el otro, se deja de lado un laicismo integrista, que insiste en sacar del espacio p\u00fablico la vivencia religiosa.<\/p>\n","protected":false},"featured_media":4117,"comment_status":"open","ping_status":"closed","template":"","meta":{"inline_featured_image":false,"_joinchat":[]},"product_brand":[],"product_cat":[44],"product_tag":[],"class_list":{"0":"post-4087","1":"product","2":"type-product","3":"status-publish","4":"has-post-thumbnail","6":"product_cat-filosofia-del-derecho-y-introduccion","7":"product_shipping_class-a-convenir","9":"first","10":"instock","11":"shipping-taxable","12":"purchasable","13":"product-type-simple"},"_links":{"self":[{"href":"https:\/\/bibliotecajuridicavirtual.cl\/index.php\/wp-json\/wp\/v2\/product\/4087","targetHints":{"allow":["GET"]}}],"collection":[{"href":"https:\/\/bibliotecajuridicavirtual.cl\/index.php\/wp-json\/wp\/v2\/product"}],"about":[{"href":"https:\/\/bibliotecajuridicavirtual.cl\/index.php\/wp-json\/wp\/v2\/types\/product"}],"replies":[{"embeddable":true,"href":"https:\/\/bibliotecajuridicavirtual.cl\/index.php\/wp-json\/wp\/v2\/comments?post=4087"}],"wp:featuredmedia":[{"embeddable":true,"href":"https:\/\/bibliotecajuridicavirtual.cl\/index.php\/wp-json\/wp\/v2\/media\/4117"}],"wp:attachment":[{"href":"https:\/\/bibliotecajuridicavirtual.cl\/index.php\/wp-json\/wp\/v2\/media?parent=4087"}],"wp:term":[{"taxonomy":"product_brand","embeddable":true,"href":"https:\/\/bibliotecajuridicavirtual.cl\/index.php\/wp-json\/wp\/v2\/product_brand?post=4087"},{"taxonomy":"product_cat","embeddable":true,"href":"https:\/\/bibliotecajuridicavirtual.cl\/index.php\/wp-json\/wp\/v2\/product_cat?post=4087"},{"taxonomy":"product_tag","embeddable":true,"href":"https:\/\/bibliotecajuridicavirtual.cl\/index.php\/wp-json\/wp\/v2\/product_tag?post=4087"}],"curies":[{"name":"wp","href":"https:\/\/api.w.org\/{rel}","templated":true}]}}

Hacia una Laicidad Compartida. El Pensamiento Pontificio sobre Laicidad y Laicismos de Gregorio XVI al Papa Francisco Año 2017/ 325 Pág. Autor Jorge Precht

<p>Este libro presenta tres capí­tulos introductorios y una completa recopilación de textos pontificios, desde mediados del siglo XIX hasta hoy, sobre laicidad y laicismo. El pensamiento pontificio actual manifiesta la necesidad de una convivencia armónica y equilibrada de un amplio abanico de actores sociales de diversas convicciones y creencias, lo que solo se logrará si, por un lado, se abandona el clericalismo y la añoranza de un Estado católico y, por el otro, se deja de lado un laicismo integrista, que insiste en sacar del espacio público la vivencia religiosa.</p>
