{"id":4090,"date":"2026-02-28T01:22:55","date_gmt":"2026-02-28T04:22:55","guid":{"rendered":"https:\/\/bibliotecajuridicavirtual.cl\/?post_type=product&#038;p=4090"},"modified":"2026-02-28T01:23:15","modified_gmt":"2026-02-28T04:23:15","slug":"estudios-de-derecho-penal-economico-chileno-2018-ano-2019-312-pag-autor-jaime-naquira-y-veronica-rosenblut","status":"publish","type":"product","link":"https:\/\/bibliotecajuridicavirtual.cl\/index.php\/product\/estudios-de-derecho-penal-economico-chileno-2018-ano-2019-312-pag-autor-jaime-naquira-y-veronica-rosenblut\/","title":{"rendered":"Estudios de Derecho Penal  Econ\u00f3mico Chileno (2018). A\u00f1o 2019\/ 312 P\u00e1g. Autor Jaime N\u00e1quira y Ver\u00f3nica Rosenblut"},"content":{"rendered":"<p>La presente obra pone a disposici\u00f3n de la comunidad jur\u00eddica las actuales reflexiones que acad\u00e9micos e investigadores de encuentran realizando en temas de Derecho Penal Econ\u00f3mico. Esta rama del Derecho ha suscitado especial atenci\u00f3n en las \u00faltimas d\u00e9cadas tanto por el hecho de abarcar nuevas formas de criminalidad como por los desaf\u00edos que su aplicaci\u00f3n representa frente a las concepciones que tradicionalmente se han sostenido en relaci\u00f3n con las categor\u00edas dogm\u00e1ticas propias del Derecho Penal nuclear. El creciente inter\u00e9s por el Derecho Penal Econ\u00f3mico obedece tambi\u00e9n al importante campo de discusi\u00f3n que su estudio ha abierto, a prop\u00f3sito de temas tan relevantes como los modelos de imputaci\u00f3n al interior de estructuras empresariales, los deberes de los \u00f3rganos directivos, las nuevas formas de enga\u00f1o, la responsabilidad penal de las personas jur\u00eddicas y las importantes modificaciones legales que en el \u00faltimo tiempo han introducido en Chile nuevas figuras penales en distintos \u00e1mbitos del desarrollo de la actividad econ\u00f3mica.<\/p>\n<p>Diversas reformas y promulgaciones de leyes han introducido nuevas figuras penales como por ejemplo el delito de colusi\u00f3n en materia de libre competencia, la responsabilidad penal de personas jur\u00eddicas, la ampliaci\u00f3n del cat\u00e1logo de delitos base de lavado de activos, la tipificaci\u00f3n de figuras como el soborno entre particulares, la negociaci\u00f3n incompatible en las sociedades an\u00f3nimas y la administraci\u00f3n desleal, ampliando adem\u00e1s el cat\u00e1logo de delitos fuente de responsabilidad penal de la persona jur\u00eddica. Todo lo anterior ha requerido y motivado un nuevo desarrollo del pensamiento jur\u00eddico que este libro pretende recoger y difundir.<\/p>\n<p><strong>PRIMERA PARTE<br \/>\nESTUDIOS DE PARTE GENERAL<br \/>\n<\/strong>\u00a7 1. Aproximaci\u00f3n al Art\u00edculo 3 de la Ley N\u00b0 20.393: de la Responsabilidad Penal de las Personas Jur\u00eddicas en Chile<br \/>\n<em>Jaime N\u00e1quira R.<\/em><br \/>\n\u00a7 2. Nociones Generales respecto de c\u00f3mo se Estructuran los Sistemas para Prevenir y Sancionar el Delito de Lavado de Dinero. Hacia una Concepci\u00f3n m\u00e1s Integral de este Fen\u00f3meno.<br \/>\n<em>Marcelo Contreras R.<br \/>\n<\/em>\u00a7 3. Circunstancias Eximentes y Modificatorias de Responsabilidad Penal en el C\u00f3digo Tributario<br \/>\n<em>Alejandro Moreira D.<br \/>\n<\/em>\u00a7 4. Delito Masa. Caracter\u00edsticas, Naturaleza Jur\u00eddica y Tratamiento Punitivo en Chile<br \/>\n<em>Victor M. Vidal M.<\/em><\/p>\n<p><strong>SEGUNDA PARTE<br \/>\nESTUDIOS DE PARTE ESPECIAL<br \/>\n<\/strong>\u00a7 5. La Reforma del Derecho Penal Concursal Chileno<br \/>\n<em>Antonio Bascu\u00f1\u00e1n R.<\/em><br \/>\n\u00a7 6. Delitos Marcarios<br \/>\n<em>Andr\u00e9s Grunewaldt C<\/em><br \/>\n\u00a7 7. An\u00e1lisis de Denominado Delito de Uso Indebido de Custodia del Art\u00edculo 60 Letra i) de la Ley N\u00b0 18.045<br \/>\n<em>Ver\u00f3nica Rosenblut<\/em><br \/>\n\u00a7 8. Fraude de Seguros y Estafa Omisiva con una Compa\u00f1\u00eda Aseguradora como V\u00edctima<br \/>\n<em>Crist\u00f3bal Izquierdo S.<br \/>\n<\/em>\u00a7 9. Lineamientos Actuales del Delito de Blanqueo de Capitales en Espa\u00f1a<br \/>\n<em>Miguel Olmedo C.<\/em><\/p>\n","protected":false},"excerpt":{"rendered":"<p>La presente obra pone a disposici\u00f3n de la comunidad jur\u00eddica las actuales reflexiones que acad\u00e9micos e investigadores de encuentran realizando en temas de Derecho Penal Econ\u00f3mico. Esta rama del Derecho ha suscitado especial atenci\u00f3n en las \u00faltimas d\u00e9cadas tanto por el hecho de abarcar nuevas formas de criminalidad como por los desaf\u00edos que su aplicaci\u00f3n representa frente a las concepciones que tradicionalmente se han sostenido en relaci\u00f3n con las categor\u00edas dogm\u00e1ticas propias del Derecho Penal nuclear. El creciente inter\u00e9s por el Derecho Penal Econ\u00f3mico obedece tambi\u00e9n al importante campo de discusi\u00f3n que su estudio ha abierto, a prop\u00f3sito de temas tan relevantes como los modelos de imputaci\u00f3n al interior de estructuras empresariales, los deberes de los \u00f3rganos directivos, las nuevas formas de enga\u00f1o, la responsabilidad penal de las personas jur\u00eddicas y las importantes modificaciones legales que en el \u00faltimo tiempo han introducido en Chile nuevas figuras penales en distintos \u00e1mbitos del desarrollo de la actividad econ\u00f3mica. Diversas reformas y promulgaciones de leyes han introducido nuevas figuras penales como por ejemplo el delito de colusi\u00f3n en materia de libre competencia, la responsabilidad penal de personas jur\u00eddicas, la ampliaci\u00f3n del cat\u00e1logo de delitos base de lavado de activos, la tipificaci\u00f3n de figuras como el soborno entre particulares, la negociaci\u00f3n incompatible en las sociedades an\u00f3nimas y la administraci\u00f3n desleal, ampliando adem\u00e1s el cat\u00e1logo de delitos fuente de responsabilidad penal de la persona jur\u00eddica. Todo lo anterior ha requerido y motivado un nuevo desarrollo del pensamiento jur\u00eddico que este libro pretende recoger y difundir. PRIMERA PARTE ESTUDIOS DE PARTE GENERAL \u00a7 1. Aproximaci\u00f3n al Art\u00edculo 3 de la Ley N\u00b0 20.393: de la Responsabilidad Penal de las Personas Jur\u00eddicas en Chile Jaime N\u00e1quira R. \u00a7 2. Nociones Generales respecto de c\u00f3mo se Estructuran los Sistemas para Prevenir y Sancionar el Delito de Lavado de Dinero. Hacia una Concepci\u00f3n m\u00e1s Integral de este Fen\u00f3meno. Marcelo Contreras R. \u00a7 3. Circunstancias Eximentes y Modificatorias de Responsabilidad Penal en el C\u00f3digo Tributario Alejandro Moreira D. \u00a7 4. Delito Masa. Caracter\u00edsticas, Naturaleza Jur\u00eddica y Tratamiento Punitivo en Chile Victor M. Vidal M. SEGUNDA PARTE ESTUDIOS DE PARTE ESPECIAL \u00a7 5. La Reforma del Derecho Penal Concursal Chileno Antonio Bascu\u00f1\u00e1n R. \u00a7 6. Delitos Marcarios Andr\u00e9s Grunewaldt C \u00a7 7. An\u00e1lisis de Denominado Delito de Uso Indebido de Custodia del Art\u00edculo 60 Letra i) de la Ley N\u00b0 18.045 Ver\u00f3nica Rosenblut \u00a7 8. Fraude de Seguros y Estafa Omisiva con una Compa\u00f1\u00eda Aseguradora como V\u00edctima Crist\u00f3bal Izquierdo S. \u00a7 9. Lineamientos Actuales del Delito de Blanqueo de Capitales en Espa\u00f1a Miguel Olmedo C.<\/p>\n","protected":false},"featured_media":4120,"comment_status":"open","ping_status":"closed","template":"","meta":{"inline_featured_image":false,"_joinchat":[]},"product_brand":[],"product_cat":[30],"product_tag":[],"class_list":{"0":"post-4090","1":"product","2":"type-product","3":"status-publish","4":"has-post-thumbnail","6":"product_cat-penal","7":"product_shipping_class-a-convenir","9":"first","10":"instock","11":"shipping-taxable","12":"purchasable","13":"product-type-simple"},"_links":{"self":[{"href":"https:\/\/bibliotecajuridicavirtual.cl\/index.php\/wp-json\/wp\/v2\/product\/4090","targetHints":{"allow":["GET"]}}],"collection":[{"href":"https:\/\/bibliotecajuridicavirtual.cl\/index.php\/wp-json\/wp\/v2\/product"}],"about":[{"href":"https:\/\/bibliotecajuridicavirtual.cl\/index.php\/wp-json\/wp\/v2\/types\/product"}],"replies":[{"embeddable":true,"href":"https:\/\/bibliotecajuridicavirtual.cl\/index.php\/wp-json\/wp\/v2\/comments?post=4090"}],"wp:featuredmedia":[{"embeddable":true,"href":"https:\/\/bibliotecajuridicavirtual.cl\/index.php\/wp-json\/wp\/v2\/media\/4120"}],"wp:attachment":[{"href":"https:\/\/bibliotecajuridicavirtual.cl\/index.php\/wp-json\/wp\/v2\/media?parent=4090"}],"wp:term":[{"taxonomy":"product_brand","embeddable":true,"href":"https:\/\/bibliotecajuridicavirtual.cl\/index.php\/wp-json\/wp\/v2\/product_brand?post=4090"},{"taxonomy":"product_cat","embeddable":true,"href":"https:\/\/bibliotecajuridicavirtual.cl\/index.php\/wp-json\/wp\/v2\/product_cat?post=4090"},{"taxonomy":"product_tag","embeddable":true,"href":"https:\/\/bibliotecajuridicavirtual.cl\/index.php\/wp-json\/wp\/v2\/product_tag?post=4090"}],"curies":[{"name":"wp","href":"https:\/\/api.w.org\/{rel}","templated":true}]}}