{"id":4093,"date":"2026-02-28T01:22:56","date_gmt":"2026-02-28T04:22:56","guid":{"rendered":"https:\/\/bibliotecajuridicavirtual.cl\/?post_type=product&#038;p=4093"},"modified":"2026-02-28T01:23:18","modified_gmt":"2026-02-28T04:23:18","slug":"teoria-del-derecho-identidad-y-transformaciones-ano-2019-320-pag-autor-alejandro-vergara","status":"publish","type":"product","link":"https:\/\/bibliotecajuridicavirtual.cl\/index.php\/product\/teoria-del-derecho-identidad-y-transformaciones-ano-2019-320-pag-autor-alejandro-vergara\/","title":{"rendered":"Teor\u00eda Del Derecho. Identidad y Transformaciones. A\u00f1o 2019\/ 320 P\u00e1g. Autor Alejandro Vergara"},"content":{"rendered":"<p>Las transformaciones operadas en las fuentes del derecho en las \u00faltimas cuatro d\u00e9cadas, y que han dado lugar a la era del derecho neomoderno, est\u00e1n en la base de los contenidos de esta publicaci\u00f3n. Ellas se han dado a la par de una din\u00e1mica de afianzamiento de los principios democr\u00e1ticos y de renovaci\u00f3n constante del concepto de ley, y han tenido claras implicancias en las fuentes del derecho: las leyes, la doctrina y la jurisprudencia, as\u00ed como en los usos y costumbres de la sociedad devenidos en nuevos principios que moldean tales fuentes. A este fen\u00f3meno apunta este libro, el quinto de una serie sobre la identidad y las transformaciones del derecho.<\/p>\n<p>En estas p\u00e1ginas, mediante breves art\u00edculos de doctrina o comentarios a decisiones legales o jurisprudenciales, el autor expone el perfil del derecho neomoderno y sus expresiones. En ese marco, destaca el rol del jurista, como observador social y tambi\u00e9n como generador de ciencia jur\u00eddica, en la discusi\u00f3n de muy diversas materias de relevancia p\u00fablica. Se sit\u00faan all\u00ed \u2013entre muchas otras materias\u2013 la debida atenci\u00f3n a las fuentes del derecho democr\u00e1tico, el resguardo de la correcci\u00f3n en los procesos legislativos, la atenci\u00f3n a la jurisprudencia y a los principios que \u00e9sta crea, la conducta de los juristas en una sociedad democr\u00e1tica y el fomento a una sana circulaci\u00f3n de ideas en los debates jur\u00eddicos. En ese marco, este libro se inscribe como un aporte relevante a la comprensi\u00f3n de los nuevos paradigmas jur\u00eddicos.<\/p>\n<p>&nbsp;<\/p>\n","protected":false},"excerpt":{"rendered":"<p>Las transformaciones operadas en las fuentes del derecho en las \u00faltimas cuatro d\u00e9cadas, y que han dado lugar a la era del derecho neomoderno, est\u00e1n en la base de los contenidos de esta publicaci\u00f3n. Ellas se han dado a la par de una din\u00e1mica de afianzamiento de los principios democr\u00e1ticos y de renovaci\u00f3n constante del concepto de ley, y han tenido claras implicancias en las fuentes del derecho: las leyes, la doctrina y la jurisprudencia, as\u00ed como en los usos y costumbres de la sociedad devenidos en nuevos principios que moldean tales fuentes. A este fen\u00f3meno apunta este libro, el quinto de una serie sobre la identidad y las transformaciones del derecho. En estas p\u00e1ginas, mediante breves art\u00edculos de doctrina o comentarios a decisiones legales o jurisprudenciales, el autor expone el perfil del derecho neomoderno y sus expresiones. En ese marco, destaca el rol del jurista, como observador social y tambi\u00e9n como generador de ciencia jur\u00eddica, en la discusi\u00f3n de muy diversas materias de relevancia p\u00fablica. Se sit\u00faan all\u00ed \u2013entre muchas otras materias\u2013 la debida atenci\u00f3n a las fuentes del derecho democr\u00e1tico, el resguardo de la correcci\u00f3n en los procesos legislativos, la atenci\u00f3n a la jurisprudencia y a los principios que \u00e9sta crea, la conducta de los juristas en una sociedad democr\u00e1tica y el fomento a una sana circulaci\u00f3n de ideas en los debates jur\u00eddicos. En ese marco, este libro se inscribe como un aporte relevante a la comprensi\u00f3n de los nuevos paradigmas jur\u00eddicos. &nbsp;<\/p>\n","protected":false},"featured_media":4147,"comment_status":"open","ping_status":"closed","template":"","meta":{"inline_featured_image":false,"_joinchat":[]},"product_brand":[],"product_cat":[27],"product_tag":[],"class_list":{"0":"post-4093","1":"product","2":"type-product","3":"status-publish","4":"has-post-thumbnail","6":"product_cat-civil","7":"product_shipping_class-a-convenir","9":"first","10":"instock","11":"shipping-taxable","12":"purchasable","13":"product-type-simple"},"_links":{"self":[{"href":"https:\/\/bibliotecajuridicavirtual.cl\/index.php\/wp-json\/wp\/v2\/product\/4093","targetHints":{"allow":["GET"]}}],"collection":[{"href":"https:\/\/bibliotecajuridicavirtual.cl\/index.php\/wp-json\/wp\/v2\/product"}],"about":[{"href":"https:\/\/bibliotecajuridicavirtual.cl\/index.php\/wp-json\/wp\/v2\/types\/product"}],"replies":[{"embeddable":true,"href":"https:\/\/bibliotecajuridicavirtual.cl\/index.php\/wp-json\/wp\/v2\/comments?post=4093"}],"wp:featuredmedia":[{"embeddable":true,"href":"https:\/\/bibliotecajuridicavirtual.cl\/index.php\/wp-json\/wp\/v2\/media\/4147"}],"wp:attachment":[{"href":"https:\/\/bibliotecajuridicavirtual.cl\/index.php\/wp-json\/wp\/v2\/media?parent=4093"}],"wp:term":[{"taxonomy":"product_brand","embeddable":true,"href":"https:\/\/bibliotecajuridicavirtual.cl\/index.php\/wp-json\/wp\/v2\/product_brand?post=4093"},{"taxonomy":"product_cat","embeddable":true,"href":"https:\/\/bibliotecajuridicavirtual.cl\/index.php\/wp-json\/wp\/v2\/product_cat?post=4093"},{"taxonomy":"product_tag","embeddable":true,"href":"https:\/\/bibliotecajuridicavirtual.cl\/index.php\/wp-json\/wp\/v2\/product_tag?post=4093"}],"curies":[{"name":"wp","href":"https:\/\/api.w.org\/{rel}","templated":true}]}}