{"id":4096,"date":"2026-02-28T01:22:56","date_gmt":"2026-02-28T04:22:56","guid":{"rendered":"https:\/\/bibliotecajuridicavirtual.cl\/?post_type=product&#038;p=4096"},"modified":"2026-02-28T01:23:22","modified_gmt":"2026-02-28T04:23:22","slug":"derecho-minero-identidad-y-transformaciones-ano-2017-386-pag-autor-alejandro-vergara","status":"publish","type":"product","link":"https:\/\/bibliotecajuridicavirtual.cl\/index.php\/product\/derecho-minero-identidad-y-transformaciones-ano-2017-386-pag-autor-alejandro-vergara\/","title":{"rendered":"Derecho  Minero. Identidad y Transformaciones. A\u00f1o 2017 \/ 386 P\u00e1g. Autor Alejandro Vergara"},"content":{"rendered":"<p>La amplia incidencia de la gran, la mediana y la peque\u00f1a miner\u00ed\u00ada en la econom\u00ed\u00ada y en la vida socioecon\u00f3mica de nuestro pa\u00ed\u00ads, ha ido conformando desde hace ya varias d\u00e9cadas un vasto y complejo entramado de leyes referidas a ese sector productivo. Esto ha representado, por un lado, un permanente esfuerzo de parte de las autoridades y legisladores para mantener modernizada y en armon\u00ed\u00ada jur\u00ed\u00addica aquella normativa. En tanto, para muchos acad\u00e9micos y abogados ha implicado una preocupaci\u00f3n constante por favorecer que ella contribuya al buen desarrollo del quehacer minero. A la base de esta inquietud est\u00e1 el objetivo de que este contribuya efectivamente al bien com\u00fan y al inter\u00e9s general de Chile. Lo anterior da cuenta de buena parte de las motivaciones que impulsan esta publicaci\u00f3n, que compila escritos que abarcan el conjunto de los rasgos peculiares que caracterizan y conforman el derecho minero neomoderno. Se abordan ac\u00e1 muy variados temas y situaciones que se dan en esta \u00e1rea. As\u00ed\u00ad, el lector podr\u00e1 comprobar en ella aplicaciones concretas del espacio jur\u00ed\u00addico neomoderno, que domina actualmente las fuentes y la relaci\u00f3n jur\u00ed\u00addica de la disciplina, y que ning\u00fan legislador, juez o jurista debiera ignorar. Estas p\u00e1ginas abarcan t\u00f3picos como la historia y la ense\u00f1anza del derecho minero, la doctrina y las fuentes de este. Uno de sus cap\u00ed\u00adtulos alude a la esencial materia de la naturaleza jur\u00ed\u00addica de la riqueza mineral. Enseguida, se tocan cuestiones cr\u00ed\u00adticas en el actual contexto de esta actividad en nuestro pa\u00ed\u00ads, como la batalla contra la superposici\u00f3n de concesiones mineras, el procedimiento concesional minero y de servidumbres, y la regulaci\u00f3n chilena a la industria del sector. Tambi\u00e9n se expone una serie de retos que, en la gesti\u00f3n y el derecho mineros, se est\u00e1n verificando actualmente en el uso del agua, los efectos en los bosques y el medioambiente, o bien en la aplicaci\u00f3n de las normas tributarias vigentes. Finalmente, un breve texto literario ofrece una mirada con humor &#8220;aunque tambi\u00e9n a modo de advertencia&#8221; al finalizar el repaso que hace este libro a materias que son de gran significaci\u00f3n para el desarrollo del pa\u00ed\u00ads.<\/p>\n","protected":false},"excerpt":{"rendered":"<p>La amplia incidencia de la gran, la mediana y la peque\u00f1a miner\u00ed\u00ada en la econom\u00ed\u00ada y en la vida socioecon\u00f3mica de nuestro pa\u00ed\u00ads, ha ido conformando desde hace ya varias d\u00e9cadas un vasto y complejo entramado de leyes referidas a ese sector productivo. Esto ha representado, por un lado, un permanente esfuerzo de parte de las autoridades y legisladores para mantener modernizada y en armon\u00ed\u00ada jur\u00ed\u00addica aquella normativa. En tanto, para muchos acad\u00e9micos y abogados ha implicado una preocupaci\u00f3n constante por favorecer que ella contribuya al buen desarrollo del quehacer minero. A la base de esta inquietud est\u00e1 el objetivo de que este contribuya efectivamente al bien com\u00fan y al inter\u00e9s general de Chile. Lo anterior da cuenta de buena parte de las motivaciones que impulsan esta publicaci\u00f3n, que compila escritos que abarcan el conjunto de los rasgos peculiares que caracterizan y conforman el derecho minero neomoderno. Se abordan ac\u00e1 muy variados temas y situaciones que se dan en esta \u00e1rea. As\u00ed\u00ad, el lector podr\u00e1 comprobar en ella aplicaciones concretas del espacio jur\u00ed\u00addico neomoderno, que domina actualmente las fuentes y la relaci\u00f3n jur\u00ed\u00addica de la disciplina, y que ning\u00fan legislador, juez o jurista debiera ignorar. Estas p\u00e1ginas abarcan t\u00f3picos como la historia y la ense\u00f1anza del derecho minero, la doctrina y las fuentes de este. Uno de sus cap\u00ed\u00adtulos alude a la esencial materia de la naturaleza jur\u00ed\u00addica de la riqueza mineral. Enseguida, se tocan cuestiones cr\u00ed\u00adticas en el actual contexto de esta actividad en nuestro pa\u00ed\u00ads, como la batalla contra la superposici\u00f3n de concesiones mineras, el procedimiento concesional minero y de servidumbres, y la regulaci\u00f3n chilena a la industria del sector. Tambi\u00e9n se expone una serie de retos que, en la gesti\u00f3n y el derecho mineros, se est\u00e1n verificando actualmente en el uso del agua, los efectos en los bosques y el medioambiente, o bien en la aplicaci\u00f3n de las normas tributarias vigentes. Finalmente, un breve texto literario ofrece una mirada con humor &#8220;aunque tambi\u00e9n a modo de advertencia&#8221; al finalizar el repaso que hace este libro a materias que son de gran significaci\u00f3n para el desarrollo del pa\u00ed\u00ads.<\/p>\n","protected":false},"featured_media":4150,"comment_status":"open","ping_status":"closed","template":"","meta":{"inline_featured_image":false,"_joinchat":[]},"product_brand":[],"product_cat":[31],"product_tag":[],"class_list":{"0":"post-4096","1":"product","2":"type-product","3":"status-publish","4":"has-post-thumbnail","6":"product_cat-derecho-ambiental","7":"product_shipping_class-a-convenir","9":"first","10":"instock","11":"shipping-taxable","12":"purchasable","13":"product-type-simple"},"_links":{"self":[{"href":"https:\/\/bibliotecajuridicavirtual.cl\/index.php\/wp-json\/wp\/v2\/product\/4096","targetHints":{"allow":["GET"]}}],"collection":[{"href":"https:\/\/bibliotecajuridicavirtual.cl\/index.php\/wp-json\/wp\/v2\/product"}],"about":[{"href":"https:\/\/bibliotecajuridicavirtual.cl\/index.php\/wp-json\/wp\/v2\/types\/product"}],"replies":[{"embeddable":true,"href":"https:\/\/bibliotecajuridicavirtual.cl\/index.php\/wp-json\/wp\/v2\/comments?post=4096"}],"wp:featuredmedia":[{"embeddable":true,"href":"https:\/\/bibliotecajuridicavirtual.cl\/index.php\/wp-json\/wp\/v2\/media\/4150"}],"wp:attachment":[{"href":"https:\/\/bibliotecajuridicavirtual.cl\/index.php\/wp-json\/wp\/v2\/media?parent=4096"}],"wp:term":[{"taxonomy":"product_brand","embeddable":true,"href":"https:\/\/bibliotecajuridicavirtual.cl\/index.php\/wp-json\/wp\/v2\/product_brand?post=4096"},{"taxonomy":"product_cat","embeddable":true,"href":"https:\/\/bibliotecajuridicavirtual.cl\/index.php\/wp-json\/wp\/v2\/product_cat?post=4096"},{"taxonomy":"product_tag","embeddable":true,"href":"https:\/\/bibliotecajuridicavirtual.cl\/index.php\/wp-json\/wp\/v2\/product_tag?post=4096"}],"curies":[{"name":"wp","href":"https:\/\/api.w.org\/{rel}","templated":true}]}}