{"id":4097,"date":"2026-02-28T01:22:56","date_gmt":"2026-02-28T04:22:56","guid":{"rendered":"https:\/\/bibliotecajuridicavirtual.cl\/?post_type=product&#038;p=4097"},"modified":"2026-02-28T01:23:22","modified_gmt":"2026-02-28T04:23:22","slug":"la-responsabilidad-contractual-causa-y-efectos-de-los-contratos-y-sus-obligaciones-ano-2018-802-pag-autor-enrique-alcalde-rodriguez","status":"publish","type":"product","link":"https:\/\/bibliotecajuridicavirtual.cl\/index.php\/product\/la-responsabilidad-contractual-causa-y-efectos-de-los-contratos-y-sus-obligaciones-ano-2018-802-pag-autor-enrique-alcalde-rodriguez\/","title":{"rendered":"La Responsabilidad Contractual. Causa y Efectos de los Contratos y sus Obligaciones. A\u00f1o 2018\/ 802 P\u00e1g. Autor Enrique Alcalde Rodr\u00edguez"},"content":{"rendered":"<p>Este libro pone al d\u00eda a la literatura jur\u00eddica nacional y nos presenta una obra maciza, completa y actualizada sobre las distintas instituciones, teor\u00edas y conceptos involucrados en la responsabilidad contractual.<\/p>\n<p>El autor incorpora aspectos que suelen encontrarse solo en textos que desarrollan la teor\u00eda general del contrato, como la imprevisi\u00f3n, el abuso del derecho o los efectos de los contratos, y tambi\u00e9n analiza instituciones que tradicionalmente han sido abordadas solo en art\u00edculos especializados, como la declaraci\u00f3n unilateral de voluntad, la simulaci\u00f3n, el fraude a la ley, el deber del acreedor de mitigar los da\u00f1os, la interferencia en contrato ajeno, la acci\u00f3n pauliana y la acci\u00f3n subrogatoria, entre otros. Asimismo, el autor incursiona en teor\u00edas personales \u2013algunas de las cuales ya cuentan con reconocimiento jurisprudencial\u2013 como la noci\u00f3n misma de causa y su proyecci\u00f3n en aspectos como la realidad y licitud de la misma, la causa del pago, la adquisici\u00f3n de derechos sobre una cosa propia, la condici\u00f3n suspensiva meramente potestativa o la causa del derecho a retener un determinado incremento patrimonial y controvierte la proyecci\u00f3n y extensi\u00f3n de la causa a otras instituciones que usualmente se explican en funci\u00f3n de la misma. Finalmente, la obra examina de manera exhaustiva materias que com\u00fanmente se dejan fuera del \u00e1mbito del derecho civil, como son las medidas precautorias, el abuso de los accionistas, el caso especial de las declaraciones y garant\u00edas en un contrato de compraventa de acciones o de derechos sociales y la exclusi\u00f3n de socio.<\/p>\n<p>La Responsabilidad Contractual es una obra imprescindible para todos los profesionales que ejercen labores jur\u00eddicas (abogados y jueces), as\u00ed como para alumnos y profesores de Derecho.<\/p>\n","protected":false},"excerpt":{"rendered":"<p>Este libro pone al d\u00eda a la literatura jur\u00eddica nacional y nos presenta una obra maciza, completa y actualizada sobre las distintas instituciones, teor\u00edas y conceptos involucrados en la responsabilidad contractual. El autor incorpora aspectos que suelen encontrarse solo en textos que desarrollan la teor\u00eda general del contrato, como la imprevisi\u00f3n, el abuso del derecho o los efectos de los contratos, y tambi\u00e9n analiza instituciones que tradicionalmente han sido abordadas solo en art\u00edculos especializados, como la declaraci\u00f3n unilateral de voluntad, la simulaci\u00f3n, el fraude a la ley, el deber del acreedor de mitigar los da\u00f1os, la interferencia en contrato ajeno, la acci\u00f3n pauliana y la acci\u00f3n subrogatoria, entre otros. Asimismo, el autor incursiona en teor\u00edas personales \u2013algunas de las cuales ya cuentan con reconocimiento jurisprudencial\u2013 como la noci\u00f3n misma de causa y su proyecci\u00f3n en aspectos como la realidad y licitud de la misma, la causa del pago, la adquisici\u00f3n de derechos sobre una cosa propia, la condici\u00f3n suspensiva meramente potestativa o la causa del derecho a retener un determinado incremento patrimonial y controvierte la proyecci\u00f3n y extensi\u00f3n de la causa a otras instituciones que usualmente se explican en funci\u00f3n de la misma. Finalmente, la obra examina de manera exhaustiva materias que com\u00fanmente se dejan fuera del \u00e1mbito del derecho civil, como son las medidas precautorias, el abuso de los accionistas, el caso especial de las declaraciones y garant\u00edas en un contrato de compraventa de acciones o de derechos sociales y la exclusi\u00f3n de socio. La Responsabilidad Contractual es una obra imprescindible para todos los profesionales que ejercen labores jur\u00eddicas (abogados y jueces), as\u00ed como para alumnos y profesores de Derecho.<\/p>\n","protected":false},"featured_media":4151,"comment_status":"open","ping_status":"closed","template":"","meta":{"inline_featured_image":false,"_joinchat":[]},"product_brand":[],"product_cat":[27],"product_tag":[],"class_list":{"0":"post-4097","1":"product","2":"type-product","3":"status-publish","4":"has-post-thumbnail","6":"product_cat-civil","7":"product_shipping_class-a-convenir","9":"first","10":"instock","11":"shipping-taxable","12":"purchasable","13":"product-type-simple"},"_links":{"self":[{"href":"https:\/\/bibliotecajuridicavirtual.cl\/index.php\/wp-json\/wp\/v2\/product\/4097","targetHints":{"allow":["GET"]}}],"collection":[{"href":"https:\/\/bibliotecajuridicavirtual.cl\/index.php\/wp-json\/wp\/v2\/product"}],"about":[{"href":"https:\/\/bibliotecajuridicavirtual.cl\/index.php\/wp-json\/wp\/v2\/types\/product"}],"replies":[{"embeddable":true,"href":"https:\/\/bibliotecajuridicavirtual.cl\/index.php\/wp-json\/wp\/v2\/comments?post=4097"}],"wp:featuredmedia":[{"embeddable":true,"href":"https:\/\/bibliotecajuridicavirtual.cl\/index.php\/wp-json\/wp\/v2\/media\/4151"}],"wp:attachment":[{"href":"https:\/\/bibliotecajuridicavirtual.cl\/index.php\/wp-json\/wp\/v2\/media?parent=4097"}],"wp:term":[{"taxonomy":"product_brand","embeddable":true,"href":"https:\/\/bibliotecajuridicavirtual.cl\/index.php\/wp-json\/wp\/v2\/product_brand?post=4097"},{"taxonomy":"product_cat","embeddable":true,"href":"https:\/\/bibliotecajuridicavirtual.cl\/index.php\/wp-json\/wp\/v2\/product_cat?post=4097"},{"taxonomy":"product_tag","embeddable":true,"href":"https:\/\/bibliotecajuridicavirtual.cl\/index.php\/wp-json\/wp\/v2\/product_tag?post=4097"}],"curies":[{"name":"wp","href":"https:\/\/api.w.org\/{rel}","templated":true}]}}