{"id":4123,"date":"2026-02-28T01:23:17","date_gmt":"2026-02-28T04:23:17","guid":{"rendered":"https:\/\/bibliotecajuridicavirtual.cl\/?post_type=product&#038;p=4123"},"modified":"2026-02-28T01:23:24","modified_gmt":"2026-02-28T04:23:24","slug":"la-norma-general-anti-elusion-analisis-desde-la-perspectiva-del-derecho-privado-ano-2016-284-pag-autor-cristian-boetsch","status":"publish","type":"product","link":"https:\/\/bibliotecajuridicavirtual.cl\/index.php\/product\/la-norma-general-anti-elusion-analisis-desde-la-perspectiva-del-derecho-privado-ano-2016-284-pag-autor-cristian-boetsch\/","title":{"rendered":"LA NORMA GENERAL ANTI ELUSI\u00d3N. An\u00e1lisis desde la perspectiva del Derecho Privado. A\u00f1o 2016 \/ 284 P\u00e1g. Autor Cristi\u00e1n Boetsch"},"content":{"rendered":"<p>Para analizar adecuadamente un caso de elusi\u00f3n no basta con interpretar la ley tributaria presuntamente infringida, sino que tambi\u00e9n ser\u00e1 indispensable determinar debidamente la naturaleza jur\u00eddica del acto o contrato y establecer si concurren los presupuestos que la norma exige para que se configure una hip\u00f3tesis de abuso o de simulaci\u00f3n. En la presente obra se analizan detenidamente los diversos aspectos de Derecho Privado de la Norma General Anti Elusi\u00f3n. El autor presenta un actualizado an\u00e1lisis de la doctrina y jurisprudencia nacional y extranjera m\u00e1s relevante en esta materia, tanto anterior como posterior a la publicaci\u00f3n de la Ley de Reforma Tributaria.<\/p>\n<p>&nbsp;<\/p>\n","protected":false},"excerpt":{"rendered":"<p>Para analizar adecuadamente un caso de elusi\u00f3n no basta con interpretar la ley tributaria presuntamente infringida, sino que tambi\u00e9n ser\u00e1 indispensable determinar debidamente la naturaleza jur\u00eddica del acto o contrato y establecer si concurren los presupuestos que la norma exige para que se configure una hip\u00f3tesis de abuso o de simulaci\u00f3n. En la presente obra se analizan detenidamente los diversos aspectos de Derecho Privado de la Norma General Anti Elusi\u00f3n. El autor presenta un actualizado an\u00e1lisis de la doctrina y jurisprudencia nacional y extranjera m\u00e1s relevante en esta materia, tanto anterior como posterior a la publicaci\u00f3n de la Ley de Reforma Tributaria. &nbsp;<\/p>\n","protected":false},"featured_media":4153,"comment_status":"open","ping_status":"closed","template":"","meta":{"inline_featured_image":false,"_joinchat":[]},"product_brand":[],"product_cat":[28],"product_tag":[],"class_list":{"0":"post-4123","1":"product","2":"type-product","3":"status-publish","4":"has-post-thumbnail","6":"product_cat-tributario","7":"product_shipping_class-a-convenir","9":"first","10":"instock","11":"shipping-taxable","12":"purchasable","13":"product-type-simple"},"_links":{"self":[{"href":"https:\/\/bibliotecajuridicavirtual.cl\/index.php\/wp-json\/wp\/v2\/product\/4123","targetHints":{"allow":["GET"]}}],"collection":[{"href":"https:\/\/bibliotecajuridicavirtual.cl\/index.php\/wp-json\/wp\/v2\/product"}],"about":[{"href":"https:\/\/bibliotecajuridicavirtual.cl\/index.php\/wp-json\/wp\/v2\/types\/product"}],"replies":[{"embeddable":true,"href":"https:\/\/bibliotecajuridicavirtual.cl\/index.php\/wp-json\/wp\/v2\/comments?post=4123"}],"wp:featuredmedia":[{"embeddable":true,"href":"https:\/\/bibliotecajuridicavirtual.cl\/index.php\/wp-json\/wp\/v2\/media\/4153"}],"wp:attachment":[{"href":"https:\/\/bibliotecajuridicavirtual.cl\/index.php\/wp-json\/wp\/v2\/media?parent=4123"}],"wp:term":[{"taxonomy":"product_brand","embeddable":true,"href":"https:\/\/bibliotecajuridicavirtual.cl\/index.php\/wp-json\/wp\/v2\/product_brand?post=4123"},{"taxonomy":"product_cat","embeddable":true,"href":"https:\/\/bibliotecajuridicavirtual.cl\/index.php\/wp-json\/wp\/v2\/product_cat?post=4123"},{"taxonomy":"product_tag","embeddable":true,"href":"https:\/\/bibliotecajuridicavirtual.cl\/index.php\/wp-json\/wp\/v2\/product_tag?post=4123"}],"curies":[{"name":"wp","href":"https:\/\/api.w.org\/{rel}","templated":true}]}}