{"id":4131,"date":"2026-02-28T01:23:17","date_gmt":"2026-02-28T04:23:17","guid":{"rendered":"https:\/\/bibliotecajuridicavirtual.cl\/?post_type=product&#038;p=4131"},"modified":"2026-02-28T01:23:30","modified_gmt":"2026-02-28T04:23:30","slug":"innovacion-docente-y-nuevas-tecnologias-ano-2017-247-pag-actor-josefa-dolores-ruiz-resa","status":"publish","type":"product","link":"https:\/\/bibliotecajuridicavirtual.cl\/index.php\/product\/innovacion-docente-y-nuevas-tecnologias-ano-2017-247-pag-actor-josefa-dolores-ruiz-resa\/","title":{"rendered":"Innovaci\u00f3n docente y nuevas tecnolog\u00edas. A\u00f1o 2017\/ 247 P\u00e1g. Actor Josefa Dolores Ruiz Resa"},"content":{"rendered":"<p>Por qu\u00e9 y para qu\u00e9 las innovaciones en las metodolog\u00edas docentes y qu\u00e9 impacto tienen en los estudios jur\u00eddicos son las preguntas centrales de este trabajo. Y la respuesta avanzada es que tales innovaciones son exigencias derivadas de la institucionalizaci\u00f3n de una concepci\u00f3n del conocimiento como aprendizaje, es decir, una concepci\u00f3n din\u00e1mica y adaptativa del mismo para dar respuesta, mediante la articulaci\u00f3n de determinadas tecnolog\u00edas, sean f\u00edsicas o sociales, a las perturbaciones, conflictos y, en definitiva, problemas, que genera nuestro entorno. Los estudios jur\u00eddicos se ven, pues, concitados en estos cambios que llevan a las Facultades de Derecho hacia la producci\u00f3n de innovaciones que, sin embargo, no pueden quedar circunscritas s\u00f3lo a la fase de instrucci\u00f3n, pues no se agota en ella el significado que tiene actualmente el aprendizaje. Esta visi\u00f3n del conocimiento tiene tambi\u00e9n como consecuencia la justificaci\u00f3n de una nueva forma de tecnocracia, en la que siguen sin resolverse problemas de exclusi\u00f3n y pobreza; como si por alcanzar las condiciones de empleabilidad requeridas se fuera a tener ya ese empleo o tenerlo en condiciones decentes; como si \u00fanicamente la inversi\u00f3n en conocimiento innovador en tecnolog\u00edas garantizara la riqueza de las naciones y sociedades m\u00e1s democr\u00e1ticas y justas, con mejores juristas.<\/p>\n<p>&nbsp;<\/p>\n","protected":false},"excerpt":{"rendered":"<h5 style=\"text-align: center;\"><span style=\"color: #ff9900;\">( LIBRO ESPA\u00d1OL )<\/span><\/h5>\n","protected":false},"featured_media":4161,"comment_status":"open","ping_status":"closed","template":"","meta":{"inline_featured_image":false,"_joinchat":[]},"product_brand":[],"product_cat":[44],"product_tag":[],"class_list":{"0":"post-4131","1":"product","2":"type-product","3":"status-publish","4":"has-post-thumbnail","6":"product_cat-filosofia-del-derecho-y-introduccion","7":"product_shipping_class-a-convenir","9":"first","10":"instock","11":"shipping-taxable","12":"purchasable","13":"product-type-simple"},"_links":{"self":[{"href":"https:\/\/bibliotecajuridicavirtual.cl\/index.php\/wp-json\/wp\/v2\/product\/4131","targetHints":{"allow":["GET"]}}],"collection":[{"href":"https:\/\/bibliotecajuridicavirtual.cl\/index.php\/wp-json\/wp\/v2\/product"}],"about":[{"href":"https:\/\/bibliotecajuridicavirtual.cl\/index.php\/wp-json\/wp\/v2\/types\/product"}],"replies":[{"embeddable":true,"href":"https:\/\/bibliotecajuridicavirtual.cl\/index.php\/wp-json\/wp\/v2\/comments?post=4131"}],"wp:featuredmedia":[{"embeddable":true,"href":"https:\/\/bibliotecajuridicavirtual.cl\/index.php\/wp-json\/wp\/v2\/media\/4161"}],"wp:attachment":[{"href":"https:\/\/bibliotecajuridicavirtual.cl\/index.php\/wp-json\/wp\/v2\/media?parent=4131"}],"wp:term":[{"taxonomy":"product_brand","embeddable":true,"href":"https:\/\/bibliotecajuridicavirtual.cl\/index.php\/wp-json\/wp\/v2\/product_brand?post=4131"},{"taxonomy":"product_cat","embeddable":true,"href":"https:\/\/bibliotecajuridicavirtual.cl\/index.php\/wp-json\/wp\/v2\/product_cat?post=4131"},{"taxonomy":"product_tag","embeddable":true,"href":"https:\/\/bibliotecajuridicavirtual.cl\/index.php\/wp-json\/wp\/v2\/product_tag?post=4131"}],"curies":[{"name":"wp","href":"https:\/\/api.w.org\/{rel}","templated":true}]}}