{"id":4136,"date":"2026-02-28T01:23:17","date_gmt":"2026-02-28T04:23:17","guid":{"rendered":"https:\/\/bibliotecajuridicavirtual.cl\/?post_type=product&#038;p=4136"},"modified":"2026-02-28T01:23:33","modified_gmt":"2026-02-28T04:23:33","slug":"los-delitos-de-odio-ano-2018-152-pag-autor-jon-mirena-landa-gorostiza","status":"publish","type":"product","link":"https:\/\/bibliotecajuridicavirtual.cl\/index.php\/product\/los-delitos-de-odio-ano-2018-152-pag-autor-jon-mirena-landa-gorostiza\/","title":{"rendered":"Los Delitos de Odio. A\u00f1o 2018\/ 152 P\u00e1g. Autor Jon Mirena Landa Gorostiza"},"content":{"rendered":"<p>Es innegable que los delitos de odio han venido para quedarse. Esta realidad, antes ajena y desconocida para el gran p\u00fablico, ocupa, de un tiempo a esta parte, un espacio creciente en los mass media hasta el punto que bien puede dar la impresi\u00f3n que estamos rodeados de este nuevo tipo de criminalidad. Esta monograf\u00eda persigue aclarar en primer lugar qu\u00e9 son los delitos de odio y, en segundo lugar, ofrecer criterios para una correcta interpretaci\u00f3n de qu\u00e9 est\u00e1 prohibido y qu\u00e9 no conforme a la letra y el sentido de la ley. Para ello se estudian la jurisprudencia del Tribunal Europeo de Derechos Humanos y el modelo de regulaci\u00f3n en los Estados Unidos como matrices a partir de las cuales se ha desarrollado la normativa europea y espa\u00f1ola. Este libro ofrece un completo an\u00e1lisis de la nueva jurisprudencia tanto de los delitos de odio ?con palabras? (hate speech: art. 510 CP) como de los delitos de odio con hechos (hate crime: art. 22.4\u00ba CP) que no ha hecho sino comenzar a estrenarse despu\u00e9s de que entrara en vigor la LO 1\/2015. El estudio contiene m\u00faltiples alusiones y comentarios a los casos m\u00e1s recientes y pol\u00e9micos de la actualidad.<\/p>\n","protected":false},"excerpt":{"rendered":"<h5 style=\"text-align: center;\"><span style=\"color: #ff9900;\">( LIBRO ESPA\u00d1OL )\u00a0<\/span><\/h5>\n","protected":false},"featured_media":4166,"comment_status":"open","ping_status":"closed","template":"","meta":{"inline_featured_image":false,"_joinchat":[]},"product_brand":[],"product_cat":[30],"product_tag":[],"class_list":{"0":"post-4136","1":"product","2":"type-product","3":"status-publish","4":"has-post-thumbnail","6":"product_cat-penal","7":"product_shipping_class-a-convenir","9":"first","10":"instock","11":"shipping-taxable","12":"purchasable","13":"product-type-simple"},"_links":{"self":[{"href":"https:\/\/bibliotecajuridicavirtual.cl\/index.php\/wp-json\/wp\/v2\/product\/4136","targetHints":{"allow":["GET"]}}],"collection":[{"href":"https:\/\/bibliotecajuridicavirtual.cl\/index.php\/wp-json\/wp\/v2\/product"}],"about":[{"href":"https:\/\/bibliotecajuridicavirtual.cl\/index.php\/wp-json\/wp\/v2\/types\/product"}],"replies":[{"embeddable":true,"href":"https:\/\/bibliotecajuridicavirtual.cl\/index.php\/wp-json\/wp\/v2\/comments?post=4136"}],"wp:featuredmedia":[{"embeddable":true,"href":"https:\/\/bibliotecajuridicavirtual.cl\/index.php\/wp-json\/wp\/v2\/media\/4166"}],"wp:attachment":[{"href":"https:\/\/bibliotecajuridicavirtual.cl\/index.php\/wp-json\/wp\/v2\/media?parent=4136"}],"wp:term":[{"taxonomy":"product_brand","embeddable":true,"href":"https:\/\/bibliotecajuridicavirtual.cl\/index.php\/wp-json\/wp\/v2\/product_brand?post=4136"},{"taxonomy":"product_cat","embeddable":true,"href":"https:\/\/bibliotecajuridicavirtual.cl\/index.php\/wp-json\/wp\/v2\/product_cat?post=4136"},{"taxonomy":"product_tag","embeddable":true,"href":"https:\/\/bibliotecajuridicavirtual.cl\/index.php\/wp-json\/wp\/v2\/product_tag?post=4136"}],"curies":[{"name":"wp","href":"https:\/\/api.w.org\/{rel}","templated":true}]}}